{"id":2439,"date":"2018-10-22T16:16:27","date_gmt":"2018-10-22T19:16:27","guid":{"rendered":"https:\/\/wp.ufpel.edu.br\/ppgl\/?page_id=2439"},"modified":"2018-10-22T16:22:47","modified_gmt":"2018-10-22T19:22:47","slug":"doutorado","status":"publish","type":"page","link":"https:\/\/wp.ufpel.edu.br\/ppgl\/selecao\/doutorado\/","title":{"rendered":"Doutorado"},"content":{"rendered":"<p style=\"text-align: justify\">H\u00e1 duas modalidades de ingresso no PPG Letras UFPel, como aluno especial e como aluno regular do Programa.<\/p>\n<ul style=\"text-align: justify\">\n<li>Ingresso como aluno regular<\/li>\n<\/ul>\n<p style=\"text-align: justify\">Processo de sele\u00e7\u00e3o de candidatos interessados em ingressar no Programa como aluno regular do Curso.<\/p>\n<p style=\"text-align: justify\">Poder\u00e3o inscrever-se como candidatos, os Graduados em Letras ou \u00e1reas afins, que possuam Mestrado em Letras ou \u00e1reas afins, ficando a homologa\u00e7\u00e3o a crit\u00e9rio da Comiss\u00e3o de Sele\u00e7\u00e3o.<\/p>\n<p style=\"text-align: justify\">O Exame de Sele\u00e7\u00e3o ao Programa ser\u00e1 realizado em 3 fases, sob a responsabilidade da Comiss\u00e3o de Sele\u00e7\u00e3o.<\/p>\n<p><strong>Primeira fase<\/strong><\/p>\n<p style=\"text-align: justify\">A avalia\u00e7\u00e3o da vers\u00e3o escrita do projeto de tese a ser desenvolvido no Doutorado, devendo o candidato obter nota m\u00ednima de 7,0. A avalia\u00e7\u00e3o \u00e9 de car\u00e1ter eliminat\u00f3rio e ser\u00e1 realizada por uma banca espec\u00edfica com docentes do PPGL.<\/p>\n<p style=\"text-align: justify\">Na primeira fase, ser\u00e3o levados em considera\u00e7\u00e3o os seguintes crit\u00e9rios de avalia\u00e7\u00e3o: relev\u00e2ncia e viabilidade da pesquisa proposta (at\u00e9 3,0 pontos); revis\u00e3o da literatura (at\u00e9 2,0 pontos); objetivos e metodologia (at\u00e9 2,0 pontos); clareza das ideias apresentadas (at\u00e9 1,5 pontos); aspectos de corre\u00e7\u00e3o e adequa\u00e7\u00e3o da escrita (at\u00e9 1,5 pontos). O somat\u00f3rio final de todos os itens ser\u00e1 no m\u00e1ximo de 10 pontos.<\/p>\n<p><strong>Segunda fase<\/strong><\/p>\n<p style=\"text-align: justify\">Na segunda fase, a avalia\u00e7\u00e3o da defesa do projeto de tese a ser desenvolvido no Doutorado, perante uma banca do PPGL, devendo o candidato obter nota m\u00ednima de 7,0. A avalia\u00e7\u00e3o \u00e9 de car\u00e1ter eliminat\u00f3rio e ser\u00e1 realizada por uma banca espec\u00edfica com docentes do PPGL.<\/p>\n<p style=\"text-align: justify\">Na segunda fase, ser\u00e3o considerados os seguintes crit\u00e9rios de avalia\u00e7\u00e3o: relev\u00e2ncia e viabilidade da pesquisa proposta (at\u00e9 3,0 pontos); revis\u00e3o da literatura (at\u00e9 2,0 pontos); objetivos e metodologia (at\u00e9 2,0 pontos); clareza das ideias apresentadas (at\u00e9 1,5 pontos); aspectos de corre\u00e7\u00e3o e adequa\u00e7\u00e3o da escrita (at\u00e9 1,5 pontos). O somat\u00f3rio final de todos os itens ser\u00e1 no m\u00e1ximo de 10 pontos.<\/p>\n<p><strong>Terceira fase<\/strong><\/p>\n<p style=\"text-align: justify\">Na terceira fase, a avalia\u00e7\u00e3o do <em>Curriculum Vitae<\/em> comprovado, conforme crit\u00e9rios estabelecidos na\u00a0Tabela de Pontua\u00e7\u00e3o de <em>curriculum vitae<\/em> (<a href=\"https:\/\/wp.ufpel.edu.br\/ppgl\/files\/2018\/07\/Anexo_2_DOUTORADO.pdf\">Anexo 2<\/a>) e detalhados no Formul\u00e1rio de Comprova\u00e7\u00e3o de <em>curriculum vitae<\/em> (<a href=\"https:\/\/wp.ufpel.edu.br\/ppgl\/files\/2018\/07\/Anexo_1_DOUTORADO.pdf\">Anexo 1<\/a>). Esta etapa \u00e9 classificat\u00f3ria.<\/p>\n<p style=\"text-align: justify\">Na an\u00e1lise do <em>curriculum vitae<\/em>: para pontua\u00e7\u00e3o da an\u00e1lise curricular, ser\u00e3o utilizados os crit\u00e9rios\u00a0estabelecidos e detalhados no Anexo 1, que dever\u00e1 ser preenchido de acordo com o Anexo 2 e considerar\u00a0seguintes atividades:<\/p>\n<p style=\"text-align: justify\">I. graus e t\u00edtulos acad\u00eamicos;<br \/>\nII. produ\u00e7\u00e3o t\u00e9cnico-cient\u00edfica nos \u00faltimos cinco anos;<br \/>\nIII. atividades acad\u00eamicas e cient\u00edficas nos \u00faltimos cinco anos;<br \/>\nIV. experi\u00eancia profissional na \u00e1rea nos \u00faltimos cinco anos.<\/p>\n<p style=\"text-align: justify\">2. Para a classifica\u00e7\u00e3o:<br \/>\na) Avalia\u00e7\u00e3o do Projeto de tese \u2013 Peso 3,5<br \/>\nb) Avalia\u00e7\u00e3o da defesa do Projeto de tese \u2013 Peso 3,5<br \/>\nc) An\u00e1lise do curriculum vitae \u2013 Peso 3,0<br \/>\nd) A nota final que ser\u00e1 a resultante da soma: [(Peso 3,5) Projeto de tese + (Peso 3,5) defesa do Projeto de<br \/>\ntese + (Peso 3,0) an\u00e1lise do curriculum]<\/p>\n<p style=\"text-align: justify\">O n\u00famero de vagas \u00e9 divulgado pelo Programa no lan\u00e7amento de cada edital de sele\u00e7\u00e3o, sendo vinte e cinco por cento (25%) das vagas reservadas para pessoas negras, quilombolas, ind\u00edgenas ou com defici\u00eancia<\/p>\n<p style=\"text-align: justify\">N\u00e3o ser\u00e1 exigido, no momento da inscri\u00e7\u00e3o, aprova\u00e7\u00e3o em teste de profici\u00eancia em l\u00ednguas, a qual poder\u00e1 ser apresentada no transcorrer do primeiro ano de ingresso no Programa. O doutorando deve comprovar profici\u00eancia em uma l\u00edngua estrangeira diferente daquela apresentada quando da titula\u00e7\u00e3o de Mestre. Ser\u00e3o<br \/>\naceitos comprovantes de aprova\u00e7\u00e3o em teste de compet\u00eancia em leitura em l\u00edngua estrangeira (alem\u00e3o, espanhol, franc\u00eas ou ingl\u00eas) emitido ou reconhecido pelo Centro de Letras e Comunica\u00e7\u00e3o da UFPEL (reconhecem-se certifica\u00e7\u00f5es internacionais ou aquelas emitidas por outras IES).<\/p>\n<ul style=\"text-align: justify\">\n<li>Ingresso como aluno especial<\/li>\n<\/ul>\n<p style=\"text-align: justify\">Processo de sele\u00e7\u00e3o de candidatos interessados em cursar disciplinas optativas como aluno em regime especial.<\/p>\n<p style=\"text-align: justify\">Poder\u00e3o inscrever-se como candidatos os Graduados em Letras ou \u00e1reas afins,\u00a0que possuam Mestrado em Letras ou \u00e1reas afins, ficando a homologa\u00e7\u00e3o a crit\u00e9rio da Coordena\u00e7\u00e3o do Programa.<\/p>\n","protected":false},"excerpt":{"rendered":"<p>H\u00e1 duas modalidades de ingresso no PPG Letras UFPel, como aluno especial e como aluno regular do Programa. Ingresso como aluno regular Processo de sele\u00e7\u00e3o de candidatos interessados em ingressar no Programa como aluno regular do Curso. Poder\u00e3o inscrever-se como candidatos, os Graduados em Letras ou \u00e1reas afins, que possuam Mestrado em Letras ou \u00e1reas [&hellip;]<\/p>\n","protected":false},"author":253,"featured_media":0,"parent":1025,"menu_order":1,"comment_status":"closed","ping_status":"closed","template":"","meta":{"jetpack_post_was_ever_published":false,"footnotes":""},"class_list":["post-2439","page","type-page","status-publish","hentry"],"jetpack_sharing_enabled":true,"jetpack_shortlink":"https:\/\/wp.me\/P8vD3Q-Dl","_links":{"self":[{"href":"https:\/\/wp.ufpel.edu.br\/ppgl\/wp-json\/wp\/v2\/pages\/2439","targetHints":{"allow":["GET"]}}],"collection":[{"href":"https:\/\/wp.ufpel.edu.br\/ppgl\/wp-json\/wp\/v2\/pages"}],"about":[{"href":"https:\/\/wp.ufpel.edu.br\/ppgl\/wp-json\/wp\/v2\/types\/page"}],"author":[{"embeddable":true,"href":"https:\/\/wp.ufpel.edu.br\/ppgl\/wp-json\/wp\/v2\/users\/253"}],"replies":[{"embeddable":true,"href":"https:\/\/wp.ufpel.edu.br\/ppgl\/wp-json\/wp\/v2\/comments?post=2439"}],"version-history":[{"count":2,"href":"https:\/\/wp.ufpel.edu.br\/ppgl\/wp-json\/wp\/v2\/pages\/2439\/revisions"}],"predecessor-version":[{"id":2442,"href":"https:\/\/wp.ufpel.edu.br\/ppgl\/wp-json\/wp\/v2\/pages\/2439\/revisions\/2442"}],"up":[{"embeddable":true,"href":"https:\/\/wp.ufpel.edu.br\/ppgl\/wp-json\/wp\/v2\/pages\/1025"}],"wp:attachment":[{"href":"https:\/\/wp.ufpel.edu.br\/ppgl\/wp-json\/wp\/v2\/media?parent=2439"}],"curies":[{"name":"wp","href":"https:\/\/api.w.org\/{rel}","templated":true}]}}