{"id":2433,"date":"2018-10-22T16:17:02","date_gmt":"2018-10-22T19:17:02","guid":{"rendered":"https:\/\/wp.ufpel.edu.br\/ppgl\/?page_id=2433"},"modified":"2018-10-22T16:17:02","modified_gmt":"2018-10-22T19:17:02","slug":"mestrado","status":"publish","type":"page","link":"https:\/\/wp.ufpel.edu.br\/ppgl\/selecao\/mestrado\/","title":{"rendered":"Mestrado"},"content":{"rendered":"<p style=\"text-align: justify\">H\u00e1 duas modalidades de ingresso no PPG Letras UFPel, como aluno especial e como aluno regular do Programa.<\/p>\n<ul style=\"text-align: justify\">\n<li>Ingresso como aluno regular<\/li>\n<\/ul>\n<p style=\"text-align: justify\">Processo de sele\u00e7\u00e3o de candidatos interessados em ingressar no Programa como aluno regular do Curso.<\/p>\n<p style=\"text-align: justify\">Poder\u00e3o inscrever-se como candidatos, graduados em Letras ou \u00e1reas afins, ficando a homologa\u00e7\u00e3o a crit\u00e9rio da Comiss\u00e3o de Sele\u00e7\u00e3o.<\/p>\n<p style=\"text-align: justify\">O Exame de Sele\u00e7\u00e3o ao Programa ser\u00e1 realizado em 2 fases, sob a responsabilidade da Comiss\u00e3o de Sele\u00e7\u00e3o.<\/p>\n<p style=\"text-align: justify\"><u>Primeira fase<\/u><\/p>\n<p style=\"text-align: justify\">Realiza\u00e7\u00e3o de uma prova escrita, de car\u00e1ter eliminat\u00f3rio, devendo o candidato obter nota m\u00ednima\u00a0<u>&gt;<\/u>\u00a07,0. \u00a0A prova escrita de cada linha de pesquisa versar\u00e1 sobre as tem\u00e1ticas presentes em bibliografia anualmente indicada pelo Curso.<\/p>\n<p style=\"text-align: justify\">A prova escrita ser\u00e1 traduzida em LIBRAS, pelo candidato surdo, imediatamente ap\u00f3s sua entrega \u00e0 Comiss\u00e3o de Sele\u00e7\u00e3o. A leitura, realizada em sala espec\u00edfica do Programa de P\u00f3s-Gradua\u00e7\u00e3o em Letras, ser\u00e1 registrada por meio de \u00e1udio e v\u00eddeo. Haver\u00e1 a presen\u00e7a de int\u00e9rprete de LIBRAS durante a realiza\u00e7\u00e3o da prova escrita e da leitura da prova em LIBRAS.<\/p>\n<p style=\"text-align: justify\">Para a pontua\u00e7\u00e3o da prova escrita, ser\u00e3o considerados: desenvolvimento do conte\u00fado proposto na quest\u00e3o (at\u00e9\u00a0<strong>2,0<\/strong>\u00a0pontos por quest\u00e3o); clareza das ideias apresentadas em rela\u00e7\u00e3o ao conte\u00fado da quest\u00e3o (at\u00e9\u00a0<strong>2,0\u00a0<\/strong>pontos por quest\u00e3o); qualidade do texto quanto aos aspectos de corre\u00e7\u00e3o e adequa\u00e7\u00e3o da escrita (at\u00e9\u00a0<strong>2,0\u00a0<\/strong>pontos por quest\u00e3o); evid\u00eancia de capacidade de an\u00e1lise cr\u00edtica e reflexiva em rela\u00e7\u00e3o ao conte\u00fado da quest\u00e3o (at\u00e9\u00a0<strong>2,0<\/strong>\u00a0pontos por quest\u00e3o); utiliza\u00e7\u00e3o adequada da bibliografia indicada e apresenta\u00e7\u00e3o de outros t\u00edtulos e\/ou autores al\u00e9m dos indicados (at\u00e9\u00a0<strong>2,0<\/strong>\u00a0pontos por quest\u00e3o). O somat\u00f3rio final de todos os itens ser\u00e1 no m\u00e1ximo de\u00a0<strong>10<\/strong>. A nota da prova, at\u00e9\u00a0<strong>10<\/strong>, resulta da m\u00e9dia das quest\u00f5es.<\/p>\n<p style=\"text-align: justify\"><u>Segunda fase<\/u><\/p>\n<p style=\"text-align: justify\">Avalia\u00e7\u00e3o do\u00a0<em>curriculum vitae<\/em>\u00a0comprovado, conforme crit\u00e9rios estabelecidos na Tabela de Pontua\u00e7\u00e3o de\u00a0<em>curriculum vitae<\/em>\u00a0(<a href=\"https:\/\/wp.ufpel.edu.br\/ppgl\/files\/2018\/07\/ANEXO_2_MESTRADO.pdf\">Anexo 2<\/a>) e detalhados no Formul\u00e1rio de Comprova\u00e7\u00e3o de\u00a0<em>curriculum vitae<\/em>\u00a0(<a href=\"https:\/\/wp.ufpel.edu.br\/ppgl\/files\/2018\/07\/ANEXO_1_MESTRADO.pdf\">Anexo 1<\/a>). Esta etapa \u00e9 classificat\u00f3ria.<\/p>\n<p style=\"text-align: justify\">Para pontua\u00e7\u00e3o da an\u00e1lise curricular, ser\u00e3o consideradas as seguintes atividades:<\/p>\n<ol style=\"text-align: justify\">\n<li>Graus e t\u00edtulos acad\u00eamicos;<\/li>\n<li>Produ\u00e7\u00e3o t\u00e9cnico-cient\u00edfica nos \u00faltimos seis anos;<\/li>\n<li>Atividades acad\u00eamicas e cient\u00edficas nos \u00faltimos seis anos;<\/li>\n<li>Experi\u00eancia profissional na \u00e1rea nos \u00faltimos seis anos.<\/li>\n<\/ol>\n<p>&nbsp;<\/p>\n<p style=\"text-align: justify\">Para a classifica\u00e7\u00e3o no processo seletivo<strong>:<\/strong>\u00a0prova escrita \u2013 peso 7; an\u00e1lise de\u00a0<em>curriculum vitae<\/em>\u00a0\u2013 peso 3. A nota final ser\u00e1 a resultante da m\u00e9dia: [(Peso 7) Prova Escrita + (Peso 3)\u00a0<em>curriculum<\/em>]<\/p>\n<p style=\"text-align: justify\">O n\u00famero de vagas \u00e9 divulgado pelo Programa no lan\u00e7amento de cada edital de sele\u00e7\u00e3o, sendo vinte e cinco por cento (25%) das vagas reservadas para pessoas negras, quilombolas, ind\u00edgenas ou com defici\u00eancia<\/p>\n<p style=\"text-align: justify\">N\u00e3o ser\u00e1 exigido, no momento da inscri\u00e7\u00e3o, aprova\u00e7\u00e3o em teste de profici\u00eancia em l\u00ednguas, a qual poder\u00e1 ser apresentada no transcorrer do ano de ingresso no Programa. Ser\u00e3o aceitos comprovante de aprova\u00e7\u00e3o em teste de compet\u00eancia em leitura em l\u00edngua estrangeira (alem\u00e3o, espanhol, franc\u00eas ou ingl\u00eas) emitido ou reconhecido pelo Centro de Letras e Comunica\u00e7\u00e3o da UFPEL (reconhecem-se certifica\u00e7\u00f5es internacionais ou aquelas emitidas por outras IES).<\/p>\n<p style=\"text-align: justify\">Para os licenciados em Letras Alem\u00e3o, Espanhol, Franc\u00eas ou Ingl\u00eas e para os candidatos surdos, com LIBRAS como l\u00edngua materna e que tenham Gradua\u00e7\u00e3o realizada no Brasil, n\u00e3o ser\u00e1 necess\u00e1ria a comprova\u00e7\u00e3o de aprova\u00e7\u00e3o em teste de profici\u00eancia em l\u00ednguas.<\/p>\n<p>&nbsp;<\/p>\n<ul style=\"text-align: justify\">\n<li>Ingresso como aluno especial<\/li>\n<\/ul>\n<p style=\"text-align: justify\">Processo de sele\u00e7\u00e3o de candidatos interessados em cursar disciplinas optativas como aluno em regime especial.<\/p>\n<p style=\"text-align: justify\">Poder\u00e3o inscrever-se como candidatos os Graduados em Letras ou \u00e1reas afins, ficando a homologa\u00e7\u00e3o a crit\u00e9rio da Coordena\u00e7\u00e3o do Programa.<\/p>\n","protected":false},"excerpt":{"rendered":"<p>H\u00e1 duas modalidades de ingresso no PPG Letras UFPel, como aluno especial e como aluno regular do Programa. Ingresso como aluno regular Processo de sele\u00e7\u00e3o de candidatos interessados em ingressar no Programa como aluno regular do Curso. Poder\u00e3o inscrever-se como candidatos, graduados em Letras ou \u00e1reas afins, ficando a homologa\u00e7\u00e3o a crit\u00e9rio da Comiss\u00e3o de [&hellip;]<\/p>\n","protected":false},"author":253,"featured_media":0,"parent":1025,"menu_order":0,"comment_status":"closed","ping_status":"closed","template":"","meta":{"jetpack_post_was_ever_published":false,"footnotes":""},"class_list":["post-2433","page","type-page","status-publish","hentry"],"jetpack_sharing_enabled":true,"jetpack_shortlink":"https:\/\/wp.me\/P8vD3Q-Df","_links":{"self":[{"href":"https:\/\/wp.ufpel.edu.br\/ppgl\/wp-json\/wp\/v2\/pages\/2433","targetHints":{"allow":["GET"]}}],"collection":[{"href":"https:\/\/wp.ufpel.edu.br\/ppgl\/wp-json\/wp\/v2\/pages"}],"about":[{"href":"https:\/\/wp.ufpel.edu.br\/ppgl\/wp-json\/wp\/v2\/types\/page"}],"author":[{"embeddable":true,"href":"https:\/\/wp.ufpel.edu.br\/ppgl\/wp-json\/wp\/v2\/users\/253"}],"replies":[{"embeddable":true,"href":"https:\/\/wp.ufpel.edu.br\/ppgl\/wp-json\/wp\/v2\/comments?post=2433"}],"version-history":[{"count":4,"href":"https:\/\/wp.ufpel.edu.br\/ppgl\/wp-json\/wp\/v2\/pages\/2433\/revisions"}],"predecessor-version":[{"id":2438,"href":"https:\/\/wp.ufpel.edu.br\/ppgl\/wp-json\/wp\/v2\/pages\/2433\/revisions\/2438"}],"up":[{"embeddable":true,"href":"https:\/\/wp.ufpel.edu.br\/ppgl\/wp-json\/wp\/v2\/pages\/1025"}],"wp:attachment":[{"href":"https:\/\/wp.ufpel.edu.br\/ppgl\/wp-json\/wp\/v2\/media?parent=2433"}],"curies":[{"name":"wp","href":"https:\/\/api.w.org\/{rel}","templated":true}]}}