{"id":2380,"date":"2018-10-06T11:48:27","date_gmt":"2018-10-06T14:48:27","guid":{"rendered":"https:\/\/wp.ufpel.edu.br\/ppgl\/?page_id=2380"},"modified":"2025-07-25T10:38:46","modified_gmt":"2025-07-25T13:38:46","slug":"texto-discurso-e-relacoes-sociais","status":"publish","type":"page","link":"https:\/\/wp.ufpel.edu.br\/ppgl\/docentes\/texto-discurso-e-relacoes-sociais\/","title":{"rendered":"Texto, discurso e rela\u00e7\u00f5es sociais"},"content":{"rendered":"<p><a href=\"mailto:adail.sobral@gmail.com\"><strong>Adail Ubirajara Sobral<\/strong><\/a><br \/>\n\u00c1reas de Interesse:<br \/>\nProjeto em andamento:<\/p>\n<p><a href=\"http:\/\/lattes.cnpq.br\/0397923948069690\">CV Lattes<\/a><br \/>\nBolsista de Produtividade em Pesquisa (CNPq)<\/p>\n<p>&nbsp;<\/p>\n<p><strong><a href=\"mailto:aracyep@gmail.com\">Aracy Gra\u00e7a Ernst<\/a><br \/>\n<\/strong><strong>\u00c1reas de interesse<\/strong>: \u00a0discurso proverbial, reescrituras de contos de fadas, corpo e subjetividade, ideologia e ensino, pol\u00edtica e ideologia, pol\u00edtica e m\u00eddias.<br \/>\n<strong>Projeto em andamento<\/strong>: Produ\u00e7\u00e3o da leitura em diferentes materialidades.<\/p>\n<p><a href=\"http:\/\/lattes.cnpq.br\/0111697525286894\">CV Lattes<\/a><\/p>\n<p>&nbsp;<\/p>\n<p><a href=\"mailto:daiane_neumann@hotmail.com\"><strong>Daiane Neumann<\/strong><\/a><br \/>\n<b>\u00c1reas de interesse<\/b>: A po\u00e9tica de H. Meschonnic; a obra\u202fde \u00c9. Benveniste; a lingu\u00edstica saussuriana; \u202fa\u202frela\u00e7\u00e3o entre l\u00edngua e literatura; o ritmo e a voz em textos liter\u00e1rios; tradu\u00e7\u00e3o.<br \/>\n<b>Projetos em andamento<\/b>: <a href=\"https:\/\/institucional.ufpel.edu.br\/projetos\/id\/u2409\">\u00c9mile Benveniste e a abertura para uma antropologia hist\u00f3rica da linguagem<\/a>; <a href=\"https:\/\/institucional.ufpel.edu.br\/projetos\/id\/u5890\">Po\u00e9tica da voz: quest\u00f5es de tradu\u00e7\u00e3o<\/a> e <a href=\"https:\/\/institucional.ufpel.edu.br\/projetos\/id\/u5864\">Retorno a Saussure: releituras<\/a>.<\/p>\n<p><a href=\"http:\/\/lattes.cnpq.br\/9399552968699184\">CV Lattes<\/a><\/p>\n<p>&nbsp;<\/p>\n<p><strong><a href=\"mailto:karina.giacomelli@gmail.com\">Karina Giacomelli<\/a><br \/>\n<\/strong><strong>\u00c1reas de interesse<\/strong>: enuncia\u00e7\u00e3o, discurso, ensino, livro did\u00e1tico e PIBID<br \/>\n<strong>Projetos em andamento<\/strong>: <a href=\"https:\/\/institucional.ufpel.edu.br\/projetos\/id\/u5890\">Po\u00e9tica da voz: quest\u00f5es de tradu\u00e7\u00e3o<\/a>, <a href=\"https:\/\/institucional.ufpel.edu.br\/projetos\/id\/u5890\">Po\u00e9tica da voz: quest\u00f5es de tradu\u00e7\u00e3o<\/a> e <a href=\"https:\/\/institucional.ufpel.edu.br\/projetos\/id\/u2409\">\u00c9mile Benveniste e a abertura para uma antropologia hist\u00f3rica da linguagem<\/a><\/p>\n<p><a href=\"http:\/\/lattes.cnpq.br\/0288454660583513\">CV Lattes<\/a><\/p>\n<p>&nbsp;<\/p>\n<p><a href=\"mailto:jaelufpel@gmail.com\"><strong>Jael S\u00e2nera Sigales Gon\u00e7alves<\/strong><\/a><br \/>\n<strong>\u00c1reas de interesse:<\/strong><br \/>\n<strong>Projeto em andamento:<\/strong> <a href=\"https:\/\/institucional.ufpel.edu.br\/projetos\/id\/u7411\">An\u00e1lise do discurso jur\u00eddico sobre direitos lingu\u00edsticos e deveres lingu\u00edsticos na Am\u00e9rica Latina: quest\u00f5es te\u00f3ricas e pol\u00edticas em m\u00faltiplas tem\u00e1ticas e sujeitos em um Observat\u00f3rio de Direito Lingu\u00edstico<\/a><\/p>\n<p><a href=\"http:\/\/lattes.cnpq.br\/4723033787619181\">CV Lattes<\/a><\/p>\n<p>&nbsp;<\/p>\n<p><strong><a href=\"mailto:lucianavinhas@gmail.com\">Luciana Iost Vinhas<\/a><br \/>\n<\/strong><b>\u00c1reas de interesse<\/b>: O discurso pela perspectiva da AD p\u00eacheuxtiana nas seguintes rela\u00e7\u00f5es: corpo, g\u00eanero, ra\u00e7a e processos de subjetiva\u00e7\u00e3o; testemunho e escrita de c\u00e1rcere; ordin\u00e1rio do sentido e resist\u00eancia em diferentes materialidades significantes; discurso e ensino<br \/>\n<b>Projetos em andamento<\/b>: Arquivos da penit\u00eancia: l\u00edngua, literatura e testemunho na escrita de c\u00e1rcere.<br \/>\n<strong>Grupo de pesquisa: <\/strong><a href=\"https:\/\/www.instagram.com\/ousardiscurso\/\">Ordin\u00e1rio do Sentido e Resist\u00eancia (OuSaR)<\/a><\/p>\n<p><a href=\"http:\/\/lattes.cnpq.br\/2001548222755825\">CV Lattes<\/a><\/p>\n<p>&nbsp;<\/p>\n<p><strong><a href=\"mailto:raquelrecuero@gmail.com\">Raquel da Cunha Recuero<\/a><br \/>\n<\/strong><b>\u00c1reas de interesse<\/b>: Comunica\u00e7\u00e3o e Lingu\u00edstica Aplicada, redes sociais na Internet, discurso mediado pelo computador e difus\u00e3o de informa\u00e7\u00f5es na Internet<br \/>\n<b>Projeto em andamento<\/b>: <a href=\"https:\/\/institucional.ufpel.edu.br\/projetos\/id\/u2854\">INFODEMIAS DESINFORMATIVAS Como combater o fen\u00f4meno das epidemias de desinforma\u00e7\u00e3o sobre o COVID-19 nas redes sociais?<\/a> e <a href=\"https:\/\/institucional.ufpel.edu.br\/projetos\/id\/u7638\">O Discurso Desinformativo em m\u00eddia social e sa\u00fade p\u00fablica: Efeitos na hesita\u00e7\u00e3o da vacina\u00e7\u00e3o infantil<\/a><\/p>\n<p><a href=\"http:\/\/lattes.cnpq.br\/7230106202961229\">CV Lattes<\/a><br \/>\nBolsista de Produtividade em Pesquisa (CNPq)<\/p>\n","protected":false},"excerpt":{"rendered":"<p>Adail Ubirajara Sobral \u00c1reas de Interesse: Projeto em andamento: CV Lattes Bolsista de Produtividade em Pesquisa (CNPq) &nbsp; Aracy Gra\u00e7a Ernst \u00c1reas de interesse: \u00a0discurso proverbial, reescrituras de contos de fadas, corpo e subjetividade, ideologia e ensino, pol\u00edtica e ideologia, pol\u00edtica e m\u00eddias. Projeto em andamento: Produ\u00e7\u00e3o da leitura em diferentes materialidades. CV Lattes &nbsp; [&hellip;]<\/p>\n","protected":false},"author":253,"featured_media":0,"parent":68,"menu_order":3,"comment_status":"closed","ping_status":"closed","template":"","meta":{"jetpack_post_was_ever_published":false,"footnotes":""},"class_list":["post-2380","page","type-page","status-publish","hentry"],"jetpack_sharing_enabled":true,"jetpack_shortlink":"https:\/\/wp.me\/P8vD3Q-Co","_links":{"self":[{"href":"https:\/\/wp.ufpel.edu.br\/ppgl\/wp-json\/wp\/v2\/pages\/2380","targetHints":{"allow":["GET"]}}],"collection":[{"href":"https:\/\/wp.ufpel.edu.br\/ppgl\/wp-json\/wp\/v2\/pages"}],"about":[{"href":"https:\/\/wp.ufpel.edu.br\/ppgl\/wp-json\/wp\/v2\/types\/page"}],"author":[{"embeddable":true,"href":"https:\/\/wp.ufpel.edu.br\/ppgl\/wp-json\/wp\/v2\/users\/253"}],"replies":[{"embeddable":true,"href":"https:\/\/wp.ufpel.edu.br\/ppgl\/wp-json\/wp\/v2\/comments?post=2380"}],"version-history":[{"count":9,"href":"https:\/\/wp.ufpel.edu.br\/ppgl\/wp-json\/wp\/v2\/pages\/2380\/revisions"}],"predecessor-version":[{"id":7762,"href":"https:\/\/wp.ufpel.edu.br\/ppgl\/wp-json\/wp\/v2\/pages\/2380\/revisions\/7762"}],"up":[{"embeddable":true,"href":"https:\/\/wp.ufpel.edu.br\/ppgl\/wp-json\/wp\/v2\/pages\/68"}],"wp:attachment":[{"href":"https:\/\/wp.ufpel.edu.br\/ppgl\/wp-json\/wp\/v2\/media?parent=2380"}],"curies":[{"name":"wp","href":"https:\/\/api.w.org\/{rel}","templated":true}]}}