{"id":2375,"date":"2018-10-06T11:38:38","date_gmt":"2018-10-06T14:38:38","guid":{"rendered":"https:\/\/wp.ufpel.edu.br\/ppgl\/?page_id=2375"},"modified":"2018-10-22T09:12:27","modified_gmt":"2018-10-22T12:12:27","slug":"doutorado","status":"publish","type":"page","link":"https:\/\/wp.ufpel.edu.br\/ppgl\/disciplinas\/doutorado\/","title":{"rendered":"Doutorado"},"content":{"rendered":"<p style=\"text-align: justify\">O Curso de <strong>Doutorado em Letras da UFPel<\/strong> est\u00e1 organizado como conjunto integrado de disciplinas, de modo a propiciar ao aluno o aprimoramento da forma\u00e7\u00e3o j\u00e1 adquirida e a permitir-lhe o desenvolvimento de estudos e pesquisas que possibilitem qualificada atua\u00e7\u00e3o profissional na \u00e1rea de Letras, de acordo com as \u00e1reas de concentra\u00e7\u00e3o e linhas de pesquisa.<\/p>\n<p style=\"text-align: justify\"><strong>A estrutura curricular<\/strong> do Curso prev\u00ea uma carga hor\u00e1ria m\u00ednima de 56 cr\u00e9ditos, sendo quarenta (40) de cr\u00e9ditos em disciplinas e dezesseis (16) de cr\u00e9ditos em Tese distribu\u00eddos da seguinte forma:<\/p>\n<p style=\"text-align: justify\"><strong>I<\/strong> &#8211; disciplinas obrigat\u00f3rias, totalizando oito (08) cr\u00e9ditos;<\/p>\n<p style=\"text-align: justify\"><strong>II<\/strong> &#8211; disciplinas optativas e\/ou T\u00f3picos Especiais, totalizando trinta e dois (32)<\/p>\n<p style=\"text-align: justify\">cr\u00e9ditos;<\/p>\n<p style=\"text-align: justify\"><strong>III <\/strong>\u2013 orienta\u00e7\u00e3o de tese em disciplina de quatro (04) cr\u00e9ditos.<\/p>\n<p style=\"text-align: justify\"><strong>\u00a0<\/strong><\/p>\n<p style=\"text-align: justify\"><strong>Prazo de defesa de tese: 48 meses (podendo chegar a 60 meses em casos excepcionais)<\/strong><\/p>\n<p style=\"text-align: justify\"><strong>\u00a0<\/strong><\/p>\n<p style=\"text-align: justify\"><strong>Disciplinas obrigat\u00f3rias<\/strong> s\u00e3o aquelas que representam o suporte formal e intelectivo indispens\u00e1vel ao desenvolvimento do Curso, constituindo-se como cr\u00e9ditos de disciplinas b\u00e1sicas do tronco comum para o Doutorado, consideradas as \u00e1reas de concentra\u00e7\u00e3o<em>. <\/em><\/p>\n<p style=\"text-align: justify\"><strong>Disciplinas optativas<\/strong> s\u00e3o aquelas que visam \u00e0 forma\u00e7\u00e3o do aluno nas diferentes linhas de pesquisa do Curso. Os t\u00f3picos especiais configuram-se como disciplinas optativas de oferta n\u00e3o regular que abordem temas espec\u00edficos relacionados \u00e0s \u00e1reas de concentra\u00e7\u00e3o do Curso.<\/p>\n<p style=\"text-align: justify\"><strong>A matr\u00edcula em orienta\u00e7\u00e3o<\/strong> integrar\u00e1 o conjunto de cr\u00e9ditos necess\u00e1rios \u00e0 conclus\u00e3o do curso.<\/p>\n<p>&nbsp;<\/p>\n<p style=\"text-align: justify\"><strong>DISCIPLINAS <\/strong><\/p>\n<p style=\"text-align: justify\"><strong>\u00a0<\/strong><strong>Linha &#8211;\u00a0<em>Aquisi\u00e7\u00e3o, varia\u00e7\u00e3o e ensino<\/em> <\/strong><\/p>\n<p style=\"text-align: justify\">Aquisi\u00e7\u00e3o e Varia\u00e7\u00e3o da Linguagem (4h)<\/p>\n<p style=\"text-align: justify\">T\u00f3picos Especiais em Ferramentas para Tratamento de Dados Lingu\u00edsticos (4h)<\/p>\n<p style=\"text-align: justify\">T\u00f3picos Especiais em Linguagem, Texto e Ensino (4h)<\/p>\n<p style=\"text-align: justify\">T\u00f3picos Especiais em L\u00ednguas em Contato (4h)<\/p>\n<p style=\"text-align: justify\">T\u00f3picos Especiais em Modelos de An\u00e1lise Fonol\u00f3gica (4h)<\/p>\n<p style=\"text-align: justify\">T\u00f3picos Especiais em Modelos Emergentistas em Aquisi\u00e7\u00e3o da Linguagem (4h)<\/p>\n<p style=\"text-align: justify\">T\u00f3picos Especiais em Novas Perspectivas na Aprendizagem de L\u00ednguas (4h)<\/p>\n<p style=\"text-align: justify\">T\u00f3picos Especiais em Metodologias Experimentais: a Ultrassonografia (4h)<\/p>\n<p style=\"text-align: justify\">T\u00f3picos Especiais em Teoria Fonol\u00f3gica: Aquisi\u00e7\u00e3o e Varia\u00e7\u00e3o (4h)<\/p>\n<p style=\"text-align: justify\">T\u00f3picos Especiais em Linguagem e Educa\u00e7\u00e3o (4h)<\/p>\n<p style=\"text-align: justify\">T\u00f3picos Especiais em Aprendizagem de L\u00ednguas e Complexidade (4h)<\/p>\n<p style=\"text-align: justify\">T\u00f3picos Especiais em Lingu\u00edstica Aplicada (4h)<\/p>\n<p style=\"text-align: justify\">T\u00f3picos Especiais em Multimodalidade e Ensino de L\u00ednguas \u2013 (2h)<\/p>\n<p style=\"text-align: justify\">T\u00f3picos Especiais em Metodologia Quantitativa de An\u00e1lise de Dados \u2013 (4h)<\/p>\n<p style=\"text-align: justify\">T\u00f3picos Especiais em Fon\u00e9tica Ac\u00fastica \u2013 (4h)<\/p>\n<p style=\"text-align: justify\">T\u00f3picos Especiais em Letramento e Leitura \u2013 (4h)<\/p>\n<p style=\"text-align: justify\">T\u00f3picos Especiais em Fonologia e Aquisi\u00e7\u00e3o de L\u00ednguas \u2013 (4h)<\/p>\n<p style=\"text-align: justify\">T\u00f3picos Especiais em Fonologia \u2013 Modelos n\u00e3o-lineares \u2013 (4h)<\/p>\n<p style=\"text-align: justify\">T\u00f3picos Especiais em Estudos sobre Aquisi\u00e7\u00e3o da Linguagem \u2013 (4h)<\/p>\n<p style=\"text-align: justify\">T\u00f3picos Especiais em Fonologia \u2013 Fonologia Articulat\u00f3ria \u2013 (4h)<\/p>\n<p>&nbsp;<\/p>\n<p style=\"text-align: justify\"><strong>\u00a0<\/strong><strong>Linha &#8211; <em>Texto, discurso e rela\u00e7\u00f5es sociais<\/em><\/strong><\/p>\n<p style=\"text-align: justify\">Texto e Discurso (4h)<\/p>\n<p style=\"text-align: justify\">T\u00f3picos Especiais em Linguagem e Intera\u00e7\u00e3o Social (4h)<\/p>\n<p style=\"text-align: justify\">T\u00f3picos Especiais em Da Epistemologia da Teoria da Enuncia\u00e7\u00e3o \u00e0 Proposi\u00e7\u00e3o de uma Metassem\u00e2ntica (4h)<\/p>\n<p style=\"text-align: justify\">T\u00f3picos Especiais em Metodologia de Pesquisa na Internet (4h)<\/p>\n<p style=\"text-align: justify\">T\u00f3picos Especiais em Redes e Comunica\u00e7\u00e3o Mediada pelo Computador (4h)<\/p>\n<p style=\"text-align: justify\">T\u00f3picos Especiais em M\u00eddia, Discurso e An\u00e1lise de Redes Sociais I (4h)<\/p>\n<p style=\"text-align: justify\">T\u00f3picos Especiais em M\u00eddia, Discurso e An\u00e1lise de Redes Sociais II (4h)<\/p>\n<p style=\"text-align: justify\">T\u00f3picos Especiais em An\u00e1lise de Discurso: O pol\u00edtico no Discurso e o Discurso na Pol\u00edtica (4h)<\/p>\n<p style=\"text-align: justify\">T\u00f3picos Especiais em Leitura, Interpreta\u00e7\u00e3o e Sentido (4h)<\/p>\n<p style=\"text-align: justify\">T\u00f3picos Especiais em An\u00e1lise do Discurso: Fundamentos te\u00f3ricos e princ\u00edpios metodol\u00f3gicos (4h)<\/p>\n<p style=\"text-align: justify\">T\u00f3picos Especiais em Corpo e Discurso (4h)<\/p>\n<p style=\"text-align: justify\">T\u00f3picos Especiais em Teoria e An\u00e1lise Dial\u00f3gica: Par\u00e2metros Anal\u00edticos (4h)<\/p>\n<p>&nbsp;<\/p>\n<p style=\"text-align: justify\"><strong>Linha &#8211; <em>Literatura, cultura e tradu\u00e7\u00e3o <\/em><\/strong><\/p>\n<p style=\"text-align: justify\">Literatura e Aportes te\u00f3ricos contempor\u00e2neos (4h)<\/p>\n<p style=\"text-align: justify\">Estudos Avan\u00e7ados em Literatura (4h)<\/p>\n<p style=\"text-align: justify\">Semin\u00e1rio de Pesquisa em Literatura (4h)<\/p>\n<p style=\"text-align: justify\">T\u00f3picos Especiais em Literatura e Hist\u00f3ria (4h)<\/p>\n<p style=\"text-align: justify\">T\u00f3picos Especiais em Comparatismo e Intertextualidade (4h)<\/p>\n<p style=\"text-align: justify\">T\u00f3picos Especiais em Literatura Brasileira do S\u00e9culo XXI (4h)<\/p>\n<p style=\"text-align: justify\">T\u00f3picos Especiais em Literatura e Fronteiras Culturais (4h)<\/p>\n<p style=\"text-align: justify\">T\u00f3picos Especiais em Literaturas e Mem\u00f3rias (4h)<\/p>\n<p style=\"text-align: justify\">T\u00f3picos Especiais em Palavra e Imagem (4h)<\/p>\n<p style=\"text-align: justify\">T\u00f3picos Especiais em Sistemas Liter\u00e1rios e Processos Culturais (4h)<\/p>\n<p style=\"text-align: justify\">T\u00f3picos Especiais em Teoria e Cr\u00edtica da Poesia (4h)<\/p>\n<p style=\"text-align: justify\">T\u00f3picos Especiais em Literatura, Cultura e Tradu\u00e7\u00e3o (4h)<\/p>\n<p style=\"text-align: justify\">T\u00f3picos Especiais em Teoria da Tradu\u00e7\u00e3o (4h)<\/p>\n","protected":false},"excerpt":{"rendered":"<p>O Curso de Doutorado em Letras da UFPel est\u00e1 organizado como conjunto integrado de disciplinas, de modo a propiciar ao aluno o aprimoramento da forma\u00e7\u00e3o j\u00e1 adquirida e a permitir-lhe o desenvolvimento de estudos e pesquisas que possibilitem qualificada atua\u00e7\u00e3o profissional na \u00e1rea de Letras, de acordo com as \u00e1reas de concentra\u00e7\u00e3o e linhas de [&hellip;]<\/p>\n","protected":false},"author":253,"featured_media":0,"parent":90,"menu_order":1,"comment_status":"closed","ping_status":"closed","template":"","meta":{"jetpack_post_was_ever_published":false,"footnotes":""},"class_list":["post-2375","page","type-page","status-publish","hentry"],"jetpack_sharing_enabled":true,"jetpack_shortlink":"https:\/\/wp.me\/P8vD3Q-Cj","_links":{"self":[{"href":"https:\/\/wp.ufpel.edu.br\/ppgl\/wp-json\/wp\/v2\/pages\/2375","targetHints":{"allow":["GET"]}}],"collection":[{"href":"https:\/\/wp.ufpel.edu.br\/ppgl\/wp-json\/wp\/v2\/pages"}],"about":[{"href":"https:\/\/wp.ufpel.edu.br\/ppgl\/wp-json\/wp\/v2\/types\/page"}],"author":[{"embeddable":true,"href":"https:\/\/wp.ufpel.edu.br\/ppgl\/wp-json\/wp\/v2\/users\/253"}],"replies":[{"embeddable":true,"href":"https:\/\/wp.ufpel.edu.br\/ppgl\/wp-json\/wp\/v2\/comments?post=2375"}],"version-history":[{"count":8,"href":"https:\/\/wp.ufpel.edu.br\/ppgl\/wp-json\/wp\/v2\/pages\/2375\/revisions"}],"predecessor-version":[{"id":2428,"href":"https:\/\/wp.ufpel.edu.br\/ppgl\/wp-json\/wp\/v2\/pages\/2375\/revisions\/2428"}],"up":[{"embeddable":true,"href":"https:\/\/wp.ufpel.edu.br\/ppgl\/wp-json\/wp\/v2\/pages\/90"}],"wp:attachment":[{"href":"https:\/\/wp.ufpel.edu.br\/ppgl\/wp-json\/wp\/v2\/media?parent=2375"}],"curies":[{"name":"wp","href":"https:\/\/api.w.org\/{rel}","templated":true}]}}

<p style="text-align: justify">O Curso de <strong>Doutorado em Letras da UFPel</strong> está organizado como conjunto integrado de disciplinas, de modo a propiciar ao aluno o aprimoramento da formação já adquirida e a permitir-lhe o desenvolvimento de estudos e pesquisas que possibilitem qualificada atuação profissional na área de Letras, de acordo com as áreas de concentração e linhas de pesquisa.</p>
<p style="text-align: justify"><strong>A estrutura curricular</strong> do Curso prevê uma carga horária mínima de 56 créditos, sendo quarenta (40) de créditos em disciplinas e dezesseis (16) de créditos em Tese distribuídos da seguinte forma:</p>
<p style="text-align: justify"><strong>I</strong> &#8211; disciplinas obrigatórias, totalizando oito (08) créditos;</p>
<p style="text-align: justify"><strong>II</strong> &#8211; disciplinas optativas e/ou Tópicos Especiais, totalizando trinta e dois (32)</p>
<p style="text-align: justify">créditos;</p>
<p style="text-align: justify"><strong>III </strong>– orientação de tese em disciplina de quatro (04) créditos.</p>
<p style="text-align: justify"><strong> </strong></p>
<p style="text-align: justify"><strong>Prazo de defesa de tese: 48 meses (podendo chegar a 60 meses em casos excepcionais)</strong></p>
<p style="text-align: justify"><strong> </strong></p>
<p style="text-align: justify"><strong>Disciplinas obrigatórias</strong> são aquelas que representam o suporte formal e intelectivo indispensável ao desenvolvimento do Curso, constituindo-se como créditos de disciplinas básicas do tronco comum para o Doutorado, consideradas as áreas de concentração<em>. </em></p>
<p style="text-align: justify"><strong>Disciplinas optativas</strong> são aquelas que visam à formação do aluno nas diferentes linhas de pesquisa do Curso. Os tópicos especiais configuram-se como disciplinas optativas de oferta não regular que abordem temas específicos relacionados às áreas de concentração do Curso.</p>
<p style="text-align: justify"><strong>A matrícula em orientação</strong> integrará o conjunto de créditos necessários à conclusão do curso.</p>
<p>&nbsp;</p>
<p style="text-align: justify"><strong>DISCIPLINAS </strong></p>
<p style="text-align: justify"><strong> </strong><strong>Linha &#8211; <em>Aquisição, variação e ensino</em> </strong></p>
<p style="text-align: justify">Aquisição e Variação da Linguagem (4h)</p>
<p style="text-align: justify">Tópicos Especiais em Ferramentas para Tratamento de Dados Linguísticos (4h)</p>
<p style="text-align: justify">Tópicos Especiais em Linguagem, Texto e Ensino (4h)</p>
<p style="text-align: justify">Tópicos Especiais em Línguas em Contato (4h)</p>
<p style="text-align: justify">Tópicos Especiais em Modelos de Análise Fonológica (4h)</p>
<p style="text-align: justify">Tópicos Especiais em Modelos Emergentistas em Aquisição da Linguagem (4h)</p>
<p style="text-align: justify">Tópicos Especiais em Novas Perspectivas na Aprendizagem de Línguas (4h)</p>
<p style="text-align: justify">Tópicos Especiais em Metodologias Experimentais: a Ultrassonografia (4h)</p>
<p style="text-align: justify">Tópicos Especiais em Teoria Fonológica: Aquisição e Variação (4h)</p>
<p style="text-align: justify">Tópicos Especiais em Linguagem e Educação (4h)</p>
<p style="text-align: justify">Tópicos Especiais em Aprendizagem de Línguas e Complexidade (4h)</p>
<p style="text-align: justify">Tópicos Especiais em Linguística Aplicada (4h)</p>
<p style="text-align: justify">Tópicos Especiais em Multimodalidade e Ensino de Línguas – (2h)</p>
<p style="text-align: justify">Tópicos Especiais em Metodologia Quantitativa de Análise de Dados – (4h)</p>
<p style="text-align: justify">Tópicos Especiais em Fonética Acústica – (4h)</p>
<p style="text-align: justify">Tópicos Especiais em Letramento e Leitura – (4h)</p>
<p style="text-align: justify">Tópicos Especiais em Fonologia e Aquisição de Línguas – (4h)</p>
<p style="text-align: justify">Tópicos Especiais em Fonologia – Modelos não-lineares – (4h)</p>
<p style="text-align: justify">Tópicos Especiais em Estudos sobre Aquisição da Linguagem – (4h)</p>
<p style="text-align: justify">Tópicos Especiais em Fonologia – Fonologia Articulatória – (4h)</p>
<p>&nbsp;</p>
<p style="text-align: justify"><strong> </strong><strong>Linha &#8211; <em>Texto, discurso e relações sociais</em></strong></p>
<p style="text-align: justify">Texto e Discurso (4h)</p>
<p style="text-align: justify">Tópicos Especiais em Linguagem e Interação Social (4h)</p>
<p style="text-align: justify">Tópicos Especiais em Da Epistemologia da Teoria da Enunciação à Proposição de uma Metassemântica (4h)</p>
<p style="text-align: justify">Tópicos Especiais em Metodologia de Pesquisa na Internet (4h)</p>
<p style="text-align: justify">Tópicos Especiais em Redes e Comunicação Mediada pelo Computador (4h)</p>
<p style="text-align: justify">Tópicos Especiais em Mídia, Discurso e Análise de Redes Sociais I (4h)</p>
<p style="text-align: justify">Tópicos Especiais em Mídia, Discurso e Análise de Redes Sociais II (4h)</p>
<p style="text-align: justify">Tópicos Especiais em Análise de Discurso: O político no Discurso e o Discurso na Política (4h)</p>
<p style="text-align: justify">Tópicos Especiais em Leitura, Interpretação e Sentido (4h)</p>
<p style="text-align: justify">Tópicos Especiais em Análise do Discurso: Fundamentos teóricos e princípios metodológicos (4h)</p>
<p style="text-align: justify">Tópicos Especiais em Corpo e Discurso (4h)</p>
<p style="text-align: justify">Tópicos Especiais em Teoria e Análise Dialógica: Parâmetros Analíticos (4h)</p>
<p>&nbsp;</p>
<p style="text-align: justify"><strong>Linha &#8211; <em>Literatura, cultura e tradução </em></strong></p>
<p style="text-align: justify">Literatura e Aportes teóricos contemporâneos (4h)</p>
<p style="text-align: justify">Estudos Avançados em Literatura (4h)</p>
<p style="text-align: justify">Seminário de Pesquisa em Literatura (4h)</p>
<p style="text-align: justify">Tópicos Especiais em Literatura e História (4h)</p>
<p style="text-align: justify">Tópicos Especiais em Comparatismo e Intertextualidade (4h)</p>
<p style="text-align: justify">Tópicos Especiais em Literatura Brasileira do Século XXI (4h)</p>
<p style="text-align: justify">Tópicos Especiais em Literatura e Fronteiras Culturais (4h)</p>
<p style="text-align: justify">Tópicos Especiais em Literaturas e Memórias (4h)</p>
<p style="text-align: justify">Tópicos Especiais em Palavra e Imagem (4h)</p>
<p style="text-align: justify">Tópicos Especiais em Sistemas Literários e Processos Culturais (4h)</p>
<p style="text-align: justify">Tópicos Especiais em Teoria e Crítica da Poesia (4h)</p>
<p style="text-align: justify">Tópicos Especiais em Literatura, Cultura e Tradução (4h)</p>
<p style="text-align: justify">Tópicos Especiais em Teoria da Tradução (4h)</p>

<p>O Curso de Doutorado em Letras da UFPel está organizado como conjunto integrado de disciplinas, de modo a propiciar ao aluno o aprimoramento da formação já adquirida e a permitir-lhe o desenvolvimento de estudos e pesquisas que possibilitem qualificada atuação profissional na área de Letras, de acordo com as áreas de concentração e linhas de [&hellip;]</p>
