{"id":2356,"date":"2018-10-01T11:52:05","date_gmt":"2018-10-01T14:52:05","guid":{"rendered":"https:\/\/wp.ufpel.edu.br\/ppgl\/?page_id=2356"},"modified":"2019-03-24T11:14:11","modified_gmt":"2019-03-24T14:14:11","slug":"mestrado","status":"publish","type":"page","link":"https:\/\/wp.ufpel.edu.br\/ppgl\/disciplinas\/mestrado\/","title":{"rendered":"Mestrado"},"content":{"rendered":"<p style=\"text-align: justify\">O Curso de <strong>Mestrado<\/strong> <strong>em Letras da UFPel <\/strong>est\u00e1 organizado como conjunto integrado de disciplinas, de modo a propiciar ao aluno o aprimoramento da forma\u00e7\u00e3o j\u00e1 adquirida e a permitir-lhe o desenvolvimento de estudos e pesquisas que possibilitem qualificada atua\u00e7\u00e3o profissional na \u00e1rea de Letras, de acordo com as \u00e1reas de concentra\u00e7\u00e3o e linhas de pesquisa definidas pelo Colegiado de Curso.<\/p>\n<p>&nbsp;<\/p>\n<p style=\"text-align: justify\"><strong>A estrutura curricular<\/strong> do Curso de Mestrado prev\u00ea uma carga hor\u00e1ria m\u00ednima de 26 cr\u00e9ditos distribu\u00eddos da seguinte forma:<\/p>\n<p style=\"text-align: justify\">I &#8211; disciplinas obrigat\u00f3rias, totalizando dez (10) cr\u00e9ditos;<\/p>\n<p style=\"text-align: justify\">II &#8211; disciplinas optativas e\/ou T\u00f3picos Especiais, totalizando doze (12) cr\u00e9ditos;<\/p>\n<p style=\"text-align: justify\">III &#8211; orienta\u00e7\u00e3o de disserta\u00e7\u00e3o em disciplina, totalizando quatro (4) cr\u00e9ditos.<\/p>\n<p style=\"text-align: justify\"><strong>\u00a0<\/strong><\/p>\n<p style=\"text-align: justify\"><strong>Prazo de defesa de disserta\u00e7\u00e3o: 24 meses (podendo chegar a 30 meses em casos excepcionais)<\/strong><\/p>\n<p style=\"text-align: justify\"><strong>Disciplinas obrigat\u00f3rias<\/strong> s\u00e3o aquelas que representam o suporte formal e intelectivo indispens\u00e1vel ao desenvolvimento do Curso, constituindo-se como cr\u00e9ditos de disciplinas b\u00e1sicas do tronco comum para o Mestrado, consideradas as \u00e1reas de concentra\u00e7\u00e3o.<\/p>\n<p style=\"text-align: justify\"><strong>Disciplinas optativas <\/strong>s\u00e3o aquelas que visam \u00e0 forma\u00e7\u00e3o do aluno nas diferentes linhas de pesquisa do Curso. Os T\u00f3picos Especiais configuram-se como disciplinas optativas de oferta n\u00e3o regular que abordem temas espec\u00edficos relacionados \u00e0s \u00e1reas de concentra\u00e7\u00e3o do Curso.<\/p>\n<p style=\"text-align: justify\"><strong>A matr\u00edcula<\/strong> em orienta\u00e7\u00e3o integra o conjunto de cr\u00e9ditos necess\u00e1rios \u00e0 conclus\u00e3o do curso. S\u00f3 pode se matricular em orienta\u00e7\u00e3o de disserta\u00e7\u00e3o o estudante que, ao final do primeiro ano no Mestrado, integralizou 22 (vinte e dois) cr\u00e9ditos.<\/p>\n<p style=\"text-align: justify\"><strong>Disciplinas obrigat\u00f3rias:<\/strong><\/p>\n<p style=\"text-align: justify\">Aquisi\u00e7\u00e3o e Varia\u00e7\u00e3o da Linguagem (4h) \u2013 Linha <em>Aquisi\u00e7\u00e3o, varia\u00e7\u00e3o e ensino<\/em><\/p>\n<p style=\"text-align: justify\">Texto e Discurso (4h) \u2013 Linha <em>Texto, discurso e rela\u00e7\u00f5es sociais<\/em><\/p>\n<p style=\"text-align: justify\">Literatura e Aportes Te\u00f3ricos Contempor\u00e2neos (4h) \u2013 Linha <em>Literatura, cultura e tradu\u00e7\u00e3o<\/em><\/p>\n<p>Semin\u00e1rio de Disserta\u00e7\u00e3o (2h)<\/p>\n<p>&nbsp;<\/p>\n<p style=\"text-align: justify\"><strong>\u00a0<\/strong><strong>Disciplinas optativas:<\/strong><\/p>\n<p style=\"text-align: justify\"><strong>\u00a0<\/strong><strong>Linha &#8211;\u00a0<em>Aquisi\u00e7\u00e3o, varia\u00e7\u00e3o e ensino<\/em> <\/strong><\/p>\n<p style=\"text-align: justify\">T\u00f3picos Especiais em Ferramentas para Tratamento de Dados Lingu\u00edsticos (4h)<\/p>\n<p style=\"text-align: justify\">T\u00f3picos Especiais em Linguagem, Texto e Ensino (4h)<\/p>\n<p style=\"text-align: justify\">T\u00f3picos Especiais em L\u00ednguas em Contato (4h)<\/p>\n<p style=\"text-align: justify\">T\u00f3picos Especiais em Modelos de An\u00e1lise Fonol\u00f3gica (4h)<\/p>\n<p style=\"text-align: justify\">T\u00f3picos Especiais em Modelos Emergentistas em Aquisi\u00e7\u00e3o da Linguagem (4h)<\/p>\n<p style=\"text-align: justify\">T\u00f3picos Especiais em Novas Perspectivas na Aprendizagem de L\u00ednguas (4h)<\/p>\n<p style=\"text-align: justify\">T\u00f3picos Especiais em Metodologias Experimentais: a Ultrassonografia (4h)<\/p>\n<p style=\"text-align: justify\">T\u00f3picos Especiais em Teoria Fonol\u00f3gica: Aquisi\u00e7\u00e3o e Varia\u00e7\u00e3o (4h)<\/p>\n<p style=\"text-align: justify\">T\u00f3picos Especiais em Linguagem e Educa\u00e7\u00e3o (4h)<\/p>\n<p style=\"text-align: justify\">T\u00f3picos Especiais em Aprendizagem de L\u00ednguas e Complexidade (4h)<\/p>\n<p style=\"text-align: justify\">T\u00f3picos Especiais em Lingu\u00edstica Aplicada (4h)<\/p>\n<p style=\"text-align: justify\">T\u00f3picos Especiais em Multimodalidade e Ensino de L\u00ednguas \u2013 (2h)<\/p>\n<p style=\"text-align: justify\">T\u00f3picos Especiais em Metodologia Quantitativa de An\u00e1lise de Dados \u2013 (4h)<\/p>\n<p style=\"text-align: justify\">T\u00f3picos Especiais em Fon\u00e9tica Ac\u00fastica \u2013 (4h)<\/p>\n<p style=\"text-align: justify\">T\u00f3picos Especiais em Letramento e Leitura \u2013 (4h)<\/p>\n<p style=\"text-align: justify\">T\u00f3picos Especiais em Fonologia e Aquisi\u00e7\u00e3o de L\u00ednguas \u2013 (4h)<\/p>\n<p style=\"text-align: justify\">T\u00f3picos Especiais em Fonologia \u2013 Modelos n\u00e3o lineares \u2013 (4h)<\/p>\n<p style=\"text-align: justify\">T\u00f3picos Especiais em Estudos sobre Aquisi\u00e7\u00e3o da Linguagem \u2013 (4h)<\/p>\n<p style=\"text-align: justify\">T\u00f3picos Especiais em Fonologia \u2013 Fonologia Articulat\u00f3ria \u2013 (4h)<\/p>\n<p>&nbsp;<\/p>\n<p style=\"text-align: justify\"><strong>\u00a0<\/strong><strong>Linha &#8211; <em>Texto, discurso e rela\u00e7\u00f5es sociais<\/em><\/strong><\/p>\n<p style=\"text-align: justify\">T\u00f3picos Especiais em Linguagem e Intera\u00e7\u00e3o Social (4h)<\/p>\n<p style=\"text-align: justify\">T\u00f3picos Especiais em Da Epistemologia da Teoria da Enuncia\u00e7\u00e3o \u00e0 Proposi\u00e7\u00e3o de uma Metassem\u00e2ntica (4h)<\/p>\n<p style=\"text-align: justify\">T\u00f3picos Especiais em Metodologia da Pesquisa na Internet (4h)<\/p>\n<p style=\"text-align: justify\">T\u00f3picos Especiais em Redes e Comunica\u00e7\u00e3o Mediada pelo Computador (4h)<\/p>\n<p style=\"text-align: justify\">T\u00f3picos Especiais em M\u00eddia, Discurso e An\u00e1lise de Redes Sociais I (4h)<\/p>\n<p style=\"text-align: justify\">T\u00f3picos Especiais em M\u00eddia, Discurso e An\u00e1lise de Redes Sociais II (4h)<\/p>\n<p style=\"text-align: justify\">T\u00f3picos Especiais em An\u00e1lise de Discurso: O pol\u00edtico no Discurso e o Discurso na Pol\u00edtica (4h)<\/p>\n<p style=\"text-align: justify\">T\u00f3picos Especiais em Leitura, Interpreta\u00e7\u00e3o e Sentido (4h)<\/p>\n<p style=\"text-align: justify\">T\u00f3picos Especiais em An\u00e1lise do Discurso: Fundamentos Te\u00f3ricos e Princ\u00edpios Metodol\u00f3gicos (4h)<\/p>\n<p style=\"text-align: justify\">T\u00f3picos Especiais em Corpo e Discurso(4h)<\/p>\n<p style=\"text-align: justify\">T\u00f3picos Especiais em Teoria e An\u00e1lise Dial\u00f3gica: Par\u00e2metros Anal\u00edticos (4h)<\/p>\n<p>&nbsp;<\/p>\n<p style=\"text-align: justify\"><strong>Linha &#8211; <em>Literatura, cultura e tradu\u00e7\u00e3o <\/em><\/strong><\/p>\n<p style=\"text-align: justify\">Estudos Avan\u00e7ados em Literatura (4h)<\/p>\n<p style=\"text-align: justify\">Semin\u00e1rio de Pesquisa em Literatura (4h)<\/p>\n<p style=\"text-align: justify\">T\u00f3picos Especiais em Literatura e Hist\u00f3ria (4h)<\/p>\n<p style=\"text-align: justify\">T\u00f3picos Especiais em Comparatismo e Intertextualidade (4h)<\/p>\n<p style=\"text-align: justify\">T\u00f3picos Especiais em Literatura Brasileira do S\u00e9culo XXI (4h)<\/p>\n<p style=\"text-align: justify\">T\u00f3picos Especiais em Literatura e Fronteiras Culturais\u00a0 (4h)<\/p>\n<p style=\"text-align: justify\">T\u00f3picos Especiais em Literaturas e Mem\u00f3rias (4h)<\/p>\n<p style=\"text-align: justify\">T\u00f3picos Especiais em Palavra e Imagem (4h)<\/p>\n<p style=\"text-align: justify\">T\u00f3picos Especiais em Sistemas Liter\u00e1rios e Processos Culturais (4h)<\/p>\n<p style=\"text-align: justify\">T\u00f3picos Especiais em Teoria e Cr\u00edtica da Poesia (4h)<\/p>\n<p style=\"text-align: justify\">T\u00f3picos Especiais em Literatura, Cultura e Tradu\u00e7\u00e3o (4h)<\/p>\n<p style=\"text-align: justify\">T\u00f3picos Especiais em Teoria da Tradu\u00e7\u00e3o (4h)<\/p>\n<p style=\"text-align: justify\"><strong>\u00a0<\/strong><\/p>\n","protected":false},"excerpt":{"rendered":"<p>O Curso de Mestrado em Letras da UFPel est\u00e1 organizado como conjunto integrado de disciplinas, de modo a propiciar ao aluno o aprimoramento da forma\u00e7\u00e3o j\u00e1 adquirida e a permitir-lhe o desenvolvimento de estudos e pesquisas que possibilitem qualificada atua\u00e7\u00e3o profissional na \u00e1rea de Letras, de acordo com as \u00e1reas de concentra\u00e7\u00e3o e linhas de [&hellip;]<\/p>\n","protected":false},"author":253,"featured_media":0,"parent":90,"menu_order":0,"comment_status":"closed","ping_status":"closed","template":"","meta":{"jetpack_post_was_ever_published":false,"footnotes":""},"class_list":["post-2356","page","type-page","status-publish","hentry"],"jetpack_sharing_enabled":true,"jetpack_shortlink":"https:\/\/wp.me\/P8vD3Q-C0","_links":{"self":[{"href":"https:\/\/wp.ufpel.edu.br\/ppgl\/wp-json\/wp\/v2\/pages\/2356","targetHints":{"allow":["GET"]}}],"collection":[{"href":"https:\/\/wp.ufpel.edu.br\/ppgl\/wp-json\/wp\/v2\/pages"}],"about":[{"href":"https:\/\/wp.ufpel.edu.br\/ppgl\/wp-json\/wp\/v2\/types\/page"}],"author":[{"embeddable":true,"href":"https:\/\/wp.ufpel.edu.br\/ppgl\/wp-json\/wp\/v2\/users\/253"}],"replies":[{"embeddable":true,"href":"https:\/\/wp.ufpel.edu.br\/ppgl\/wp-json\/wp\/v2\/comments?post=2356"}],"version-history":[{"count":11,"href":"https:\/\/wp.ufpel.edu.br\/ppgl\/wp-json\/wp\/v2\/pages\/2356\/revisions"}],"predecessor-version":[{"id":3291,"href":"https:\/\/wp.ufpel.edu.br\/ppgl\/wp-json\/wp\/v2\/pages\/2356\/revisions\/3291"}],"up":[{"embeddable":true,"href":"https:\/\/wp.ufpel.edu.br\/ppgl\/wp-json\/wp\/v2\/pages\/90"}],"wp:attachment":[{"href":"https:\/\/wp.ufpel.edu.br\/ppgl\/wp-json\/wp\/v2\/media?parent=2356"}],"curies":[{"name":"wp","href":"https:\/\/api.w.org\/{rel}","templated":true}]}}