{"id":2247,"date":"2018-09-27T09:34:52","date_gmt":"2018-09-27T12:34:52","guid":{"rendered":"https:\/\/wp.ufpel.edu.br\/ppgl\/?page_id=2247"},"modified":"2019-05-13T11:24:13","modified_gmt":"2019-05-13T14:24:13","slug":"2014-2","status":"publish","type":"page","link":"https:\/\/wp.ufpel.edu.br\/ppgl\/trabalhos-defendidos\/dissertacoes\/2014-2\/","title":{"rendered":"2014"},"content":{"rendered":"<p><strong><span style=\"font-size: 12pt;font-family: arial, helvetica, sans-serif\">Liane Regio Lucas<\/span><\/strong><\/p>\n<p><span style=\"font-size: 12pt;font-family: arial, helvetica, sans-serif\">A PERCEP\u00c7\u00c3O DAS ENTOA\u00c7\u00d5ES NAS FRASES IMPERATIVAS NEGATIVAS DO INGL\u00caS POR FALANTES DE L\u00cdNGUA PORTUGUESA &#8211; UMA AN\u00c1LISE \u00c0 LUZ DAS TEORIAS PROS\u00d3DICA E ENTOACIONAL<\/span><\/p>\n<p><span style=\"font-size: 12pt;font-family: arial, helvetica, sans-serif\">Orientador: Carmen Lucia Barreto Matzenauer<\/span><\/p>\n<p><span style=\"font-size: 12pt;font-family: arial, helvetica, sans-serif\">Data da defesa: 18\/12\/2014<\/span><\/p>\n<p><a href=\"https:\/\/wp.ufpel.edu.br\/ppgl\/files\/2018\/11\/A-Percep\u00e7\u00e3o-das-Entoa\u00e7\u00f5es-nas-Frases-Imperativas-Negativas-do-Ingl\u00eas-por-Falantes-de-L\u00edngua-Portuguesa-Uma-An\u00e1lise-\u00e0-Luz-das-Teorias-Pros\u00f3dica-e-Entoacional-Liane-R\u00e9gio-Lucas.pdf\">Texto Completo<\/a><\/p>\n<p>&nbsp;<\/p>\n<p>&nbsp;<\/p>\n<p><strong><span style=\"font-size: 12pt;font-family: arial, helvetica, sans-serif\">Fabiana Soares Da Silva<\/span><\/strong><\/p>\n<p><span style=\"font-size: 12pt;font-family: arial, helvetica, sans-serif\">Consci\u00eancia Fonol\u00f3gica em L\u00edngua Estrangeira_um Estudo Acerca da Aquisi\u00e7\u00e3o de Espanhol por Falantes Brasileiros<\/span><\/p>\n<p><span style=\"font-size: 12pt;font-family: arial, helvetica, sans-serif\">Orientador: Carmen Lucia Barreto Matzenauer<\/span><\/p>\n<p><span style=\"font-size: 12pt;font-family: arial, helvetica, sans-serif\">Data da defesa: 18\/12\/2014<\/span><\/p>\n<p><a href=\"https:\/\/wp.ufpel.edu.br\/ppgl\/files\/2018\/11\/Consci\u00eancia-Fonol\u00f3gica-em-L\u00edngua-Estrangeira_Um-Estudo-Acerca-da-Aquisi\u00e7\u00e3o-de-Espanhol-por-Falantes-Brasileiros-Fabiana-Soares-da-Silva.pdf\">Texto Completo<\/a><\/p>\n<p>&nbsp;<\/p>\n<p>&nbsp;<\/p>\n<p><strong><span style=\"font-size: 12pt;font-family: arial, helvetica, sans-serif\">Patricia Pereira Franco<\/span><\/strong><\/p>\n<p><span style=\"font-size: 12pt;font-family: arial, helvetica, sans-serif\">Etc. e Retic\u00eancias_Possibilidades de Sentidos<\/span><\/p>\n<p><span style=\"font-size: 12pt;font-family: arial, helvetica, sans-serif\">Orientador: Ercilia Ana Cazarin<\/span><\/p>\n<p><span style=\"font-size: 12pt;font-family: arial, helvetica, sans-serif\">Data da defesa: 18\/12\/2014<\/span><\/p>\n<p><a href=\"https:\/\/wp.ufpel.edu.br\/ppgl\/files\/2018\/11\/Etc.-e-Retic\u00eancias_Possibilidades-de-Sentidos-Patricia-P.-Franco.pdf\">Texto Completo<\/a><\/p>\n<p>&nbsp;<\/p>\n<p>&nbsp;<\/p>\n<p><strong><span style=\"font-size: 12pt;font-family: arial, helvetica, sans-serif\">Taiane De Oliveira Volcan<\/span><\/strong><\/p>\n<p><span style=\"font-size: 12pt;font-family: arial, helvetica, sans-serif\">O papel do humor no discurso pol\u00edtico: Uma an\u00e1lise dos perfis Dilma Bolada e Dilma Rousseff no Facebook<\/span><\/p>\n<p><span style=\"font-size: 12pt;font-family: arial, helvetica, sans-serif\">Orientador: Raquel Da Cunha Recuero<\/span><\/p>\n<p><span style=\"font-size: 12pt;font-family: arial, helvetica, sans-serif\">Data da defesa: 18\/12\/2014<\/span><\/p>\n<p><a href=\"https:\/\/wp.ufpel.edu.br\/ppgl\/files\/2018\/11\/O-Papel-do-Humor-no-Discurso-Pol\u00edtico_Uma-An\u00e1lise-dos-Perfis-Dilma-Bolada-e-Dilma-Rousseff-no-Facebook-Taiane-de-Oliveira-Volcan.pdf\">Texto Completo <\/a><\/p>\n<p>&nbsp;<\/p>\n<p>&nbsp;<\/p>\n<p><strong><span style=\"font-size: 12pt;font-family: arial, helvetica, sans-serif\">Eveline Rosa Peres<\/span><\/strong><\/p>\n<p><span style=\"font-size: 12pt;font-family: arial, helvetica, sans-serif\">UMA AN\u00c1LISE DA CONSTRU\u00c7\u00c3O DISCURSIVA DOS MOVIMENTOS DE JUNHO DE 2013 REALIZADA PELA REVISTA VEJA<\/span><\/p>\n<p><span style=\"font-size: 12pt;font-family: arial, helvetica, sans-serif\">Orientador: Ercilia Ana Cazarin<\/span><\/p>\n<p><span style=\"font-size: 12pt;font-family: arial, helvetica, sans-serif\">Data da defesa: 18\/12\/2014<\/span><\/p>\n<p><a href=\"https:\/\/wp.ufpel.edu.br\/ppgl\/files\/2018\/11\/Uma-An\u00e1lise-Sobre-o-Discurso-da-Revista-Veja-em-Rela\u00e7\u00e3o-\u00e0s-Manifesta\u00e7\u00f5es-de-Junho-de-2013-Eveline-Rosa-Peres.pdf\">Texto Completo<\/a><\/p>\n<p>&nbsp;<\/p>\n<p>&nbsp;<\/p>\n<p><strong><span style=\"font-size: 12pt;font-family: arial, helvetica, sans-serif\">Naiara Souza Da Silva<\/span><\/strong><\/p>\n<p><span style=\"font-size: 12pt;font-family: arial, helvetica, sans-serif\">TATUAGENS: SUJEITOS E SENTIDO<\/span><\/p>\n<p><span style=\"font-size: 12pt;font-family: arial, helvetica, sans-serif\">Orientador: Naiara Souza Da Silva<\/span><\/p>\n<p><span style=\"font-size: 12pt;font-family: arial, helvetica, sans-serif\">Data da defesa: 17\/12\/2014<\/span><\/p>\n<p><a href=\"https:\/\/wp.ufpel.edu.br\/ppgl\/files\/2018\/11\/Tatuagens_Sujeitos-e-Sentidos-Naiara-Souza-da-Silva.pdf\">Texto Completo <\/a><\/p>\n<p>&nbsp;<\/p>\n<p>&nbsp;<\/p>\n<p><strong><span style=\"font-size: 12pt;font-family: arial, helvetica, sans-serif\">Ane Cristina Thurow<\/span><\/strong><\/p>\n<p><span style=\"font-size: 12pt;font-family: arial, helvetica, sans-serif\">\u201cCORPO \u00c9 UMA M\u00c1QUINA SOCIAL\u201d: MET\u00c1FORAS CONCEPTUAIS NO DISCURSO DE UNIVERSIT\u00c1RIOS<\/span><\/p>\n<p><span style=\"font-size: 12pt;font-family: arial, helvetica, sans-serif\">Orientador: Liliane Da Silva Prestes Rodrigues<\/span><\/p>\n<p><span style=\"font-size: 12pt;font-family: arial, helvetica, sans-serif\">Data da defesa: 16\/12\/2014<\/span><\/p>\n<p><a href=\"https:\/\/wp.ufpel.edu.br\/ppgl\/files\/2018\/11\/Corpo-\u00e9-uma-M\u00e1quina-Social_Met\u00e1foras-Conceptuais-no-Discurso-de-Universit\u00e1rios-Ane-Cristina-Thurow.pdf\">Texto Completo<\/a><\/p>\n<p>&nbsp;<\/p>\n<p>&nbsp;<\/p>\n<p><strong><span style=\"font-size: 12pt;font-family: arial, helvetica, sans-serif\">Lucia Moreira Pereira<\/span><\/strong><\/p>\n<p><span style=\"font-size: 12pt;font-family: arial, helvetica, sans-serif\">O PROCESSO DE GRAMATIALIZA\u00c7\u00c3O DE VIVER_UMA PERSPECTIVA SINCR\u00d4NICA<\/span><\/p>\n<p><span style=\"font-size: 12pt;font-family: arial, helvetica, sans-serif\">Orientador: Liliane Da Silva Prestes Rodrigues<\/span><\/p>\n<p><span style=\"font-size: 12pt;font-family: arial, helvetica, sans-serif\">Data da defesa: 16\/12\/2014<\/span><\/p>\n<p><a href=\"https:\/\/wp.ufpel.edu.br\/ppgl\/files\/2018\/11\/O-Processo-de-Gramaticaliza\u00e7\u00e3o-de-Viver_Uma-Perspectiva-Sincr\u00f4nica-L\u00facia-Moreira-Pereira.pdf\">Texto Completo <\/a><\/p>\n<p>&nbsp;<\/p>\n<p>&nbsp;<\/p>\n<p><strong><span style=\"font-size: 12pt;font-family: arial, helvetica, sans-serif\">Camila Dias Borges<\/span><\/strong><\/p>\n<p><span style=\"font-size: 12pt;font-family: arial, helvetica, sans-serif\">Bela Lugosis Not Dead_O Discurso e a Representa\u00e7\u00e3o de G\u00f3ticos no Site de Rede Social Facebook<\/span><\/p>\n<p><span style=\"font-size: 12pt;font-family: arial, helvetica, sans-serif\">Orientador: Raquel Da Cunha Recuero<\/span><\/p>\n<p><span style=\"font-size: 12pt;font-family: arial, helvetica, sans-serif\">Data da defesa: 12\/12\/2014<\/span><\/p>\n<p><a href=\"https:\/\/wp.ufpel.edu.br\/ppgl\/files\/2018\/11\/Bela-Lugosis-Not-Dead_O-Discurso-e-a-Representa\u00e7\u00e3o-de-G\u00f3ticos-no-Site-de-Rede-Social-Facebook-Camila-Dias-Borges.pdf\">Texto Completo<\/a><\/p>\n<p>&nbsp;<\/p>\n<p>&nbsp;<\/p>\n<p><strong><span style=\"font-size: 12pt;font-family: arial, helvetica, sans-serif\">Cassia Rodrigues Gon\u00e7alves<\/span><\/strong><\/p>\n<p><span style=\"font-size: 12pt;font-family: arial, helvetica, sans-serif\">TRANSEXUALIDADE, CINEMA E LINGUAGEM: DIALOGANDO COM K\u00c1TIA<\/span><\/p>\n<p><span style=\"font-size: 12pt;font-family: arial, helvetica, sans-serif\">Orientador: Hilario Inacio Bohn<\/span><\/p>\n<p><span style=\"font-size: 12pt;font-family: arial, helvetica, sans-serif\">Data da defesa: 12\/12\/2014<\/span><\/p>\n<p><a href=\"https:\/\/wp.ufpel.edu.br\/ppgl\/files\/2018\/11\/Transexualidade-Cinema-e-Linguagem_Di\u00e1logo-com-K\u00e1tia-C\u00c1SSIA-RODRIGUES-GON\u00c7ALVES.pdf\">Texto Completo<\/a><\/p>\n<p>&nbsp;<\/p>\n<p>&nbsp;<\/p>\n<p><strong><span style=\"font-size: 12pt;font-family: arial, helvetica, sans-serif\">Celia Cristina Gautier Maria Xavier<\/span><\/strong><\/p>\n<p><span style=\"font-size: 12pt;font-family: arial, helvetica, sans-serif\">A Utilizacao de Objetos de Aprendizagem para Ensinar Espanhol na EJA_Voltando a Escola para Aprender Atraves de Uma Tecno-Pedagogia<\/span><\/p>\n<p><span style=\"font-size: 12pt;font-family: arial, helvetica, sans-serif\">Orientador: Fabiane Villela Marroni<\/span><\/p>\n<p><span style=\"font-size: 12pt;font-family: arial, helvetica, sans-serif\">Data da defesa: 22\/09\/2014<\/span><\/p>\n<p><a href=\"https:\/\/wp.ufpel.edu.br\/ppgl\/files\/2018\/11\/A-Utilizacao-de-Objetos-de-Aprendizagem-para-Ensinar-Espanhol-na-EJA_Voltando-a-Escola-para-Aprender-Atraves-de-Uma-Tecno-Pedagogia-CELIA-CRISTINA-GAUTIER-MARIA-XAVIER.pdf\">Texto Completo <\/a><\/p>\n<p>&nbsp;<\/p>\n<p>&nbsp;<\/p>\n<p><strong><span style=\"font-size: 12pt;font-family: arial, helvetica, sans-serif\">LUCAS MARTINS FLORES<\/span><\/strong><\/p>\n<p><span style=\"font-size: 12pt;font-family: arial, helvetica, sans-serif\">Voc\u00ea se V\u00ea Naquilo que V\u00ea. Representa\u00e7\u00f5es de Fam\u00edlias em Comerciais e Seus Efeitos de Sentido<\/span><\/p>\n<p><span style=\"font-size: 12pt;font-family: arial, helvetica, sans-serif\">Data da defesa: \u00a027\/08\/2014<\/span><\/p>\n<p><span style=\"font-size: 12pt;font-family: arial, helvetica, sans-serif\">Orientador: Aracy Gra\u00e7a Ernst<\/span><\/p>\n<p><a href=\"https:\/\/wp.ufpel.edu.br\/ppgl\/files\/2018\/11\/Voce-se-Ve-Naquilo-que-Ve.-Representacoes-de-Familias-em-Comerciais-e-Seus-Efeitos-de-Sentido-LUCAS-MARTINS-FLORES.pdf\">Texto Completo <\/a><\/p>\n<p>&nbsp;<\/p>\n<p>&nbsp;<\/p>\n<p><strong><span style=\"font-size: 12pt;font-family: arial, helvetica, sans-serif\">Nara Eliane Pereira Leal<\/span><\/strong><\/p>\n<p><span style=\"font-size: 12pt;font-family: arial, helvetica, sans-serif\">BATOM, GRAXA E SALTO ALTO: O DISCURSO DAS MULHERES MEC\u00c2NICAS<\/span><\/p>\n<p><span style=\"font-size: 12pt;font-family: arial, helvetica, sans-serif\">Orientador: Eline Terezinha Do Amaral Campello<\/span><\/p>\n<p><span style=\"font-size: 12pt;font-family: arial, helvetica, sans-serif\">Data da defesa: 22\/08\/2014<\/span><\/p>\n<p><a href=\"https:\/\/wp.ufpel.edu.br\/ppgl\/files\/2018\/11\/Batom-Graxa-e-Salto-Alto_O-Discurso-das-Mulheres-Mecanicas-Nara-Eliane-Pereira-Leal.pdf\">Texto Completo <\/a><\/p>\n<p>&nbsp;<\/p>\n<p>&nbsp;<\/p>\n<p><strong><span style=\"font-size: 12pt;font-family: arial, helvetica, sans-serif\">Lenita Vargas<\/span><\/strong><\/p>\n<p><span style=\"font-size: 12pt;font-family: arial, helvetica, sans-serif\">AN\u00daNCIOS PUBLICIT\u00c1RIOS: REPRESENTA\u00c7\u00c3O DE MULHERES NEGRAS E RACISMO NA PERSPECTIVA DA AN\u00c1LISE CR\u00cdTICA DO DISCURSO<\/span><\/p>\n<p><span style=\"font-size: 12pt;font-family: arial, helvetica, sans-serif\">Orientador: Eliane Terezinha Do Amaral Campello<\/span><\/p>\n<p><span style=\"font-size: 12pt;font-family: arial, helvetica, sans-serif\">Data da defesa: 31\/03\/2014<\/span><\/p>\n<p><a href=\"https:\/\/wp.ufpel.edu.br\/ppgl\/files\/2018\/11\/An\u00fancios-publicit\u00e1rios_Representa\u00e7\u00e3o-de-mulheres-negras-e-racismo-na-perspectiva-da-An\u00e1lise-Cr\u00edtica-do-Discurso-Lenita-Vargas.pdf\">Texto Completo <\/a><\/p>\n<p>&nbsp;<\/p>\n<p>&nbsp;<\/p>\n<p><strong><span style=\"font-size: 12pt;font-family: arial, helvetica, sans-serif\">Maria Da Gra\u00e7a Gon\u00e7alves Cunha Neves<\/span><\/strong><\/p>\n<p><span style=\"font-size: 12pt;font-family: arial, helvetica, sans-serif\">INVESTIGA\u00c7\u00c3O DE PROCESSOS NEUROLINGU\u00cdSTICOS DE SUJEITOS COM DIST\u00daRBIOS SIGNIFICATIVOS DE LEITURA\/ESCRITA EM CONTEXTOS ACAD\u00caMICOS<\/span><\/p>\n<p><span style=\"font-size: 12pt;font-family: arial, helvetica, sans-serif\">Orientador: Eliane Terezinha Do Amaral Campello<\/span><\/p>\n<p><span style=\"font-size: 12pt;font-family: arial, helvetica, sans-serif\">Data da defesa: 27\/03\/2014<\/span><\/p>\n<p><a href=\"https:\/\/wp.ufpel.edu.br\/ppgl\/files\/2018\/11\/Investigacao-de-Processos-Neurolinguisticos-de-Sujeitos-com-Disturbios-Significativos-de-Leitura-Escrita-em-Contextos-Academicos-MARIA-DA-GRACA-CUNHA-NEVES.pdf\">Texto Completo<\/a><\/p>\n<p>&nbsp;<\/p>\n<p>&nbsp;<\/p>\n<p>&nbsp;<\/p>\n<p><strong><span style=\"font-size: 12pt;font-family: arial, helvetica, sans-serif\">Rita De Lima Nobrega<\/span><\/strong><\/p>\n<p><span style=\"font-size: 12pt;font-family: arial, helvetica, sans-serif\">MULHERES DE FERRO: A DUPLA JORNADA DAS OPER\u00c1RIAS SOLDADORAS NA CIDADE DO RIO GRANDE<\/span><\/p>\n<p><span style=\"font-size: 12pt;font-family: arial, helvetica, sans-serif\">Orientador: Eliane Terezinha Do Amaral Campello<\/span><\/p>\n<p><span style=\"font-size: 12pt;font-family: arial, helvetica, sans-serif\">Data da defesa: 19\/03\/2014<\/span><\/p>\n<p><a href=\"https:\/\/wp.ufpel.edu.br\/ppgl\/files\/2018\/11\/Mulheres-de-Ferro_-A-Dupla-Jornada-das-Operarias-Soldadoras-na-Cidade-do-Rio-Grande-RITA-DE-LIMA-NOBREGA.pdf\">Texto Completo<\/a><\/p>\n<p>&nbsp;<\/p>\n<p>&nbsp;<\/p>\n<p><strong><span style=\"font-size: 12pt;font-family: arial, helvetica, sans-serif\">Bruna Ribeiro Viraqu\u00e9<\/span><\/strong><\/p>\n<p><span style=\"font-size: 12pt;font-family: arial, helvetica, sans-serif\">A CONSTRU\u00c7\u00c3O DA FONOLOGIA POR CRIAN\u00c7AS FALANTES NATIVAS DE ESPANHOL_A AQUISI\u00c7\u00c3O DO SISTEMA CONSONANTAL<\/span><\/p>\n<p><span style=\"font-size: 12pt;font-family: arial, helvetica, sans-serif\">Orientador: Carmen Lucia Barreto Matzenauer<\/span><\/p>\n<p><span style=\"font-size: 12pt;font-family: arial, helvetica, sans-serif\">Data da defesa: 31\/03\/2014<\/span><\/p>\n<p><a href=\"https:\/\/wp.ufpel.edu.br\/ppgl\/files\/2018\/11\/A-Constru\u00e7\u00e3o-da-Fonologia-por-Crian\u00e7as-Falantes-Nativas-de-Espanhol_a-Aquisi\u00e7\u00e3o-do-Sistema-Consonantal-Bruna-Ribeiro-Viraqu\u00e9.pdf\">Texto Completo<\/a><\/p>\n<p>&nbsp;<\/p>\n<p>&nbsp;<\/p>\n<p><strong><span style=\"font-size: 12pt;font-family: arial, helvetica, sans-serif\">Nairana Hoffmann Sedrez<\/span><\/strong><\/p>\n<p><span style=\"font-size: 12pt;font-family: arial, helvetica, sans-serif\">Reusabilidade e redirecionamento de Objetos de Aprendizagem de L\u00ednguas para alunos surdos e ouvintes<\/span><\/p>\n<p><span style=\"font-size: 12pt;font-family: arial, helvetica, sans-serif\">Orientador: Vilson Jose Leffa<\/span><\/p>\n<p><span style=\"font-size: 12pt;font-family: arial, helvetica, sans-serif\">Data da defesa: 21\/02\/2014<\/span><\/p>\n<p><a href=\"https:\/\/wp.ufpel.edu.br\/ppgl\/files\/2018\/11\/Reusabilidade-e-redirecionamento-de-objetos-de-aprendizagem-de-l\u00ednguas-para-alunos-surdos-e-ouvintes-Nairana-Hoffmann-Sedrez.pdf\">Texto Completo <\/a><\/p>\n<p>&nbsp;<\/p>\n<p>&nbsp;<\/p>\n<p><strong><span style=\"font-size: 12pt;font-family: arial, helvetica, sans-serif\">Maria Waleska Peil Martins<\/span><\/strong><\/p>\n<p><span style=\"font-size: 12pt;font-family: arial, helvetica, sans-serif\">SER PROFESSOR DE L\u00cdNGUA INGLESA EM CURSOS LIVRES: IDENTIFICA\u00c7\u00d5ES E PR\u00c1TICAS DOCENTES<\/span><\/p>\n<p><span style=\"font-size: 12pt;font-family: arial, helvetica, sans-serif\">Orientador: Adail Ubirajara Sobral<\/span><\/p>\n<p><span style=\"font-size: 12pt;font-family: arial, helvetica, sans-serif\">Data da defesa: 21\/02\/2014<\/span><\/p>\n<p><a href=\"https:\/\/wp.ufpel.edu.br\/ppgl\/files\/2018\/11\/Ser-professor-de-lingua-inglesa-em-cursos-livre_identificacoes-e-praticas-docentes-Maria-Waleska-Siga-Peil-Martins-1.pdf\">Texto Completo <\/a><\/p>\n<p>&nbsp;<\/p>\n<p>&nbsp;<\/p>\n<p><strong><span style=\"font-size: 12pt;font-family: arial, helvetica, sans-serif\">Luisa Klug Guedes<\/span><\/strong><\/p>\n<p><span style=\"font-size: 12pt;font-family: arial, helvetica, sans-serif\">O USO DE GAMES COMO INPUT PARA A APRENDIZAGEM DE L\u00cdNGUAS<\/span><\/p>\n<p><span style=\"font-size: 12pt;font-family: arial, helvetica, sans-serif\">Orientador: Vilson Jose Leffa<\/span><\/p>\n<p><span style=\"font-size: 12pt;font-family: arial, helvetica, sans-serif\">Data da defesa: 14\/02\/2014<\/span><\/p>\n<p><a href=\"https:\/\/wp.ufpel.edu.br\/ppgl\/files\/2018\/11\/O-uso-de-games-como-INPUT-para-a-aprendizagem-de-l\u00ednguas-Luisa-Klug-Guedes.pdf\">Texto Completo <\/a><\/p>\n<p>&nbsp;<\/p>\n<p>&nbsp;<\/p>\n<p>&nbsp;<\/p>\n<p>&nbsp;<\/p>\n","protected":false},"excerpt":{"rendered":"<p>Liane Regio Lucas A PERCEP\u00c7\u00c3O DAS ENTOA\u00c7\u00d5ES NAS FRASES IMPERATIVAS NEGATIVAS DO INGL\u00caS POR FALANTES DE L\u00cdNGUA PORTUGUESA &#8211; UMA AN\u00c1LISE \u00c0 LUZ DAS TEORIAS PROS\u00d3DICA E ENTOACIONAL Orientador: Carmen Lucia Barreto Matzenauer Data da defesa: 18\/12\/2014 Texto Completo &nbsp; &nbsp; Fabiana Soares Da Silva Consci\u00eancia Fonol\u00f3gica em L\u00edngua Estrangeira_um Estudo Acerca da Aquisi\u00e7\u00e3o de [&hellip;]<\/p>\n","protected":false},"author":253,"featured_media":0,"parent":397,"menu_order":6,"comment_status":"closed","ping_status":"closed","template":"","meta":{"jetpack_post_was_ever_published":false,"footnotes":""},"class_list":["post-2247","page","type-page","status-publish","hentry"],"jetpack_sharing_enabled":true,"jetpack_shortlink":"https:\/\/wp.me\/P8vD3Q-Af","_links":{"self":[{"href":"https:\/\/wp.ufpel.edu.br\/ppgl\/wp-json\/wp\/v2\/pages\/2247","targetHints":{"allow":["GET"]}}],"collection":[{"href":"https:\/\/wp.ufpel.edu.br\/ppgl\/wp-json\/wp\/v2\/pages"}],"about":[{"href":"https:\/\/wp.ufpel.edu.br\/ppgl\/wp-json\/wp\/v2\/types\/page"}],"author":[{"embeddable":true,"href":"https:\/\/wp.ufpel.edu.br\/ppgl\/wp-json\/wp\/v2\/users\/253"}],"replies":[{"embeddable":true,"href":"https:\/\/wp.ufpel.edu.br\/ppgl\/wp-json\/wp\/v2\/comments?post=2247"}],"version-history":[{"count":14,"href":"https:\/\/wp.ufpel.edu.br\/ppgl\/wp-json\/wp\/v2\/pages\/2247\/revisions"}],"predecessor-version":[{"id":3514,"href":"https:\/\/wp.ufpel.edu.br\/ppgl\/wp-json\/wp\/v2\/pages\/2247\/revisions\/3514"}],"up":[{"embeddable":true,"href":"https:\/\/wp.ufpel.edu.br\/ppgl\/wp-json\/wp\/v2\/pages\/397"}],"wp:attachment":[{"href":"https:\/\/wp.ufpel.edu.br\/ppgl\/wp-json\/wp\/v2\/media?parent=2247"}],"curies":[{"name":"wp","href":"https:\/\/api.w.org\/{rel}","templated":true}]}}