{"id":202,"date":"2014-04-22T15:23:17","date_gmt":"2014-04-22T18:23:17","guid":{"rendered":"https:\/\/wp.ufpel.edu.br\/ppgl\/?page_id=202"},"modified":"2025-02-23T20:07:16","modified_gmt":"2025-02-23T23:07:16","slug":"ensino-e-aprendizagem-de-linguas","status":"publish","type":"page","link":"https:\/\/wp.ufpel.edu.br\/ppgl\/areas-e-linhas\/estudos-da-linguagem\/ensino-e-aprendizagem-de-linguas\/","title":{"rendered":"Texto, discurso e rela\u00e7\u00f5es sociais"},"content":{"rendered":"<p style=\"text-align: center;\"><span style=\"font-size: 18pt;\"><strong>Linha de pesquisa: Texto, discurso e rela\u00e7\u00f5es sociais<\/strong><\/span><\/p>\n<p>&nbsp;<\/p>\n<p style=\"text-align: justify;\">Essa linha congrega toda investiga\u00e7\u00e3o de processos textuais\/discursivos em sua organiza\u00e7\u00e3o interna e em seu funcionamento em diferentes pr\u00e1ticas sociais, dentro e fora do contexto escolar.<\/p>\n","protected":false},"excerpt":{"rendered":"<p>Linha de pesquisa: Texto, discurso e rela\u00e7\u00f5es sociais &nbsp; Essa linha congrega toda investiga\u00e7\u00e3o de processos textuais\/discursivos em sua organiza\u00e7\u00e3o interna e em seu funcionamento em diferentes pr\u00e1ticas sociais, dentro e fora do contexto escolar.<\/p>\n","protected":false},"author":253,"featured_media":0,"parent":195,"menu_order":0,"comment_status":"closed","ping_status":"closed","template":"","meta":{"jetpack_post_was_ever_published":false,"footnotes":""},"class_list":["post-202","page","type-page","status-publish","hentry"],"jetpack_sharing_enabled":true,"jetpack_shortlink":"https:\/\/wp.me\/P8vD3Q-3g","_links":{"self":[{"href":"https:\/\/wp.ufpel.edu.br\/ppgl\/wp-json\/wp\/v2\/pages\/202","targetHints":{"allow":["GET"]}}],"collection":[{"href":"https:\/\/wp.ufpel.edu.br\/ppgl\/wp-json\/wp\/v2\/pages"}],"about":[{"href":"https:\/\/wp.ufpel.edu.br\/ppgl\/wp-json\/wp\/v2\/types\/page"}],"author":[{"embeddable":true,"href":"https:\/\/wp.ufpel.edu.br\/ppgl\/wp-json\/wp\/v2\/users\/253"}],"replies":[{"embeddable":true,"href":"https:\/\/wp.ufpel.edu.br\/ppgl\/wp-json\/wp\/v2\/comments?post=202"}],"version-history":[{"count":6,"href":"https:\/\/wp.ufpel.edu.br\/ppgl\/wp-json\/wp\/v2\/pages\/202\/revisions"}],"predecessor-version":[{"id":7445,"href":"https:\/\/wp.ufpel.edu.br\/ppgl\/wp-json\/wp\/v2\/pages\/202\/revisions\/7445"}],"up":[{"embeddable":true,"href":"https:\/\/wp.ufpel.edu.br\/ppgl\/wp-json\/wp\/v2\/pages\/195"}],"wp:attachment":[{"href":"https:\/\/wp.ufpel.edu.br\/ppgl\/wp-json\/wp\/v2\/media?parent=202"}],"curies":[{"name":"wp","href":"https:\/\/api.w.org\/{rel}","templated":true}]}}