{"id":1195,"date":"2017-03-24T14:19:17","date_gmt":"2017-03-24T17:19:17","guid":{"rendered":"https:\/\/wp.ufpel.edu.br\/ppgl\/?page_id=1195"},"modified":"2025-02-23T16:35:22","modified_gmt":"2025-02-23T19:35:22","slug":"horarios","status":"publish","type":"page","link":"https:\/\/wp.ufpel.edu.br\/ppgl\/horarios\/","title":{"rendered":"Hor\u00e1rios"},"content":{"rendered":"<p>&nbsp;<\/p>\n<p><a href=\"https:\/\/wp.ufpel.edu.br\/ppgl\/files\/2019\/12\/Hor\u00e1rio-20201-2.pdf\">Oferta de disciplinas e hor\u00e1rio 2020\/1<\/a><\/p>\n<p><a href=\"https:\/\/wp.ufpel.edu.br\/ppgl\/files\/2019\/09\/Oferta-de-disciplinas-e-hor\u00e1rio-20192.pdf\">Oferta de disciplinas e hor\u00e1rio 2019\/2<\/a><\/p>\n<p><a href=\"https:\/\/wp.ufpel.edu.br\/ppgl\/files\/2018\/12\/Previs\u00e3o-de-hor\u00e1rios-2019-01-\u00faltima-vers\u00e3o-1.pdf\">Oferta de disciplinas e hor\u00e1rio 2019\/1<\/a><\/p>\n<p>&nbsp;<\/p>\n","protected":false},"excerpt":{"rendered":"<p>&nbsp; Oferta de disciplinas e hor\u00e1rio 2020\/1 Oferta de disciplinas e hor\u00e1rio 2019\/2 Oferta de disciplinas e hor\u00e1rio 2019\/1 &nbsp;<\/p>\n","protected":false},"author":253,"featured_media":0,"parent":0,"menu_order":30,"comment_status":"closed","ping_status":"closed","template":"","meta":{"jetpack_post_was_ever_published":false,"footnotes":""},"class_list":["post-1195","page","type-page","status-publish","hentry"],"jetpack_sharing_enabled":true,"jetpack_shortlink":"https:\/\/wp.me\/P8vD3Q-jh","_links":{"self":[{"href":"https:\/\/wp.ufpel.edu.br\/ppgl\/wp-json\/wp\/v2\/pages\/1195","targetHints":{"allow":["GET"]}}],"collection":[{"href":"https:\/\/wp.ufpel.edu.br\/ppgl\/wp-json\/wp\/v2\/pages"}],"about":[{"href":"https:\/\/wp.ufpel.edu.br\/ppgl\/wp-json\/wp\/v2\/types\/page"}],"author":[{"embeddable":true,"href":"https:\/\/wp.ufpel.edu.br\/ppgl\/wp-json\/wp\/v2\/users\/253"}],"replies":[{"embeddable":true,"href":"https:\/\/wp.ufpel.edu.br\/ppgl\/wp-json\/wp\/v2\/comments?post=1195"}],"version-history":[{"count":17,"href":"https:\/\/wp.ufpel.edu.br\/ppgl\/wp-json\/wp\/v2\/pages\/1195\/revisions"}],"predecessor-version":[{"id":4193,"href":"https:\/\/wp.ufpel.edu.br\/ppgl\/wp-json\/wp\/v2\/pages\/1195\/revisions\/4193"}],"wp:attachment":[{"href":"https:\/\/wp.ufpel.edu.br\/ppgl\/wp-json\/wp\/v2\/media?parent=1195"}],"curies":[{"name":"wp","href":"https:\/\/api.w.org\/{rel}","templated":true}]}}