{"id":878,"date":"2018-06-29T16:17:29","date_gmt":"2018-06-29T19:17:29","guid":{"rendered":"https:\/\/wp.ufpel.edu.br\/ppgh\/?page_id=878"},"modified":"2020-09-21T13:30:51","modified_gmt":"2020-09-21T16:30:51","slug":"turma-2016","status":"publish","type":"page","link":"https:\/\/wp.ufpel.edu.br\/ppgh\/turma-2016\/","title":{"rendered":"Turma 2016"},"content":{"rendered":"<p>ANELISE DOMINGUES DA SILVA<\/p>\n<p><a href=\"https:\/\/wp.ufpel.edu.br\/ppgh\/turma-2016\/a-historia-da-africa-em-uma-colecao-de-livros-didaticos-produzidos-para-o-pnld-em-2008-2017\/\" rel=\"attachment wp-att-1126\">A Hist\u00f3ria da \u00c1frica em uma cole\u00e7\u00e3o de Livros Did\u00e1ticos produzidos para o PNLD &#8211; EM (2008 \u2013 2017)<\/a><a href=\"https:\/\/wp.ufpel.edu.br\/ppgh\/turma-2016\/a-historia-da-africa-em-uma-colecao-de-livros-didaticos-produzidos-para-o-pnld-em-2008-2017\/\" rel=\"attachment wp-att-1126\">A Hist\u00f3ria da \u00c1frica em uma cole\u00e7\u00e3o de Livros Did\u00e1ticos produzidos para o PNLD &#8211; EM (2008 \u2013 2017)<\/a><\/p>\n<p>&nbsp;<\/p>\n<p>ANT\u00d4NIO AUGUSTO DA SILVA AZAMBUJA<\/p>\n<p><a href=\"https:\/\/wp.ufpel.edu.br\/ppgh\/turma-2016\/a-carreira-dos-servidores-tecnicos-administrativos-das-instituicoes-federais-de-ensino-superior-do-pucrce-ao-pcctae-1985-a-2007\/\" rel=\"attachment wp-att-1127\">A Carreira dos Servidores T\u00e9cnicos Administrativos das Institui\u00e7\u00f5es Federais de Ensino Superior do PUCRCE ao PCCTAE (1985 A 2007)<\/a><\/p>\n<p>&nbsp;<\/p>\n<p>ELENA TEIXEIRA PORTO VIEIRA<\/p>\n<p><a href=\"https:\/\/wp.ufpel.edu.br\/ppgh\/turma-2016\/o-golpe-de-64-silenciado-a-memoria-e-o-esquecimento-do-periodo-da-ditadura-no-municipio-de-jaguarao-rs\/\" rel=\"attachment wp-att-1128\">O Golpe de 64 silenciado A mem\u00f3ria e o esquecimento do per\u00edodo da Ditadura no munic\u00edpio de Jaguar\u00e3o &#8211; RS<\/a><\/p>\n<p>&nbsp;<\/p>\n<p>ELIANA MENEZES DE SOUZA<\/p>\n<p><a href=\"https:\/\/wp.ufpel.edu.br\/ppgh\/turma-2016\/as-etnias-presentes-na-formacao-da-vila-nova-no-7o-distrito-de-pelotas-rs\/\" rel=\"attachment wp-att-1129\">As Etnias presentes na forma\u00e7\u00e3o da Vila Nova no 7\u00ba Distrito de Pelotas &#8211; RS<\/a><\/p>\n<p>&nbsp;<\/p>\n<p>ELISIANE MEDEIROS CHAVES<\/p>\n<p><a href=\"https:\/\/wp.ufpel.edu.br\/ppgh\/turma-2016\/elisiane-medeiros-chaves\/\" rel=\"attachment wp-att-884\">&#8220;[&#8230;] eu quebrei a pau, chutei, arroxei os dois olhos, eu gostava tanto dela, n\u00e3o era pra ter feito aquilo comigo&#8221;: narrativas de r\u00e9us julgados por viol\u00eancia dom\u00e9stica na comarca de Pelotas -RS (2011-2018)<\/a><\/p>\n<p>&nbsp;<\/p>\n<p>GABRIELA BRUM ROSSELLI<\/p>\n<p><a href=\"https:\/\/wp.ufpel.edu.br\/ppgh\/turma-2016\/djair-tu-es-a-nossa-carmen-miranda-trajetoria-profissional-de-djair-barreto-madruga-atraves-de-seu-acervo-pessoal-1955-1993\/\" rel=\"attachment wp-att-1130\">\u201cDjair, tu \u00e9s a nossa Carmen Miranda\u201d trajet\u00f3ria profissional de Djair Barreto Madruga atrav\u00e9s de seu acervo pessoal (1955-1993)<\/a><\/p>\n<p>&nbsp;<\/p>\n<p>GUSTAVO SILVEIRA RIBEIRO<\/p>\n<p><a href=\"https:\/\/wp.ufpel.edu.br\/ppgh\/turma-2016\/todo-poder-emana-das-maos-brancas-discurso-raca-e-ideologia-nos-comic-books-da-editora-timely-1939-1945\/\" rel=\"attachment wp-att-1337\">Todo poder emana das m\u00e3os brancas &#8211; Discurso, ra\u00e7a e ideologia nos comic books da editora Timely (1939-1945)<\/a><\/p>\n<p>&nbsp;<\/p>\n<p>HELOISA HELENA CAMPELO RODRIGUES DA ROCHA<\/p>\n<p><a href=\"https:\/\/wp.ufpel.edu.br\/ppgh\/turma-2016\/a-extensao-na-universidade-federal-de-pelotas-estrutura-administrativa-e-politicas-institucionais-1969-1992\/\" rel=\"attachment wp-att-1131\">A extensao na Universidade Federal de Pelotas estrutura administrativa e politicas institucionais (1969 &#8211; 1992)<\/a><\/p>\n<p>&nbsp;<\/p>\n<p>LAURA GIORDANI<\/p>\n<p><a href=\"https:\/\/wp.ufpel.edu.br\/ppgh\/turma-2016\/cultura-visual-e-historia-conexoes-entre-o-quadro-independencia-ou-morte-e-a-graphic-novel-independencia-ou-mortos-seculos-xix-a-xxi\/\" rel=\"attachment wp-att-1132\">Cultura Visual e Hist\u00f3ria &#8211; conex\u00f5es entre o quadro Independ\u00eancia ou Morte! e a graphic novel Independ\u00eancia ou Mortos (S\u00e9culos XIX a XXI)<\/a><\/p>\n<p>&nbsp;<\/p>\n<p>MAICON ALEXANDRE TIMM DE OLIVEIRA<\/p>\n<p><a href=\"https:\/\/wp.ufpel.edu.br\/ppgh\/turma-2016\/maicon-alexandre-timm-de-oliveira\/\" rel=\"attachment wp-att-880\">Do c\u00e9u A Estrela do Norte, do inferno Os Carrascos Tamb\u00e9m Morrem: A ideologia estadunidense no cinema hollywoodiano (1943)<\/a><\/p>\n<p>&nbsp;<\/p>\n<p>M\u00c1RIO AYRES DA SILVEIRA<\/p>\n<p><a href=\"https:\/\/wp.ufpel.edu.br\/ppgh\/turma-2016\/por-favor-me-ajude-ele-quer-me-matar-a-violencia-contra-a-mulher-na-cidade-de-pelotas-rs-2003-2018\/\" rel=\"attachment wp-att-1133\">\u201cPOR FAVOR ME AJUDE. ELE QUER ME MATAR\u201d A VIOL\u00caNCIA CONTRA A MULHER NA CIDADE DE PELOTAS-RS (2003-2018)<\/a><\/p>\n<p>&nbsp;<\/p>\n<p>SILVIA BANDEIRA DA SILVA<\/p>\n<p><a href=\"https:\/\/wp.ufpel.edu.br\/ppgh\/turma-2016\/o-trabalho-infantojuvenil-e-suas-demandas-analise-dos-processos-dos-jovens-trabalhadores-em-pelotas-1945-1950\/\" rel=\"attachment wp-att-2013\">O TRABALHO INFANTOJUVENIL E SUAS DEMANDAS- AN\u00c1LISE DOS PROCESSOS DOS JOVENS TRABALHADORES EM PELOTAS (1945-1950)<\/a><\/p>\n<p>&nbsp;<\/p>\n<p>SUZI URBANA SILVEIRA DA SILVA<\/p>\n<p><a href=\"https:\/\/wp.ufpel.edu.br\/ppgh\/turma-2016\/o-sindicato-dos-tecnico-administrativos-em-educacao-superior-da-universidade-federal-de-pelotas-e-capao-do-leao-asufpel-sua-criacao-e-luta-por-direitos\/\" rel=\"attachment wp-att-1134\">O Sindicato dos T\u00e9cnico-Administrativos em Educa\u00e7\u00e3o Superior da Universidade Federal de Pelotas e Cap\u00e3o do Le\u00e3o (ASUFPEL) sua cria\u00e7\u00e3o e luta por direitos<\/a><\/p>\n<p>&nbsp;<\/p>\n<p>TIAGO ROSA DA SILVA<\/p>\n<p><a href=\"https:\/\/wp.ufpel.edu.br\/ppgh\/turma-2016\/tiago-rosa-da-silva\/\" rel=\"attachment wp-att-886\">Viv\u00eancias e experi\u00eancias associativas em Bag\u00e9-RS no P\u00f3s-aboli\u00e7\u00e3o: imprensa, carnaval e Clubes Sociais Negros na fronteira sul do Brasil &#8211; 1913-1980<\/a><\/p>\n<p>&nbsp;<\/p>\n<p>TICIANE PINTO GARCIA<\/p>\n<p><a href=\"https:\/\/wp.ufpel.edu.br\/ppgh\/turma-2016\/um-santo-pelos-bracos-do-povo-a-trajetoria-e-devocao-a-padre-reinaldo-wiest-em-pelotas-e-piratini-rs\/\" rel=\"attachment wp-att-1479\">Um santo pelos bra\u00e7os do povo &#8211; A trajet\u00f3ria e devo\u00e7\u00e3o a padre Reinaldo Wiest, em Pelotas e Piratini &#8211; RS<\/a><\/p>\n<p>&nbsp;<\/p>\n<p>VINICIUS CARVALHO VELEDA<\/p>\n<p><a href=\"https:\/\/wp.ufpel.edu.br\/ppgh\/turma-2016\/a-vida-e-um-samba-a-trajetoria-pianistica-de-joao-leal-brito-britinho-1917-1966\/\" rel=\"attachment wp-att-1237\">A vida \u00e9 um samba &#8211; A trajet\u00f3ria pian\u00edstica de Jo\u00e3o Leal Brito &#8211; Britinho (1917-1966)<\/a><\/p>\n","protected":false},"excerpt":{"rendered":"<p>ANELISE DOMINGUES DA SILVA A Hist\u00f3ria da \u00c1frica em uma cole\u00e7\u00e3o de Livros Did\u00e1ticos produzidos para o PNLD &#8211; EM (2008 \u2013 2017)A Hist\u00f3ria da \u00c1frica em uma cole\u00e7\u00e3o de Livros Did\u00e1ticos produzidos para o PNLD &#8211; EM (2008 \u2013 2017) &nbsp; ANT\u00d4NIO AUGUSTO DA SILVA AZAMBUJA A Carreira dos Servidores T\u00e9cnicos Administrativos das Institui\u00e7\u00f5es [&hellip;]<\/p>\n","protected":false},"author":57,"featured_media":0,"parent":0,"menu_order":0,"comment_status":"closed","ping_status":"closed","template":"","meta":{"footnotes":""},"class_list":["post-878","page","type-page","status-publish","hentry"],"_links":{"self":[{"href":"https:\/\/wp.ufpel.edu.br\/ppgh\/wp-json\/wp\/v2\/pages\/878","targetHints":{"allow":["GET"]}}],"collection":[{"href":"https:\/\/wp.ufpel.edu.br\/ppgh\/wp-json\/wp\/v2\/pages"}],"about":[{"href":"https:\/\/wp.ufpel.edu.br\/ppgh\/wp-json\/wp\/v2\/types\/page"}],"author":[{"embeddable":true,"href":"https:\/\/wp.ufpel.edu.br\/ppgh\/wp-json\/wp\/v2\/users\/57"}],"replies":[{"embeddable":true,"href":"https:\/\/wp.ufpel.edu.br\/ppgh\/wp-json\/wp\/v2\/comments?post=878"}],"version-history":[{"count":11,"href":"https:\/\/wp.ufpel.edu.br\/ppgh\/wp-json\/wp\/v2\/pages\/878\/revisions"}],"predecessor-version":[{"id":2014,"href":"https:\/\/wp.ufpel.edu.br\/ppgh\/wp-json\/wp\/v2\/pages\/878\/revisions\/2014"}],"wp:attachment":[{"href":"https:\/\/wp.ufpel.edu.br\/ppgh\/wp-json\/wp\/v2\/media?parent=878"}],"curies":[{"name":"wp","href":"https:\/\/api.w.org\/{rel}","templated":true}]}}