{"id":4150,"date":"2025-06-18T11:33:20","date_gmt":"2025-06-18T14:33:20","guid":{"rendered":"https:\/\/wp.ufpel.edu.br\/ppgh\/?page_id=4150"},"modified":"2025-07-15T19:00:11","modified_gmt":"2025-07-15T22:00:11","slug":"turma-2021-2","status":"publish","type":"page","link":"https:\/\/wp.ufpel.edu.br\/ppgh\/turma-2021-2\/","title":{"rendered":"Turma 2021"},"content":{"rendered":"<p><strong>JAIRO PARANHOS DA SILVA<\/strong><\/p>\n<p>&nbsp;<\/p>\n<p><strong>J\u00c9SSICA RODRIGUES BANDEIRA PERES<\/strong><\/p>\n<p>&nbsp;<\/p>\n<p><strong>JONATHAN VIANA DA SILVA<\/strong><\/p>\n<p>&nbsp;<\/p>\n<p><strong>JORDAN BRASIL DOS SANTOS<\/strong><\/p>\n<p>&nbsp;<\/p>\n<p><strong>JOS\u00c9 RICARDO RESENDE JUNIOR<\/strong><\/p>\n<p>&nbsp;<\/p>\n<p><strong>LEANDRO ROSA DAL FORNO<\/strong><\/p>\n<p>&nbsp;<\/p>\n<p><strong>L\u00c9O ARA\u00daJO LACERDA<\/strong><\/p>\n<p><a href=\"https:\/\/repositorio.ufpel.edu.br\/bitstream\/handle\/prefix\/15714\/L%c3%89O%20ARA%c3%9aJO%20LACERDA_Tese.pdf?sequence=1&amp;isAllowed=y\">Forma es conplida de onbre quando ha todos sus mienbros conplidos: &amp; sanos\u201d: por uma hist\u00f3ria das desabilidades no reinado afonsino (1252 1284)<\/a><\/p>\n<p>&nbsp;<\/p>\n<p><strong>LUCAS MARQUES VILHENA MOTTA<\/strong><\/p>\n<p>&nbsp;<\/p>\n<p><strong>LUIZ PAULO DA SILVA SOARES<\/strong><\/p>\n<p><a href=\"https:\/\/repositorio.ufpel.edu.br\/handle\/prefix\/15716\">O Brasil em estilha\u00e7os:\u00a0 a ditadura civil-militar brasileira retratada no cinema na perspectiva de estudantes\u00a0 do ensino m\u00e9dio<\/a><\/p>\n<p>&nbsp;<\/p>\n<p><strong>TICIANO DUARTE PEDROSO<\/strong><\/p>\n","protected":false},"excerpt":{"rendered":"<p>JAIRO PARANHOS DA SILVA &nbsp; J\u00c9SSICA RODRIGUES BANDEIRA PERES &nbsp; JONATHAN VIANA DA SILVA &nbsp; JORDAN BRASIL DOS SANTOS &nbsp; JOS\u00c9 RICARDO RESENDE JUNIOR &nbsp; LEANDRO ROSA DAL FORNO &nbsp; L\u00c9O ARA\u00daJO LACERDA Forma es conplida de onbre quando ha todos sus mienbros conplidos: &amp; sanos\u201d: por uma hist\u00f3ria das desabilidades no reinado afonsino (1252 [&hellip;]<\/p>\n","protected":false},"author":57,"featured_media":0,"parent":0,"menu_order":0,"comment_status":"closed","ping_status":"closed","template":"","meta":{"footnotes":""},"class_list":["post-4150","page","type-page","status-publish","hentry"],"_links":{"self":[{"href":"https:\/\/wp.ufpel.edu.br\/ppgh\/wp-json\/wp\/v2\/pages\/4150","targetHints":{"allow":["GET"]}}],"collection":[{"href":"https:\/\/wp.ufpel.edu.br\/ppgh\/wp-json\/wp\/v2\/pages"}],"about":[{"href":"https:\/\/wp.ufpel.edu.br\/ppgh\/wp-json\/wp\/v2\/types\/page"}],"author":[{"embeddable":true,"href":"https:\/\/wp.ufpel.edu.br\/ppgh\/wp-json\/wp\/v2\/users\/57"}],"replies":[{"embeddable":true,"href":"https:\/\/wp.ufpel.edu.br\/ppgh\/wp-json\/wp\/v2\/comments?post=4150"}],"version-history":[{"count":2,"href":"https:\/\/wp.ufpel.edu.br\/ppgh\/wp-json\/wp\/v2\/pages\/4150\/revisions"}],"predecessor-version":[{"id":4165,"href":"https:\/\/wp.ufpel.edu.br\/ppgh\/wp-json\/wp\/v2\/pages\/4150\/revisions\/4165"}],"wp:attachment":[{"href":"https:\/\/wp.ufpel.edu.br\/ppgh\/wp-json\/wp\/v2\/media?parent=4150"}],"curies":[{"name":"wp","href":"https:\/\/api.w.org\/{rel}","templated":true}]}}