{"id":3704,"date":"2024-07-08T16:14:04","date_gmt":"2024-07-08T19:14:04","guid":{"rendered":"https:\/\/wp.ufpel.edu.br\/ppgh\/?page_id=3704"},"modified":"2024-08-02T13:55:32","modified_gmt":"2024-08-02T16:55:32","slug":"turma-2019","status":"publish","type":"page","link":"https:\/\/wp.ufpel.edu.br\/ppgh\/doutorado\/turma-2019\/","title":{"rendered":"Turma 2019"},"content":{"rendered":"<p><strong><span style=\"font-family: 'Arial','sans-serif'\">AMANDA NUNES MOREIRA<\/span><\/strong><\/p>\n<p><a href=\"https:\/\/guaiaca.ufpel.edu.br\/handle\/prefix\/13675\"><span style=\"font-family: arial, helvetica, sans-serif\">A forma\u00e7\u00e3o da consci\u00eancia hist\u00f3rica de jovens, a partir dos espa\u00e7os de socializa\u00e7\u00e3o<\/span><\/a><\/p>\n<p>&nbsp;<\/p>\n<p><strong><span style=\"font-family: 'Arial','sans-serif'\">ARTUR RODRIGO ITAQUI LOPES FILHO<\/span><\/strong><\/p>\n<p><a href=\"https:\/\/guaiaca.ufpel.edu.br\/handle\/prefix\/13676\"><span style=\"font-family: arial, helvetica, sans-serif\">A Cultura pop enquanto representa\u00e7\u00e3o do seu tempo: um estudo sobre os paradigmas do imagin\u00e1rio contextual estadunidense na d\u00e9cada de 1980<\/span><\/a><\/p>\n<p>&nbsp;<\/p>\n<p><strong><span style=\"font-family: 'Arial','sans-serif'\">DANIEL BARBIER LEAL<\/span><\/strong><\/p>\n<p><a href=\"https:\/\/guaiaca.ufpel.edu.br\/handle\/prefix\/13677\"><span style=\"font-family: arial, helvetica, sans-serif\">O cancelamento da Queermuseu: Porto Alegre\/RS, 10 de setembro de 2017<\/span><\/a><\/p>\n<p>&nbsp;<\/p>\n<p><strong><span style=\"font-family: 'Arial','sans-serif'\">D\u00c1RIO MILECH NETO<\/span><\/strong><\/p>\n<p><a href=\"https:\/\/guaiaca.ufpel.edu.br\/handle\/prefix\/13678\"><span style=\"font-family: arial, helvetica, sans-serif\">\u201cCruzada de Sangue\u201d: um estudo sobre uma quadrilha de bandidos na fronteira meridional do Brasil, 1880 \u2013 1892<\/span><\/a><\/p>\n<p>&nbsp;<\/p>\n<p><strong><span style=\"font-family: 'Arial','sans-serif'\">ELISIANE MEDEIROS CHAVES<\/span><\/strong><\/p>\n<p><a href=\"https:\/\/guaiaca.ufpel.edu.br\/handle\/prefix\/13694\"><span style=\"font-family: arial, helvetica, sans-serif\">\u201cTu n\u00e3o sabes do que eu sou capaz [&#8230;] me solta que eu quero mat\u00e1-la\u201d: um estudo sobre feminic\u00eddios, nas formas tentada e consumada, ocorridos em Pelotas\/RS (2014-2022)<\/span><\/a><\/p>\n<p>&nbsp;<\/p>\n<p><strong><span style=\"font-family: 'Arial','sans-serif'\">ELVIS SILVEIRA SIM\u00d5ES<\/span><\/strong><\/p>\n<p><a href=\"https:\/\/guaiaca.ufpel.edu.br\/handle\/prefix\/13679\"><span style=\"font-family: arial, helvetica, sans-serif\">Tra\u00e7ando caminhos: a trajet\u00f3ria pol\u00edtico-sindical de Antonio Nailem Esp\u00edndola, entre os anos de 1957 a 1981<\/span><\/a><\/p>\n<p>&nbsp;<\/p>\n<p><strong><span style=\"font-family: 'Arial','sans-serif'\">MARCELO FRAN\u00c7A DE OLIVEIRA<\/span><\/strong><\/p>\n<p><a href=\"https:\/\/guaiaca.ufpel.edu.br\/handle\/prefix\/13680\"><span style=\"font-family: arial, helvetica, sans-serif\">Uma hist\u00f3ria da Revolu\u00e7\u00e3o Federalista: o confronto discursivo dos jornais Rio Grande do Sul e Eco do Sul (1891-1895)<\/span><\/a><\/p>\n<p>&nbsp;<\/p>\n<p><strong><span style=\"font-family: 'Arial','sans-serif'\">M\u00c1RCIA TAVARES CHICO<\/span><\/strong><\/p>\n<p><a href=\"https:\/\/guaiaca.ufpel.edu.br\/handle\/prefix\/13681\"><span style=\"font-family: arial, helvetica, sans-serif\">\u201cEla n\u00e3o era ningu\u00e9m especial\u201d: representa\u00e7\u00f5es do feminino em graphic novels de Alan Moore<\/span><\/a><\/p>\n<p>&nbsp;<\/p>\n<p><strong><span style=\"font-family: 'Arial','sans-serif'\">MARIA CLARA LYSAKOWSKI HALLAL<\/span><\/strong><\/p>\n<p><a href=\"https:\/\/guaiaca.ufpel.edu.br\/handle\/prefix\/13697\"><span style=\"font-family: arial, helvetica, sans-serif\">Ver para registrar: narrativas visuais das habitantes da urbe de S\u00e3o Paulo pelas lentes de Hildegard Rosenthal (1940)<\/span><\/a><\/p>\n<p>&nbsp;<\/p>\n<p><strong><span style=\"font-family: 'Arial','sans-serif'\">MAURICIO DA CUNHA ALBUQUERQUE<\/span><\/strong><\/p>\n<p><a href=\"https:\/\/guaiaca.ufpel.edu.br\/handle\/prefix\/13692\"><span style=\"font-family: arial, helvetica, sans-serif\">Cora\u00e7\u00e3o de Le\u00e3o \u2013 O Rei, o Her\u00f3i, o \u00cdcone: Um Estudo acerca da Constru\u00e7\u00e3o Visual desta Personagem na Inglaterra Oitocentista<\/span><\/a><\/p>\n<p>&nbsp;<\/p>\n<p><strong><span style=\"font-family: 'Arial','sans-serif'\">MILENA ROSA ARAUJO OGAWA<\/span><\/strong><\/p>\n<p><a href=\"https:\/\/guaiaca.ufpel.edu.br\/handle\/prefix\/13693\"><span style=\"font-family: arial, helvetica, sans-serif\">Dom\u00edcia Longina: g\u00eanero, ag\u00eancia e poder na Roma imperial no s\u00e9culo I d. C.<\/span><\/a><\/p>\n<p>&nbsp;<\/p>\n<p><strong><span style=\"font-family: 'Arial','sans-serif'\">TAIANE MENDES TABORDA<\/span><\/strong><\/p>\n<p><a href=\"https:\/\/guaiaca.ufpel.edu.br\/handle\/prefix\/13698\"><span style=\"font-family: arial, helvetica, sans-serif\">\u201cPano pra manga\u201d: experi\u00eancias de luta, classe e g\u00eanero no cotidiano das trabalhadoras da Companhia Fia\u00e7\u00e3o e Tecidos Pelotense (1943-1974)<\/span><\/a><\/p>\n<p>&nbsp;<\/p>\n<p><strong><span style=\"font-family: 'Arial','sans-serif'\">THIAGO CEDREZ SILVA<\/span><\/strong><\/p>\n<p><a href=\"https:\/\/guaiaca.ufpel.edu.br\/handle\/prefix\/13699\"><span style=\"font-family: arial, helvetica, sans-serif\">Hist\u00f3ria do Trabalho Portu\u00e1rio: an\u00e1lise das produ\u00e7\u00f5es acad\u00eamicas no Brasil entre os anos de 1973 a 2010<\/span><\/a><\/p>\n","protected":false},"excerpt":{"rendered":"<p>AMANDA NUNES MOREIRA A forma\u00e7\u00e3o da consci\u00eancia hist\u00f3rica de jovens, a partir dos espa\u00e7os de socializa\u00e7\u00e3o &nbsp; ARTUR RODRIGO ITAQUI LOPES FILHO A Cultura pop enquanto representa\u00e7\u00e3o do seu tempo: um estudo sobre os paradigmas do imagin\u00e1rio contextual estadunidense na d\u00e9cada de 1980 &nbsp; DANIEL BARBIER LEAL O cancelamento da Queermuseu: Porto Alegre\/RS, 10 de [&hellip;]<\/p>\n","protected":false},"author":57,"featured_media":0,"parent":3211,"menu_order":0,"comment_status":"closed","ping_status":"closed","template":"","meta":{"footnotes":""},"class_list":["post-3704","page","type-page","status-publish","hentry"],"_links":{"self":[{"href":"https:\/\/wp.ufpel.edu.br\/ppgh\/wp-json\/wp\/v2\/pages\/3704","targetHints":{"allow":["GET"]}}],"collection":[{"href":"https:\/\/wp.ufpel.edu.br\/ppgh\/wp-json\/wp\/v2\/pages"}],"about":[{"href":"https:\/\/wp.ufpel.edu.br\/ppgh\/wp-json\/wp\/v2\/types\/page"}],"author":[{"embeddable":true,"href":"https:\/\/wp.ufpel.edu.br\/ppgh\/wp-json\/wp\/v2\/users\/57"}],"replies":[{"embeddable":true,"href":"https:\/\/wp.ufpel.edu.br\/ppgh\/wp-json\/wp\/v2\/comments?post=3704"}],"version-history":[{"count":11,"href":"https:\/\/wp.ufpel.edu.br\/ppgh\/wp-json\/wp\/v2\/pages\/3704\/revisions"}],"predecessor-version":[{"id":3738,"href":"https:\/\/wp.ufpel.edu.br\/ppgh\/wp-json\/wp\/v2\/pages\/3704\/revisions\/3738"}],"up":[{"embeddable":true,"href":"https:\/\/wp.ufpel.edu.br\/ppgh\/wp-json\/wp\/v2\/pages\/3211"}],"wp:attachment":[{"href":"https:\/\/wp.ufpel.edu.br\/ppgh\/wp-json\/wp\/v2\/media?parent=3704"}],"curies":[{"name":"wp","href":"https:\/\/api.w.org\/{rel}","templated":true}]}}