{"id":3205,"date":"2023-03-29T09:20:28","date_gmt":"2023-03-29T12:20:28","guid":{"rendered":"https:\/\/wp.ufpel.edu.br\/ppgh\/?page_id=3205"},"modified":"2024-12-17T14:17:26","modified_gmt":"2024-12-17T17:17:26","slug":"egressos-doutorado","status":"publish","type":"page","link":"https:\/\/wp.ufpel.edu.br\/ppgh\/egressos-doutorado\/","title":{"rendered":"Egressos Doutorado"},"content":{"rendered":"<ol>\n<li>Amanda Nunes Moreira<\/li>\n<li>Artur Rodrigo Itaqui Lopes Filho<\/li>\n<li>Daniel Barbier Leal<\/li>\n<li>D\u00e1rio Milech Neto<\/li>\n<li>Elisiane Medeiros Chaves<\/li>\n<li>Elvis Silveira Sim\u00f5es<\/li>\n<li>F\u00e1bio Alexandre da Silva<\/li>\n<li>Marcelo Fran\u00e7a de Oliveira<\/li>\n<li>M\u00e1rcia Tavares Chico<\/li>\n<li>Maria Clara Lysakowski Hallal<\/li>\n<li>Mauricio da Cunha Albuquerque<\/li>\n<li>Milena Rosa Araujo Ogawa<\/li>\n<li>M\u00f4nica Lucas Leal de Macedo<\/li>\n<li>Taiane Mendes Taborda<\/li>\n<li>Rafael Ferreira Costa<\/li>\n<li>Thiago Cedrez Silva<\/li>\n<\/ol>\n","protected":false},"excerpt":{"rendered":"<p>Amanda Nunes Moreira Artur Rodrigo Itaqui Lopes Filho Daniel Barbier Leal D\u00e1rio Milech Neto Elisiane Medeiros Chaves Elvis Silveira Sim\u00f5es F\u00e1bio Alexandre da Silva Marcelo Fran\u00e7a de Oliveira M\u00e1rcia Tavares Chico Maria Clara Lysakowski Hallal Mauricio da Cunha Albuquerque Milena Rosa Araujo Ogawa M\u00f4nica Lucas Leal de Macedo Taiane Mendes Taborda Rafael Ferreira Costa Thiago [&hellip;]<\/p>\n","protected":false},"author":57,"featured_media":0,"parent":0,"menu_order":0,"comment_status":"closed","ping_status":"closed","template":"","meta":{"footnotes":""},"class_list":["post-3205","page","type-page","status-publish","hentry"],"_links":{"self":[{"href":"https:\/\/wp.ufpel.edu.br\/ppgh\/wp-json\/wp\/v2\/pages\/3205","targetHints":{"allow":["GET"]}}],"collection":[{"href":"https:\/\/wp.ufpel.edu.br\/ppgh\/wp-json\/wp\/v2\/pages"}],"about":[{"href":"https:\/\/wp.ufpel.edu.br\/ppgh\/wp-json\/wp\/v2\/types\/page"}],"author":[{"embeddable":true,"href":"https:\/\/wp.ufpel.edu.br\/ppgh\/wp-json\/wp\/v2\/users\/57"}],"replies":[{"embeddable":true,"href":"https:\/\/wp.ufpel.edu.br\/ppgh\/wp-json\/wp\/v2\/comments?post=3205"}],"version-history":[{"count":7,"href":"https:\/\/wp.ufpel.edu.br\/ppgh\/wp-json\/wp\/v2\/pages\/3205\/revisions"}],"predecessor-version":[{"id":3812,"href":"https:\/\/wp.ufpel.edu.br\/ppgh\/wp-json\/wp\/v2\/pages\/3205\/revisions\/3812"}],"wp:attachment":[{"href":"https:\/\/wp.ufpel.edu.br\/ppgh\/wp-json\/wp\/v2\/media?parent=3205"}],"curies":[{"name":"wp","href":"https:\/\/api.w.org\/{rel}","templated":true}]}}