{"id":2111,"date":"2020-12-21T10:05:38","date_gmt":"2020-12-21T13:05:38","guid":{"rendered":"https:\/\/wp.ufpel.edu.br\/ppgh\/?page_id=2111"},"modified":"2021-02-25T11:05:39","modified_gmt":"2021-02-25T14:05:39","slug":"turma-2018","status":"publish","type":"page","link":"https:\/\/wp.ufpel.edu.br\/ppgh\/turma-2018\/","title":{"rendered":"Turma 2018"},"content":{"rendered":"<p>ALISSON BARCELLOS BALHEGO<\/p>\n<p><a href=\"https:\/\/wp.ufpel.edu.br\/ppgh\/turma-2018\/para-o-bem-e-fielmente-sem-dolo-nem-malicia-acoes-de-liberdade-em-cangucu-1868-1887\/\" rel=\"attachment wp-att-2112\">Para o bem e fielmente, sem dolo, nem mal\u00edcia A\u00e7\u00f5es de Liberdade em Cangu\u00e7u (1868 \u2013 1887)<\/a><\/p>\n<p>&nbsp;<\/p>\n<p>ANDRIELI PAULA FRANA<\/p>\n<p><a href=\"https:\/\/wp.ufpel.edu.br\/ppgh\/turma-2018\/repara-so-leitor-na-perfeicao-completa-desse-busto-o-erotismo-feminino-nas-capas-do-periodico-o-rio-nu-1908-1909\/\" rel=\"attachment wp-att-2267\">\u201cRepara s\u00f3, leitor, na perfei\u00e7\u00e3o completa d\u2019esse busto\u201d &#8211; O erotismo feminino nas capas do peri\u00f3dico O Rio Nu (1908 \u2013 1909)<\/a><\/p>\n<p>&nbsp;<\/p>\n<p>DARLAN DE FARIAS RODRIGUES<\/p>\n<p><a href=\"https:\/\/wp.ufpel.edu.br\/ppgh\/turma-2018\/anticomunismos-e-visoes-de-mundo-o-patronato-rural-sul-rio-grandense-e-a-reforma-agraria-no-inicio-dos-anos-1960\/\" rel=\"attachment wp-att-2113\">Anticomunismos e vis\u00f5es de mundo o patronato rural sul-rio-grandense e a Reforma Agr\u00e1ria no in\u00edcio dos anos 1960<\/a><\/p>\n<p>&nbsp;<\/p>\n<p>EVERTON BONOW<\/p>\n<p><a href=\"https:\/\/wp.ufpel.edu.br\/ppgh\/turma-2018\/a-expansao-e-interiorizacao-do-ensino-superior-no-rio-grande-do-sul-a-ufpel-e-a-implantacao-da-unipampa\/\" rel=\"attachment wp-att-2114\">A expans\u00e3o e interioriza\u00e7\u00e3o do ensino superior no Rio Grande do Sul &#8211; a UFPel e a implanta\u00e7\u00e3o da UNIPAMPA<\/a><\/p>\n<p>&nbsp;<\/p>\n<p>EZEQUIEL NASCIMENTO SANTOS<\/p>\n<p><a href=\"https:\/\/wp.ufpel.edu.br\/ppgh\/turma-2018\/o-getulino-um-jornal-negro-no-contexto-de-ideologia-do-branqueamento-campinas-1923-1926\/\" rel=\"attachment wp-att-2268\">O Getulino um jornal negro no contexto de \u201cIdeologia do branqueamento\u201d.Campinas, 1923-1926<\/a><\/p>\n<p>&nbsp;<\/p>\n<p>GABRIEL CARVALHO KUNRATH<\/p>\n<p><a href=\"https:\/\/wp.ufpel.edu.br\/ppgh\/turma-2018\/nao-tivemos-outro-jeito-ou-morriamos-ou-nos-defendiamos-uma-analise-acerca-da-batalha-do-irani-1912\/\" rel=\"attachment wp-att-2115\">N\u00e3o tivemos outro jeito, ou morr\u00edamos ou nos defend\u00edamos &#8211; uma an\u00e1lise acerca da Batalha do Irani (1912)<\/a><\/p>\n<p>&nbsp;<\/p>\n<p>JUAN SAMPAIO NEITZKE<\/p>\n<p><a href=\"https:\/\/wp.ufpel.edu.br\/ppgh\/turma-2018\/o-campeonato-brasileiro-de-futebol-de-1985-memorias-do-gremio-esportivo-brasil-de-pelotas\/\" rel=\"attachment wp-att-2269\">O CAMPEONATO BRASILEIRO DE FUTEBOL DE 1985 MEM\u00d3RIAS DO GR\u00caMIO ESPORTIVO BRASIL DE PELOTAS<\/a><\/p>\n<p>&nbsp;<\/p>\n<p>KEVIN RETSLAFF DOS SANTOS<\/p>\n<p><a href=\"https:\/\/wp.ufpel.edu.br\/ppgh\/turma-2018\/banqueiros-e-coroneis-um-estudo-sobre-as-relacoes-politicas-e-economicas-das-elites-locais-com-o-banco-pelotense-1906-1931\/\" rel=\"attachment wp-att-2270\">Banqueiros e coron\u00e9is um estudo sobre as rela\u00e7\u00f5es pol\u00edticas e econ\u00f4micas das elites locais com o Banco Pelotense (1906-1931)<\/a><\/p>\n<p>&nbsp;<\/p>\n<p>LETICIA CAMPAGNOLO CAVALHEIRO<\/p>\n<p><a href=\"https:\/\/wp.ufpel.edu.br\/ppgh\/turma-2018\/um-debate-ainda-necessario-um-estudo-de-caso-sobre-a-formacao-e-pratica-docente-de-uma-escola-da-rede-estadual-de-pelotas-na-discussao-sobre-genero-e-sexualidade\/\" rel=\"attachment wp-att-2116\">Um debate ainda necess\u00e1rio &#8211; um estudo de caso sobre a forma\u00e7\u00e3o e pr\u00e1tica docente de uma escola da Rede Estadual de Pelotas na discuss\u00e3o sobre g\u00eanero e sexualidade<\/a><\/p>\n<p>&nbsp;<\/p>\n<p>LISIANE BELTR\u00c3O PEREIRA<\/p>\n<p><a href=\"https:\/\/wp.ufpel.edu.br\/ppgh\/turma-2018\/praticas-de-resistencia-e-atuacao-politica-do-centro-dos-professores-do-estado-do-rio-grande-do-sul-cpers-no-periodo-final-da-ditadura-civil-militar-1979-a-1984\/\" rel=\"attachment wp-att-2117\">Pr\u00e1ticas de resist\u00eancia e atua\u00e7\u00e3o pol\u00edtica do Centro dos Professores do Estado do Rio Grande do Sul &#8211; CPERS no per\u00edodo final da ditadura civil &#8211; militar (1979 a 1984)<\/a><\/p>\n<p>&nbsp;<\/p>\n<p>LUANA SCHUBERT LEDERMANN<\/p>\n<p><a href=\"https:\/\/wp.ufpel.edu.br\/ppgh\/turma-2018\/desenrolando-fios-e-tecendo-lutas-trabalhadoras-da-cia-fiacao-e-tecidos-pelotense-e-as-desigualdades-de-genero-na-justica-do-trabalho-de-pelotas-nos-anos-1950\/\" rel=\"attachment wp-att-2118\">Desenrolando fios e tecendo lutas &#8211; Trabalhadoras da Cia. Fia\u00e7\u00e3o e Tecidos Pelotense e as desigualdades de g\u00eanero na Justi\u00e7a do Trabalho de Pelotas nos anos 1950<\/a><\/p>\n<p>&nbsp;<\/p>\n<p>LUCAS MARQUES VILHENA MOTTA<\/p>\n<p><a href=\"https:\/\/wp.ufpel.edu.br\/ppgh\/turma-2018\/a-espada-e-o-centro-da-vida-imaginario-dos-samurais-no-manga-vagabond-1998-2007\/\" rel=\"attachment wp-att-2122\">\u201cA Espada \u00e9 o Centro da Vida\u201d Imagin\u00e1rio dos Samurais no Mang\u00e1 Vagabond (1998-2007)<\/a><\/p>\n<p>&nbsp;<\/p>\n<p>LUIS GIOVANI ADAMOLI CASTRO<\/p>\n<p><a href=\"https:\/\/wp.ufpel.edu.br\/ppgh\/turma-2018\/pirrica-a-danca-em-armas-em-ateneu-de-naucratis-sec-ii-iii-d-c\/\" rel=\"attachment wp-att-2124\">P\u00edrrica a dan\u00e7a em armas em Ateneu de N\u00e1ucratis (s\u00e9c. II-III d.C.)<\/a><\/p>\n<p>&nbsp;<\/p>\n<p>N\u00c1DIA CRISTIANE COELHO DA SILVA KENDZERSKI<\/p>\n<p><a href=\"https:\/\/wp.ufpel.edu.br\/ppgh\/turma-2018\/se-que-muchos-piensan-que-porque-soy-una-mujer-no-puedo-llevar-el-timon-as-visoes-antagonicas-sobre-isabel-peron-atraves-da-imprensa-partidaria-peronista-1973-1976\/\" rel=\"attachment wp-att-2125\">\u201cS\u00e9 que muchos piensan que, porque soy una mujer, no puedo llevar el tim\u00f3n&#8230;\u201d as vis\u00f5es antag\u00f4nicas sobre Isabel Per\u00f3n atrav\u00e9s da imprensa partid\u00e1ria peronista (1973-1976)<\/a><\/p>\n<p>&nbsp;<\/p>\n<p>S\u00cdLVIA GON\u00c7ALVES MATEUS<\/p>\n<p><a href=\"https:\/\/wp.ufpel.edu.br\/ppgh\/turma-2018\/os-afrorreligiosos-e-suas-fotografias-memorias-sociabilidades-e-atualizacoes-em-terreiros-de-porto-alegre-e-pelotas-rs\/\" rel=\"attachment wp-att-2126\">Os afrorreligiosos e suas fotografias &#8211; mem\u00f3rias, sociabilidades e atualiza\u00e7\u00f5es em terreiros de Porto Alegre e Pelotas &#8211; RS<\/a><\/p>\n<p>&nbsp;<\/p>\n<p>TIAGO PERINAZZO CASSOL<\/p>\n<p><a href=\"https:\/\/wp.ufpel.edu.br\/ppgh\/turma-2018\/os-sem-terra-voltaram-os-sem-terra-voltara-__-uma-analise-sobre-a-historia-e-as-trajetorias-dos-movimentos-de-luta-pela-terra-no-rio-grande-do-sul-1960-1980\/\" rel=\"attachment wp-att-2127\">Os sem-terra voltaram, os sem-terra voltara&#8230;__ uma an\u00e1lise sobre a hist\u00f3ria e as trajet\u00f3rias dos movimentos de luta pela terra no Rio Grande do Sul (1960-1980)<\/a><\/p>\n<p>&nbsp;<\/p>\n<p>VINICIUS RODRIGUES DIAS<\/p>\n<p><a href=\"https:\/\/wp.ufpel.edu.br\/ppgh\/turma-2018\/o-conceito-de-politico-na-redemocratizacao-pelas-paginas-do-alto-madeira-e-o-guapore-em-1983-noticias-sobre-a-ale-ro\/\" rel=\"attachment wp-att-2128\">O Conceito de Pol\u00edtico na Redemocratiza\u00e7\u00e3o pelas p\u00e1ginas do Alto Madeira e O Guapor\u00e9 em 1983 not\u00edcias sobre a ALE-RO<\/a><\/p>\n<p>&nbsp;<\/p>\n<p>&nbsp;<\/p>\n<p>&nbsp;<\/p>\n<p>&nbsp;<\/p>\n<p>&nbsp;<\/p>\n","protected":false},"excerpt":{"rendered":"<p>ALISSON BARCELLOS BALHEGO Para o bem e fielmente, sem dolo, nem mal\u00edcia A\u00e7\u00f5es de Liberdade em Cangu\u00e7u (1868 \u2013 1887) &nbsp; ANDRIELI PAULA FRANA \u201cRepara s\u00f3, leitor, na perfei\u00e7\u00e3o completa d\u2019esse busto\u201d &#8211; O erotismo feminino nas capas do peri\u00f3dico O Rio Nu (1908 \u2013 1909) &nbsp; DARLAN DE FARIAS RODRIGUES Anticomunismos e vis\u00f5es de [&hellip;]<\/p>\n","protected":false},"author":57,"featured_media":0,"parent":0,"menu_order":0,"comment_status":"closed","ping_status":"closed","template":"","meta":{"footnotes":""},"class_list":["post-2111","page","type-page","status-publish","hentry"],"_links":{"self":[{"href":"https:\/\/wp.ufpel.edu.br\/ppgh\/wp-json\/wp\/v2\/pages\/2111","targetHints":{"allow":["GET"]}}],"collection":[{"href":"https:\/\/wp.ufpel.edu.br\/ppgh\/wp-json\/wp\/v2\/pages"}],"about":[{"href":"https:\/\/wp.ufpel.edu.br\/ppgh\/wp-json\/wp\/v2\/types\/page"}],"author":[{"embeddable":true,"href":"https:\/\/wp.ufpel.edu.br\/ppgh\/wp-json\/wp\/v2\/users\/57"}],"replies":[{"embeddable":true,"href":"https:\/\/wp.ufpel.edu.br\/ppgh\/wp-json\/wp\/v2\/comments?post=2111"}],"version-history":[{"count":6,"href":"https:\/\/wp.ufpel.edu.br\/ppgh\/wp-json\/wp\/v2\/pages\/2111\/revisions"}],"predecessor-version":[{"id":2271,"href":"https:\/\/wp.ufpel.edu.br\/ppgh\/wp-json\/wp\/v2\/pages\/2111\/revisions\/2271"}],"wp:attachment":[{"href":"https:\/\/wp.ufpel.edu.br\/ppgh\/wp-json\/wp\/v2\/media?parent=2111"}],"curies":[{"name":"wp","href":"https:\/\/api.w.org\/{rel}","templated":true}]}}