{"id":1587,"date":"2019-12-26T11:12:53","date_gmt":"2019-12-26T14:12:53","guid":{"rendered":"https:\/\/wp.ufpel.edu.br\/ppgh\/?page_id=1587"},"modified":"2025-03-14T19:37:51","modified_gmt":"2025-03-14T22:37:51","slug":"comissao-de-acompanhamento-docente","status":"publish","type":"page","link":"https:\/\/wp.ufpel.edu.br\/ppgh\/comissao-de-acompanhamento-docente\/","title":{"rendered":"Comiss\u00e3o de Avalia\u00e7\u00e3o Docente"},"content":{"rendered":"<p><strong>Membros (comiss\u00e3o atual)<\/strong><\/p>\n<p>Prof. Dr. Charles Pereira Pennaforte<\/p>\n<p>Prof\u00aa. Dr\u00aa. Eliane Cristina Deckmann Fleck<\/p>\n<p>Prof\u00aa. Dr\u00aa. Larissa Patron Chaves<\/p>\n<p>Prof. Dr. Mauro Dillmann Tavares<\/p>\n<p>&nbsp;<\/p>\n<p><strong>Membros (2020-2022)<\/strong><\/p>\n<p>Prof. Dr. Aristeu Elisandro Machado Lopes<\/p>\n<p>Prof. Dr. Mauro Dillmann Tavares<\/p>\n<p>Prof\u00aa. Dr\u00aa. M\u00e1rcia Janete Espig<\/p>\n<p>Prof\u00aa Dr\u00aa Patr\u00edcia Weiduschadt<\/p>\n","protected":false},"excerpt":{"rendered":"<p>Membros (comiss\u00e3o atual) Prof. Dr. Charles Pereira Pennaforte Prof\u00aa. Dr\u00aa. Eliane Cristina Deckmann Fleck Prof\u00aa. Dr\u00aa. Larissa Patron Chaves Prof. Dr. Mauro Dillmann Tavares &nbsp; Membros (2020-2022) Prof. Dr. Aristeu Elisandro Machado Lopes Prof. Dr. Mauro Dillmann Tavares Prof\u00aa. Dr\u00aa. M\u00e1rcia Janete Espig Prof\u00aa Dr\u00aa Patr\u00edcia Weiduschadt<\/p>\n","protected":false},"author":57,"featured_media":0,"parent":0,"menu_order":0,"comment_status":"closed","ping_status":"closed","template":"","meta":{"footnotes":""},"class_list":["post-1587","page","type-page","status-publish","hentry"],"_links":{"self":[{"href":"https:\/\/wp.ufpel.edu.br\/ppgh\/wp-json\/wp\/v2\/pages\/1587","targetHints":{"allow":["GET"]}}],"collection":[{"href":"https:\/\/wp.ufpel.edu.br\/ppgh\/wp-json\/wp\/v2\/pages"}],"about":[{"href":"https:\/\/wp.ufpel.edu.br\/ppgh\/wp-json\/wp\/v2\/types\/page"}],"author":[{"embeddable":true,"href":"https:\/\/wp.ufpel.edu.br\/ppgh\/wp-json\/wp\/v2\/users\/57"}],"replies":[{"embeddable":true,"href":"https:\/\/wp.ufpel.edu.br\/ppgh\/wp-json\/wp\/v2\/comments?post=1587"}],"version-history":[{"count":6,"href":"https:\/\/wp.ufpel.edu.br\/ppgh\/wp-json\/wp\/v2\/pages\/1587\/revisions"}],"predecessor-version":[{"id":3996,"href":"https:\/\/wp.ufpel.edu.br\/ppgh\/wp-json\/wp\/v2\/pages\/1587\/revisions\/3996"}],"wp:attachment":[{"href":"https:\/\/wp.ufpel.edu.br\/ppgh\/wp-json\/wp\/v2\/media?parent=1587"}],"curies":[{"name":"wp","href":"https:\/\/api.w.org\/{rel}","templated":true}]}}