{"id":1196,"date":"2019-04-17T09:45:44","date_gmt":"2019-04-17T12:45:44","guid":{"rendered":"https:\/\/wp.ufpel.edu.br\/ppgh\/?page_id=1196"},"modified":"2025-06-10T11:23:52","modified_gmt":"2025-06-10T14:23:52","slug":"corpo-discente-doutorado","status":"publish","type":"page","link":"https:\/\/wp.ufpel.edu.br\/ppgh\/corpo-discente-doutorado\/","title":{"rendered":"Corpo Discente Doutorado"},"content":{"rendered":"<p><strong>Turma 2025<\/strong><\/p>\n<ol>\n<li>Beatriz Barbosa Bender<\/li>\n<li>Gabriel Gon\u00e7alves Ribeiro<\/li>\n<li>Isaac Vinicius Veloso Ramos<\/li>\n<li>Leandro Barbosa dos Santos<\/li>\n<li>Luiz Felipe Anchieta Guerra<\/li>\n<li>Marina Ribeiro Cardoso<\/li>\n<li>Nubia Sotini dos Santos<\/li>\n<li>Patr\u00edcia Schneid Altenburg<\/li>\n<li>Vanessa Morais Dornelles<\/li>\n<\/ol>\n<p><strong>Turma 2024<\/strong><\/p>\n<ol>\n<li>Alice da Concei\u00e7\u00e3o Teixeira<\/li>\n<li>Douglas Reisdorfer<\/li>\n<li>Euler Fabres Zanetti<\/li>\n<li>Felipe N\u00f3brega Ferreira<\/li>\n<li>Flaviano Batista Ferreira<\/li>\n<li>Jo\u00e3o Vitor de Armas Teixeira<\/li>\n<li>Jo\u00e3o V\u00edtor Sand Theisen<\/li>\n<li>Juliana Avila Pereira<\/li>\n<li>Leandro Braz da Costa<\/li>\n<li>Let\u00edcia Campagnolo Cavalheiro<\/li>\n<li>Luana TorresVodzik<\/li>\n<li>Marcelo Parmeggiani<\/li>\n<\/ol>\n<p><strong>Turma 2023<\/strong><\/p>\n<ol>\n<li>Bruno dos Santos Bengochea<\/li>\n<li>Bruno Einhardt Bierhals<\/li>\n<li>Caroline Cardoso da Silva<\/li>\n<li>Coriolano Chaves Borges Filho<\/li>\n<li>Danilo de Vasconcellos Ferreira<\/li>\n<li>Darlise Gon\u00e7alves de Gon\u00e7alves<\/li>\n<li>Fl\u00e1via Lucimeri Rodrigues de Freitas<\/li>\n<li>Francisca Mesquita Jesus<\/li>\n<li>Geza Lisisane Carus Guedes<\/li>\n<li>Guilherme Susin Sirtoli<\/li>\n<li>Janine Azevedo Basrthimann Carvalho<\/li>\n<li>Leonardo Silva Amaral<\/li>\n<li>Natiele Gon\u00e7alves Mesquita<\/li>\n<\/ol>\n<p><strong>Turma 2022<\/strong><\/p>\n<ol>\n<li>Alisson Barcellos Balhego<\/li>\n<li>Darcylene Pereira Domingues<\/li>\n<li>Gilson Moura Henrique Junior<\/li>\n<li>Leandro dos Santos Fernandes<\/li>\n<li>Marcelo Moraes Studinski<\/li>\n<li>Mateus Jos\u00e9 da Silva Santos<\/li>\n<li>Vitor Wieth Porto<\/li>\n<\/ol>\n<p><strong>Turma 2021<\/strong><\/p>\n<ol>\n<li>Jairo Paranhos da Silva<\/li>\n<li>J\u00e9ssica Rodrigues Bandeira Peres<\/li>\n<li>Jonathan Viana da Silva<\/li>\n<li>Jordan Brasil dos Santos<\/li>\n<li>Jos\u00e9 Ricardo Resende Junior<\/li>\n<li>Leandro Rosa Dal Forno<\/li>\n<li>L\u00e9o Ara\u00fajo Lacerda<\/li>\n<li>Lucas Marques Vilhena Motta<\/li>\n<li>Luis Paulo da Silva Soares<\/li>\n<li>Ticiano Duarte Pedroso<\/li>\n<\/ol>\n<p>&nbsp;<\/p>\n<p><strong>T<\/strong><strong>urma 2020<\/strong><\/p>\n<ol>\n<li>F\u00e1bio Alexandre da Silva<\/li>\n<li>Josu\u00e9 Eicholz<\/li>\n<li>M\u00f4nica Lucas Leal Macedo<\/li>\n<li>Rafael Ferreira Costa<\/li>\n<li>Renato Rodrigues Farofa<\/li>\n<li>Silvana de Ara\u00fajo Moreira<\/li>\n<li>Tatiana Carrilho Pastorini Torres<\/li>\n<li>Vinicius Cardoso Nunes<\/li>\n<li>Vinicius Rodrigues Dias<\/li>\n<li>Vitor Borges da Cunha<\/li>\n<\/ol>\n<p>&nbsp;<\/p>\n<p><strong>Turma 2019<\/strong><\/p>\n<ol>\n<li>Amanda Nunes Moreira<\/li>\n<li>Artur Rodrigo Itaqui Lopes Filho<\/li>\n<li>Daniel Barbier Leal<\/li>\n<li>D\u00e1rio Milech Neto<\/li>\n<li>Elisiane Medeiros Chaves<\/li>\n<li>Elvis Silveira Sim\u00f5es<\/li>\n<li>Marcelo Fran\u00e7a de Oliveira<\/li>\n<li>M\u00e1rcia Tavares Chico<\/li>\n<li>Maria Clara Lysakowski Hallal<\/li>\n<li>Mauricio da Cunha Albuquerque<\/li>\n<li>Milena Rosa Araujo Ogawa<\/li>\n<li>Taiane Mendes Taborda<\/li>\n<li>Thiago Cedrez Silva<\/li>\n<\/ol>\n<p>&nbsp;<\/p>\n","protected":false},"excerpt":{"rendered":"<p>Turma 2025 Beatriz Barbosa Bender Gabriel Gon\u00e7alves Ribeiro Isaac Vinicius Veloso Ramos Leandro Barbosa dos Santos Luiz Felipe Anchieta Guerra Marina Ribeiro Cardoso Nubia Sotini dos Santos Patr\u00edcia Schneid Altenburg Vanessa Morais Dornelles Turma 2024 Alice da Concei\u00e7\u00e3o Teixeira Douglas Reisdorfer Euler Fabres Zanetti Felipe N\u00f3brega Ferreira Flaviano Batista Ferreira Jo\u00e3o Vitor de Armas Teixeira [&hellip;]<\/p>\n","protected":false},"author":57,"featured_media":0,"parent":0,"menu_order":0,"comment_status":"closed","ping_status":"closed","template":"","meta":{"footnotes":""},"class_list":["post-1196","page","type-page","status-publish","hentry"],"_links":{"self":[{"href":"https:\/\/wp.ufpel.edu.br\/ppgh\/wp-json\/wp\/v2\/pages\/1196","targetHints":{"allow":["GET"]}}],"collection":[{"href":"https:\/\/wp.ufpel.edu.br\/ppgh\/wp-json\/wp\/v2\/pages"}],"about":[{"href":"https:\/\/wp.ufpel.edu.br\/ppgh\/wp-json\/wp\/v2\/types\/page"}],"author":[{"embeddable":true,"href":"https:\/\/wp.ufpel.edu.br\/ppgh\/wp-json\/wp\/v2\/users\/57"}],"replies":[{"embeddable":true,"href":"https:\/\/wp.ufpel.edu.br\/ppgh\/wp-json\/wp\/v2\/comments?post=1196"}],"version-history":[{"count":15,"href":"https:\/\/wp.ufpel.edu.br\/ppgh\/wp-json\/wp\/v2\/pages\/1196\/revisions"}],"predecessor-version":[{"id":4111,"href":"https:\/\/wp.ufpel.edu.br\/ppgh\/wp-json\/wp\/v2\/pages\/1196\/revisions\/4111"}],"wp:attachment":[{"href":"https:\/\/wp.ufpel.edu.br\/ppgh\/wp-json\/wp\/v2\/media?parent=1196"}],"curies":[{"name":"wp","href":"https:\/\/api.w.org\/{rel}","templated":true}]}}

<p><strong>Turma 2025</strong></p>
<ol>
<li>Beatriz Barbosa Bender</li>
<li>Gabriel Gonçalves Ribeiro</li>
<li>Isaac Vinicius Veloso Ramos</li>
<li>Leandro Barbosa dos Santos</li>
<li>Luiz Felipe Anchieta Guerra</li>
<li>Marina Ribeiro Cardoso</li>
<li>Nubia Sotini dos Santos</li>
<li>Patrícia Schneid Altenburg</li>
<li>Vanessa Morais Dornelles</li>
</ol>
<p><strong>Turma 2024</strong></p>
<ol>
<li>Alice da Conceição Teixeira</li>
<li>Douglas Reisdorfer</li>
<li>Euler Fabres Zanetti</li>
<li>Felipe Nóbrega Ferreira</li>
<li>Flaviano Batista Ferreira</li>
<li>João Vitor de Armas Teixeira</li>
<li>João Vítor Sand Theisen</li>
<li>Juliana Avila Pereira</li>
<li>Leandro Braz da Costa</li>
<li>Letícia Campagnolo Cavalheiro</li>
<li>Luana TorresVodzik</li>
<li>Marcelo Parmeggiani</li>
</ol>
<p><strong>Turma 2023</strong></p>
<ol>
<li>Bruno dos Santos Bengochea</li>
<li>Bruno Einhardt Bierhals</li>
<li>Caroline Cardoso da Silva</li>
<li>Coriolano Chaves Borges Filho</li>
<li>Danilo de Vasconcellos Ferreira</li>
<li>Darlise Gonçalves de Gonçalves</li>
<li>Flávia Lucimeri Rodrigues de Freitas</li>
<li>Francisca Mesquita Jesus</li>
<li>Geza Lisisane Carus Guedes</li>
<li>Guilherme Susin Sirtoli</li>
<li>Janine Azevedo Basrthimann Carvalho</li>
<li>Leonardo Silva Amaral</li>
<li>Natiele Gonçalves Mesquita</li>
</ol>
<p><strong>Turma 2022</strong></p>
<ol>
<li>Alisson Barcellos Balhego</li>
<li>Darcylene Pereira Domingues</li>
<li>Gilson Moura Henrique Junior</li>
<li>Leandro dos Santos Fernandes</li>
<li>Marcelo Moraes Studinski</li>
<li>Mateus José da Silva Santos</li>
<li>Vitor Wieth Porto</li>
</ol>
<p><strong>Turma 2021</strong></p>
<ol>
<li>Jairo Paranhos da Silva</li>
<li>Jéssica Rodrigues Bandeira Peres</li>
<li>Jonathan Viana da Silva</li>
<li>Jordan Brasil dos Santos</li>
<li>José Ricardo Resende Junior</li>
<li>Leandro Rosa Dal Forno</li>
<li>Léo Araújo Lacerda</li>
<li>Lucas Marques Vilhena Motta</li>
<li>Luis Paulo da Silva Soares</li>
<li>Ticiano Duarte Pedroso</li>
</ol>
<p>&nbsp;</p>
<p><strong>T</strong><strong>urma 2020</strong></p>
<ol>
<li>Fábio Alexandre da Silva</li>
<li>Josué Eicholz</li>
<li>Mônica Lucas Leal Macedo</li>
<li>Rafael Ferreira Costa</li>
<li>Renato Rodrigues Farofa</li>
<li>Silvana de Araújo Moreira</li>
<li>Tatiana Carrilho Pastorini Torres</li>
<li>Vinicius Cardoso Nunes</li>
<li>Vinicius Rodrigues Dias</li>
<li>Vitor Borges da Cunha</li>
</ol>
<p>&nbsp;</p>
<p><strong>Turma 2019</strong></p>
<ol>
<li>Amanda Nunes Moreira</li>
<li>Artur Rodrigo Itaqui Lopes Filho</li>
<li>Daniel Barbier Leal</li>
<li>Dário Milech Neto</li>
<li>Elisiane Medeiros Chaves</li>
<li>Elvis Silveira Simões</li>
<li>Marcelo França de Oliveira</li>
<li>Márcia Tavares Chico</li>
<li>Maria Clara Lysakowski Hallal</li>
<li>Mauricio da Cunha Albuquerque</li>
<li>Milena Rosa Araujo Ogawa</li>
<li>Taiane Mendes Taborda</li>
<li>Thiago Cedrez Silva</li>
</ol>
<p>&nbsp;</p>

<p>Turma 2025 Beatriz Barbosa Bender Gabriel Gonçalves Ribeiro Isaac Vinicius Veloso Ramos Leandro Barbosa dos Santos Luiz Felipe Anchieta Guerra Marina Ribeiro Cardoso Nubia Sotini dos Santos Patrícia Schneid Altenburg Vanessa Morais Dornelles Turma 2024 Alice da Conceição Teixeira Douglas Reisdorfer Euler Fabres Zanetti Felipe Nóbrega Ferreira Flaviano Batista Ferreira João Vitor de Armas Teixeira [&hellip;]</p>
