{"id":101,"date":"2016-09-02T11:33:00","date_gmt":"2016-09-02T14:33:00","guid":{"rendered":"https:\/\/wp.ufpel.edu.br\/ppgh\/?page_id=101"},"modified":"2025-09-23T18:55:32","modified_gmt":"2025-09-23T21:55:32","slug":"documentos","status":"publish","type":"page","link":"https:\/\/wp.ufpel.edu.br\/ppgh\/documentos\/","title":{"rendered":"Documentos"},"content":{"rendered":"<p><span style=\"font-family: arial, helvetica, sans-serif;font-size: 18pt;color: #000000\"><span style=\"font-family: arial, helvetica, sans-serif\"><b>REGIMENTOS E NORMATIVAS<\/b><\/span><\/span><\/p>\n<p><span style=\"font-family: arial, helvetica, sans-serif;color: #000000\"><a style=\"color: #000000\" href=\"https:\/\/wp.ufpel.edu.br\/ppgh\/documentos\/regimento-strictu-sensu\/\" rel=\"attachment wp-att-1374\">Regimento Strictu Sensu<\/a><\/span><\/p>\n<p><span style=\"font-family: arial, helvetica, sans-serif;color: #000000\"><a style=\"color: #000000\" href=\"https:\/\/wp.ufpel.edu.br\/ppgh\/documentos\/regimento-geral-da-prppgi\/\" rel=\"attachment wp-att-1375\">Regimento Geral da PRPPGI<\/a><\/span><\/p>\n<p><a href=\"https:\/\/wp.ufpel.edu.br\/ppgh\/documentos\/regimento-ppgh-2\/\" rel=\"attachment wp-att-4205\">Regimento PPGH<\/a><\/p>\n<p align=\"justify\"><span style=\"color: #000000;font-family: arial, helvetica, sans-serif\"><a style=\"color: #000000\" href=\"https:\/\/wp.ufpel.edu.br\/ppgh\/documentos\/regulamentacao-em-competencia-e-proficiencia-em-le-mestrado\/\" rel=\"attachment wp-att-2572\">Regulamenta\u00e7\u00e3o em Compet\u00eancia e Profici\u00eancia em LE &#8211; MESTRADO<\/a><\/span><\/p>\n<p><span style=\"font-family: arial, helvetica, sans-serif;color: #000000\"><a style=\"color: #000000\" href=\"https:\/\/wp.ufpel.edu.br\/ppgh\/documentos\/normativa-de-avaliacao-discente\/\" rel=\"attachment wp-att-1402\">Normativa de avalia\u00e7\u00e3o discente<\/a><\/span><\/p>\n<p><span style=\"font-family: arial, helvetica, sans-serif;color: #000000\"><a style=\"color: #000000\" href=\"https:\/\/wp.ufpel.edu.br\/ppgh\/documentos\/resolucao-no-1-sobre-linhas-de-pesquisa\/\" rel=\"attachment wp-att-2570\">Resolu\u00e7\u00e3o n\u00ba 1 &#8211; Sobre linhas de Pesquisa<\/a><\/span><\/p>\n<p><a href=\"https:\/\/wp.ufpel.edu.br\/ppgh\/documentos\/resolucao-01-2024-regulamenta-a-concessao-de-bolsas-3\/\" rel=\"attachment wp-att-3937\">RESOLU\u00c7\u00c3O 01 2024 &#8211; REGULAMENTA A CONCESS\u00c3O DE BOLSAS<\/a><\/p>\n<p>&nbsp;<\/p>\n<p>&nbsp;<\/p>\n<p><span style=\"font-family: arial, helvetica, sans-serif;font-size: 18pt;color: #000000\"><strong>RECREDENCIAMENTO E CREDENCIAMENTO<\/strong><\/span><\/p>\n<p>2020<\/p>\n<p><span style=\"font-family: arial, helvetica, sans-serif;color: #000000\"><a style=\"color: #000000\" href=\"https:\/\/wp.ufpel.edu.br\/ppgh\/documentos\/regulamentacao-de-credenciamento-e-recredenciamento\/\" rel=\"attachment wp-att-2060\">Regulamenta\u00e7\u00e3o de Credenciamento e Recredenciamento<\/a><\/span><\/p>\n<p><span style=\"font-family: arial, helvetica, sans-serif;color: #000000\"><a style=\"color: #000000\" href=\"https:\/\/wp.ufpel.edu.br\/ppgh\/documentos\/edital-credenciamento-e-recredenciamento-2020\/\" rel=\"attachment wp-att-2061\">Edital Credenciamento e Recredenciamento 2020<\/a><\/span><\/p>\n<p><span style=\"font-family: arial, helvetica, sans-serif;color: #000000\"><a style=\"color: #000000\" href=\"https:\/\/wp.ufpel.edu.br\/ppgh\/documentos\/anexo-1-requerimento-de-inscricao-e-tabela-de-pontuacao\/\" rel=\"attachment wp-att-2062\">Anexo 1 &#8211; Requerimento de Inscri\u00e7\u00e3o e Tabela de Pontua\u00e7\u00e3o<\/a><\/span><\/p>\n<p>2022<\/p>\n<p><a href=\"https:\/\/wp.ufpel.edu.br\/ppgh\/documentos\/edital-credenciamento-e-recredenciamento-2022\/\" rel=\"attachment wp-att-4068\">Edital Credenciamento e Recredenciamento 2022<\/a><\/p>\n<p><a href=\"https:\/\/wp.ufpel.edu.br\/ppgh\/documentos\/anexo-1-requerimento-de-inscricao-e-tabela-de-pontuacao-4\/\" rel=\"attachment wp-att-4069\">Anexo 1 Requerimento de Inscri\u00e7\u00e3o e Tabela de Pontua\u00e7\u00e3o<\/a><\/p>\n<p>2025<\/p>\n<p><a href=\"https:\/\/wp.ufpel.edu.br\/ppgh\/documentos\/regulamentacao-de-credenciamento-e-recredenciamento-2025\/\" rel=\"attachment wp-att-4070\">Regulamenta\u00e7\u00e3o de Credenciamento e Recredenciamento 2025<\/a><\/p>\n<p><a href=\"https:\/\/wp.ufpel.edu.br\/ppgh\/documentos\/edital-3\/\" rel=\"attachment wp-att-4071\">Edital<\/a><\/p>\n<p><a href=\"https:\/\/wp.ufpel.edu.br\/ppgh\/documentos\/anexo-1-3\/\" rel=\"attachment wp-att-4072\">Anexo 1<\/a><\/p>\n<p><a href=\"https:\/\/wp.ufpel.edu.br\/ppgh\/documentos\/anexo-2-3\/\" rel=\"attachment wp-att-4073\">Anexo 2<\/a><\/p>\n<hr \/>\n<hr \/>\n<p>&nbsp;<\/p>\n<p><span style=\"font-family: arial, helvetica, sans-serif;font-size: 18pt;color: #000000\"><strong>EDITAIS &#8211; ALUNO REGULAR<\/strong><\/span><\/p>\n<p><span style=\"font-family: arial, helvetica, sans-serif;color: #000000\"><a style=\"color: #000000\" href=\"https:\/\/wp.ufpel.edu.br\/ppgh\/documentos\/edital-de-selecao-do-mestrado-2019-2\/\" rel=\"attachment wp-att-1050\">Edital de sele\u00e7\u00e3o do Mestrado 2019<\/a><\/span><\/p>\n<p><span style=\"font-family: arial, helvetica, sans-serif;color: #000000\"><a style=\"color: #000000\" href=\"https:\/\/wp.ufpel.edu.br\/ppgh\/files\/2017\/10\/Edital-Aluno-Regular2018.pdf\">Edital de Sele\u00e7\u00e3o 2018<\/a><\/span><\/p>\n<p><span style=\"font-family: arial, helvetica, sans-serif;color: #000000\"><a style=\"color: #000000\" href=\"https:\/\/wp.ufpel.edu.br\/ppgh\/documentos\/edital-de-selecao-de-doutorado-2019-aluno-regular-2\/\" rel=\"attachment wp-att-1211\">Edital de sele\u00e7\u00e3o de Doutorado &#8211; 2019 Aluno Regular<\/a><\/span><\/p>\n<p><span style=\"font-family: arial, helvetica, sans-serif;color: #000000\"><a style=\"color: #000000\" href=\"https:\/\/wp.ufpel.edu.br\/ppgh\/2020\/12\/21\/selecao-de-mestrado-2021-1\/edital-mestrado-selecao-2021-1\/\" rel=\"attachment wp-att-2104\">Edital Mestrado &#8211; sele\u00e7\u00e3o 2021-1<\/a><\/span><\/p>\n<p><span style=\"font-family: arial, helvetica, sans-serif;color: #000000\"><a style=\"color: #000000\" href=\"https:\/\/wp.ufpel.edu.br\/ppgh\/documentos\/edital-doutorado-selecao-2021-1-2\/\" rel=\"attachment wp-att-2136\">Edital Doutorado &#8211; Sele\u00e7\u00e3o 2021-1<\/a><\/span><\/p>\n<p><span style=\"font-family: arial, helvetica, sans-serif;color: #000000\"><a style=\"color: #000000\" href=\"https:\/\/wp.ufpel.edu.br\/ppgh\/documentos\/edital-de-selecao-mestrado-2022-1\/\" rel=\"attachment wp-att-2577\">Edital de Sele\u00e7\u00e3o -Mestrado 2022-1<\/a><\/span><\/p>\n<p><span style=\"font-family: arial, helvetica, sans-serif;color: #000000\"><a style=\"color: #000000\" href=\"https:\/\/wp.ufpel.edu.br\/ppgh\/2021\/12\/22\/edital-de-selecao-de-aluno-regular-do-doutorado-em-historia\/edital-doutorado-selecao-2022-1\/\" rel=\"attachment wp-att-2593\">EDITAL DOUTORADO &#8211; Sele\u00e7\u00e3o 2022-1<\/a><\/span><\/p>\n<p><a href=\"https:\/\/wp.ufpel.edu.br\/ppgh\/files\/2022\/12\/EDITAL-DE-SELECAO-MESTRADO-2023.-PPGH-UFPEL.pdf\" rel=\"attachment wp-att-3017\"><span style=\"color: #000000;font-family: arial, helvetica, sans-serif\">EDITAL DE SELE\u00c7\u00c3O MESTRADO\u00a0 &#8211; 2023\/1<\/span><\/a><\/p>\n<p><span style=\"color: #000000;font-family: arial, helvetica, sans-serif\"><a style=\"color: #000000\" href=\"https:\/\/wp.ufpel.edu.br\/ppgh\/files\/2022\/12\/EDITAL-DE-SELECAO-DOUTORADO-2023.-PPGH.-UFPEL.pdf\" rel=\"attachment wp-att-3016\">EDITAL DE SELE\u00c7\u00c3O DOUTORADO &#8211; 2023\/1<\/a><\/span><\/p>\n<p><a href=\"https:\/\/wp.ufpel.edu.br\/ppgh\/files\/2023\/09\/Projeto-PosDoc_PPGH_DarlanMarchi-1.pdf\" rel=\"attachment wp-att-3376\">PROJETO DE P\u00d3S-DOUTORADO ESTRAT\u00c9GICO<\/a><\/p>\n<p><span style=\"font-family: arial, helvetica, sans-serif;color: #000000\"><a style=\"color: #000000\" href=\"https:\/\/wp.ufpel.edu.br\/ppgh\/documentos\/edital-209-2023-selecao-de-mestrado\/\" rel=\"attachment wp-att-3410\">Edital de Sele\u00e7\u00e3o de Mestrado &#8211; 2024\/1<\/a><\/span><\/p>\n<p><span style=\"font-family: arial, helvetica, sans-serif;color: #000000\"> <a style=\"color: #000000\" href=\"https:\/\/wp.ufpel.edu.br\/ppgh\/documentos\/edital-2010-2023-selecao-de-doutorado\/\" rel=\"attachment wp-att-3411\">Edital de Sele\u00e7\u00e3o de Doutorado &#8211; 2024\/1<\/a><\/span><\/p>\n<p><span style=\"font-family: arial, helvetica, sans-serif;color: #000000\"><a style=\"color: #000000\" href=\"https:\/\/wp.ufpel.edu.br\/ppgh\/documentos\/edital-no-233-pdse-capes-2023-2024\/\" rel=\"attachment wp-att-3435\">Edital n\u00ba 233 &#8211; PDSE-CAPES 2023-2024<\/a><\/span><\/p>\n<p><span style=\"font-family: arial, helvetica, sans-serif;color: #000000\"><a style=\"color: #000000\" href=\"https:\/\/wp.ufpel.edu.br\/ppgh\/documentos\/sei_2886874_edital_de_selecao_prppg_220\/\" rel=\"attachment wp-att-3805\">Edital de sele\u00e7\u00e3o de Mestrado &#8211; 2025\/1<\/a><\/span><\/p>\n<p><span style=\"color: #000000;font-family: arial, helvetica, sans-serif\"><a style=\"color: #000000\" href=\"https:\/\/wp.ufpel.edu.br\/ppgh\/documentos\/sei_2886911_edital_de_selecao_prppg_221\/\" rel=\"attachment wp-att-3806\">Edital de sele\u00e7\u00e3o de Doutorado -2025\/1<\/a><\/span><\/p>\n<p>&nbsp;<\/p>\n<p><span style=\"font-family: arial, helvetica, sans-serif;font-size: 18pt;color: #000000\"><strong>EDITAIS &#8211; ESTUDANTE ESPECIAL E EXTERNO<\/strong><\/span><\/p>\n<p><a href=\"https:\/\/wp.ufpel.edu.br\/ppgh\/documentos\/sei_3183663_edital_de_selecao_prppg_132\/\" rel=\"attachment wp-att-4182\">EDITAL 132\/2025 &#8211; ESTUDANTE ESPECIAL<\/a><\/p>\n<p><a href=\"https:\/\/wp.ufpel.edu.br\/ppgh\/documentos\/edital-24-2024-estudante-especial\/\" rel=\"attachment wp-att-3608\">EDITAL 24-2024 &#8211; ESTUDANTE ESPECIAL<\/a><\/p>\n<p><a href=\"https:\/\/wp.ufpel.edu.br\/ppgh\/documentos\/edital-25-2024-estudante-externo\/\" rel=\"attachment wp-att-3609\">EDITAL 25-2024 &#8211; ESTUDANTE EXTERNO<\/a><\/p>\n<p>&nbsp;<\/p>\n<hr \/>\n<hr \/>\n<p>&nbsp;<\/p>\n<p class=\"text13\"><span style=\"font-family: arial, helvetica, sans-serif;font-size: 18pt;color: #000000\"><strong>FORMUL\u00c1RIOS<\/strong><\/span><\/p>\n<p><span style=\"font-family: arial, helvetica, sans-serif;color: #000000\"><strong>Formul\u00e1rios de Sele\u00e7\u00e3o &#8211; Mestrado e Doutorado\u00a0<\/strong><\/span><\/p>\n<p><span style=\"font-family: arial, helvetica, sans-serif;color: #000000\">1 &#8211; <a style=\"color: #000000\" href=\"https:\/\/wp.ufpel.edu.br\/ppgh\/documentos\/formulario-de-inscricao-aluno-regular-mestrado-e-doutorado\/\" rel=\"attachment wp-att-1156\">Formul\u00e1rio de Inscri\u00e7\u00e3o &#8211; Aluno Regular\u00a0<\/a><\/span><\/p>\n<p><span style=\"font-family: arial, helvetica, sans-serif;color: #000000\">2 &#8211; <a style=\"color: #000000\" href=\"https:\/\/wp.ufpel.edu.br\/ppgh\/documentos\/requerimento-aluno-regular-mestrado-e-doutorado\/\" rel=\"attachment wp-att-1157\">Requerimento &#8211; Aluno Regular\u00a0<\/a><\/span><\/p>\n<p><span style=\"font-family: arial, helvetica, sans-serif;color: #000000\">3 &#8211; <a href=\"https:\/\/wp.ufpel.edu.br\/ppgh\/documentos\/formulario-de-anteprojeto-mestrado-2025-2\/\" rel=\"attachment wp-att-3836\">Formul\u00e1rio de anteprojeto Mestrado 2025<\/a><\/span><\/p>\n<p><span style=\"font-family: arial, helvetica, sans-serif\">4 &#8211; <a href=\"https:\/\/wp.ufpel.edu.br\/ppgh\/documentos\/formulario-projeto-de-doutorado-2025-3\/\" rel=\"attachment wp-att-3835\">Formul\u00e1rio projeto de Doutorado 2025<\/a><\/span><\/p>\n<p><span style=\"color: #000000\">5 &#8211; <span style=\"font-family: arial, helvetica, sans-serif\">\u00a0<a style=\"color: #000000\" href=\"https:\/\/wp.ufpel.edu.br\/ppgh\/documentos\/declaracao-de-etnia\/\" rel=\"attachment wp-att-1164\">Autodeclara\u00e7\u00e3o de \u00c9tnico-racial<\/a><\/span><\/span><\/p>\n<p><span style=\"color: #000000;font-family: arial, helvetica, sans-serif\">6 &#8211; <a style=\"color: #000000\" href=\"https:\/\/wp.ufpel.edu.br\/ppgh\/documentos\/autodeclaracao-de-identidade-de-genero\/\" rel=\"attachment wp-att-2564\">Autodeclarac\u00e3o de Identidade de G\u00eanero<\/a><\/span><\/p>\n<p><span style=\"font-family: arial, helvetica, sans-serif\">7 &#8211; <a href=\"https:\/\/wp.ufpel.edu.br\/ppgh\/documentos\/requerimento-isencao-de-inscricao\/\" rel=\"attachment wp-att-3041\">Requerimento Isen\u00e7\u00e3o de Inscri\u00e7\u00e3o<\/a><\/span><\/p>\n<p>&nbsp;<\/p>\n<p><span style=\"font-family: arial, helvetica, sans-serif;color: #000000\"><strong>Formul\u00e1rios de Disciplinas &#8211; Mestrado e Doutorado<\/strong><\/span><\/p>\n<p><span style=\"font-family: arial, helvetica, sans-serif;color: #000000\">1<\/span><span style=\"color: #000000\"><span style=\"font-family: arial, helvetica, sans-serif\"> &#8211;\u00a0 <a style=\"color: #000000\" href=\"https:\/\/wp.ufpel.edu.br\/ppgh\/documentos\/formulario-de-aproveitamento-de-disciplinas-2\/\" rel=\"attachment wp-att-3235\">Formul\u00e1rio de Aproveitamento de Disciplinas<\/a><\/span><\/span><\/p>\n<p><span style=\"font-family: arial, helvetica, sans-serif;color: #000000\">2 &#8211; <a style=\"color: #000000\" href=\"https:\/\/wp.ufpel.edu.br\/ppgh\/documentos\/formulario-de-cancelamento-de-disciplina-mestrado-e-doutorado\/\" rel=\"attachment wp-att-1160\">Formul\u00e1rio de Cancelamento de Disciplina<\/a><\/span><\/p>\n<p><span style=\"font-family: arial, helvetica, sans-serif;color: #000000\">3 &#8211; <a style=\"color: #000000\" href=\"https:\/\/wp.ufpel.edu.br\/ppgh\/documentos\/formulario-de-trancamento-de-matricula\/\" rel=\"attachment wp-att-1453\">Formul\u00e1rio de Trancamento de Matr\u00edcula<\/a><\/span><\/p>\n<p><span style=\"font-family: arial, helvetica, sans-serif;color: #000000\">4 &#8211;<\/span><span style=\"font-family: arial, helvetica, sans-serif;color: #000000\">\u00a0<a style=\"color: #000000\" href=\"https:\/\/wp.ufpel.edu.br\/ppgh\/documentos\/formulario-de-criacao-ou-insercao-de-disciplina-2\/\" rel=\"attachment wp-att-1404\"><span style=\"color: #000000\">Formul\u00e1rio de cria\u00e7\u00e3o ou inser\u00e7\u00e3o de disciplinas<\/span><\/a>\u00a0(uso exclusivo da Coordena\u00e7\u00e3o)<\/span><\/p>\n<p>&nbsp;<\/p>\n<p><span style=\"font-family: arial, helvetica, sans-serif;color: #000000\"><strong>Formul\u00e1rios de Encaminhamento de Exame de Qualifica\u00e7\u00e3o e Defesa \u2013 Mestrado e Doutorado<\/strong><\/span><\/p>\n<p><span style=\"font-family: arial, helvetica, sans-serif;color: #000000\">1 &#8211; <a style=\"color: #000000\" href=\"https:\/\/wp.ufpel.edu.br\/ppgh\/documentos\/formulario-de-encaminhamento-exame-de-qualificacao-mestrado-e-doutorado-3\/\" rel=\"attachment wp-att-4054\">Formul\u00e1rio de Encaminhamento Exame de Qualifica\u00e7\u00e3o &#8211; Mestrado e Doutorado<\/a><\/span><\/p>\n<p><span style=\"font-family: arial, helvetica, sans-serif;color: #000000\">2 &#8211; <a style=\"color: #000000\" href=\"https:\/\/wp.ufpel.edu.br\/ppgh\/documentos\/formulario-de-encaminhamento-de-defesa-mestrado-e-doutorado-2\/\" rel=\"attachment wp-att-4052\">Formul\u00e1rio de Encaminhamento de Defesa &#8211; Mestrado e Doutorado<\/a><\/span><\/p>\n<p><span style=\"font-family: arial, helvetica, sans-serif;color: #000000\">4 &#8211; <a style=\"color: #000000\" href=\"https:\/\/wp.ufpel.edu.br\/ppgh\/documentos\/formulario-de-prorrogacao-de-prazo-para-qualificacao-e-defesa-mestrado-e-doutorado-1\/\" rel=\"attachment wp-att-3232\">Formul\u00e1rio de Prorroga\u00e7\u00e3o de Prazo para Qualifica\u00e7\u00e3o e Defesa Mestrado e Doutorado <\/a><\/span><\/p>\n<p><span style=\"font-family: arial, helvetica, sans-serif;color: #000000\">5 &#8211; <a style=\"color: #000000\" href=\"https:\/\/wp.ufpel.edu.br\/ppgh\/documentos\/formulario-membro-externo-3\/\" rel=\"attachment wp-att-1809\">Formul\u00e1rio Membro Externo<\/a> (uso exclusivo dos docentes)<\/span><\/p>\n<p>&nbsp;<\/p>\n<p><span style=\"font-family: arial, helvetica, sans-serif;color: #000000\"><strong>Formul\u00e1rios de Matr\u00edcula- Mestrado e Doutorado<\/strong><\/span><\/p>\n<p><span style=\"font-family: arial, helvetica, sans-serif;color: #000000\">1 &#8211; <a style=\"color: #000000\" href=\"https:\/\/wp.ufpel.edu.br\/ppgh\/documentos\/formulario-de-matricula-alunos-regulares-mestrado-e-doutorado-2\/\" rel=\"attachment wp-att-1159\">Formul\u00e1rio de Matr\u00edcula &#8211; Alunos Regulares <\/a><\/span><\/p>\n<p><span style=\"font-family: arial, helvetica, sans-serif;color: #000000\">2 &#8211;\u00a0<a style=\"color: #000000\" href=\"https:\/\/wp.ufpel.edu.br\/ppgh\/documentos\/formulario-para-inscricao-de-aluno-em-regime-especial-mestrado-e-doutorado\/\" rel=\"attachment wp-att-1163\">Formul\u00e1rio para inscri\u00e7\u00e3o de aluno em Regime Especial\u00a0<\/a><\/span><\/p>\n<p>&nbsp;<\/p>\n<p><span style=\"font-family: arial, helvetica, sans-serif;color: #000000\"><strong>Docu<span style=\"font-family: arial, helvetica, sans-serif\">mentos para Entrega Vers\u00e3o Final \u2013 Mestrado e Doutorado<\/span><\/strong><\/span><\/p>\n<p><span style=\"font-family: arial, helvetica, sans-serif;color: #000000\">1 &#8211; <a href=\"https:\/\/wp.ufpel.edu.br\/ppgh\/documentos\/termo-dissertacoes-e-teses\/\" rel=\"attachment wp-att-3669\">Termo de autoriza\u00e7\u00e3o da SisBi &#8211; Disserta\u00e7\u00f5es e Teses<\/a> (atualizado)<\/span><\/p>\n<p><span style=\"font-family: arial, helvetica, sans-serif;color: #000000\">2 &#8211; <\/span><span style=\"font-family: arial, helvetica, sans-serif;color: #000000\"><a style=\"color: #000000\" href=\"https:\/\/wp.ufpel.edu.br\/ppgh\/documentos\/manual-de-normas-ufpel-para-trabalhos-academicos\/\" rel=\"attachment wp-att-3439\">Manual de normas UFPel para trabalhos acad\u00eamicos\u00a0<\/a><\/span><\/p>\n<p><span style=\"font-family: arial, helvetica, sans-serif;color: #000000\">3 &#8211; <a style=\"color: #000000\" href=\"https:\/\/wp.ufpel.edu.br\/ppgh\/documentos\/termo-de-compromisso-plagio-2\/\" rel=\"attachment wp-att-1320\">Termo de compromisso &#8211; PL\u00c1GIO<\/a><\/span><\/p>\n<p><span style=\"font-family: arial, helvetica, sans-serif;color: #000000\">4 &#8211; <a style=\"color: #000000\" href=\"https:\/\/wp.ufpel.edu.br\/ppgh\/documentos\/termo-de-entrega-da-versao-final\/\" rel=\"attachment wp-att-1373\">Termo de Entrega da Vers\u00e3o Final<\/a> (uso exclusivo do Orientador)<\/span><\/p>\n<p><span style=\"font-family: arial, helvetica, sans-serif;color: #000000;background-color: #ffffff\">5 &#8211; <a style=\"color: #000000\" href=\"https:\/\/wp.ufpel.edu.br\/ppgh\/documentos\/instrucoes-para-a-entrega-da-versao-final-da-dissertacao-3\/\" rel=\"attachment wp-att-2840\">Instru\u00e7\u00f5es para a entrega da Vers\u00e3o Final da Disserta\u00e7\u00e3o<\/a><\/span><\/p>\n<p>&nbsp;<\/p>\n<p><span style=\"color: #000000\"><strong><span style=\"font-family: arial, helvetica, sans-serif\">Atividades Complementares<\/span><\/strong><\/span><\/p>\n<p><span style=\"color: #000000\"><span style=\"font-family: arial, helvetica, sans-serif\">1 &#8211; <a style=\"color: #000000\" href=\"https:\/\/wp.ufpel.edu.br\/ppgh\/documentos\/formulario-atividades-complementares\/\" rel=\"attachment wp-att-2378\">Formul\u00e1rio &#8211; Atividades Complementares<\/a>\u00a0<\/span><\/span><\/p>\n<p>&nbsp;<\/p>\n<p><span style=\"color: #000000\"><strong><span style=\"font-family: arial, helvetica, sans-serif\">Est\u00e1gio Doc\u00eancia\u00a0<\/span><\/strong><\/span><\/p>\n<p><span style=\"color: #000000;font-family: arial, helvetica, sans-serif\">1 &#8211; <a style=\"color: #000000\" href=\"https:\/\/wp.ufpel.edu.br\/ppgh\/documentos\/formulario-de-estagio-docencia\/\" rel=\"attachment wp-att-1230\">Formul\u00e1rio de Est\u00e1gio Doc\u00eancia<\/a><\/span><\/p>\n<p><span style=\"font-family: arial, helvetica, sans-serif;color: #000000\">2 &#8211; <a style=\"color: #000000\" href=\"https:\/\/wp.ufpel.edu.br\/ppgh\/documentos\/resolucao-no-47de-2017-normas-de-estagio-docencia\/\" rel=\"attachment wp-att-2366\">Resolu\u00e7\u00e3o n\u00ba 47de 2017 &#8211; Normas de Est\u00e1gio Doc\u00eancia<\/a> \u00a0<\/span><\/p>\n<p>&nbsp;<\/p>\n<p><span style=\"font-family: arial, helvetica, sans-serif;color: #000000\"><strong>Relat\u00f3rio Anual Discente<\/strong><\/span><\/p>\n<p><span style=\"font-family: arial, helvetica, sans-serif;color: #000000\"><a style=\"color: #000000\" href=\"https:\/\/wp.ufpel.edu.br\/ppgh\/documentos\/relatorio-discente-2020\/\" rel=\"attachment wp-att-2086\">1 &#8211; Relat\u00f3rio-Discente<\/a><\/span><\/p>\n<p>&nbsp;<\/p>\n<p><span style=\"font-family: arial, helvetica, sans-serif;color: #000000\"><strong>Doc<span style=\"font-family: arial, helvetica, sans-serif\">umenta\u00e7\u00e3o para Bolsa\u00a0<\/span><\/strong><\/span><\/p>\n<p><span style=\"font-family: arial, helvetica, sans-serif;color: #000000\">1- <a style=\"color: #000000\" href=\"https:\/\/wp.ufpel.edu.br\/ppgh\/documentos\/cadastro-de-bolsista-ds\/\" rel=\"attachment wp-att-1569\">Cadastro de Bolsista &#8211; DS<\/a><\/span><\/p>\n<p><span style=\"font-family: arial, helvetica, sans-serif;color: #000000\">2\u00a0 &#8211; <a style=\"color: #000000\" href=\"https:\/\/wp.ufpel.edu.br\/ppgh\/documentos\/termo-compromisso-ds\/\" rel=\"attachment wp-att-1792\">Termo Compromisso DS<\/a><\/span><\/p>\n<p>&nbsp;<\/p>\n<p><span style=\"font-family: arial, helvetica, sans-serif;color: #000000\"><strong>Viagens<\/strong><\/span><\/p>\n<p><span style=\"font-family: arial, helvetica, sans-serif;color: #000000\">1<span style=\"color: #333333\"> &#8211; <span style=\"color: #000000\"><a style=\"color: #000000\" href=\"https:\/\/wp.ufpel.edu.br\/ppgh\/documentos\/relatorio-de-viagem-ou-visita-tecnica-aluno\/\" rel=\"attachment wp-att-2843\">Relat\u00f3rio de Viagem ou Visita T\u00e9cnica &#8211; Aluno<\/a><\/span><\/span><\/span><\/p>\n<p><span style=\"color: #000000\"><a style=\"color: #000000\" href=\"https:\/\/wp.ufpel.edu.br\/ppgh\/documentos\/aux-financeiro-modelo-1\/\" rel=\"attachment wp-att-4214\">2 &#8211; Formul\u00e1rio de Solicita\u00e7\u00e3o de Aux. financeiro<\/a>\u00a0<\/span><\/p>\n<p>&nbsp;<\/p>\n<p class=\"textverm\"><strong><span class=\"text12\"><span style=\"color: #f9e9dd\">____________________________________________________<\/span><\/span><\/strong><\/p>\n","protected":false},"excerpt":{"rendered":"<p>REGIMENTOS E NORMATIVAS Regimento Strictu Sensu Regimento Geral da PRPPGI Regimento PPGH Regulamenta\u00e7\u00e3o em Compet\u00eancia e Profici\u00eancia em LE &#8211; MESTRADO Normativa de avalia\u00e7\u00e3o discente Resolu\u00e7\u00e3o n\u00ba 1 &#8211; Sobre linhas de Pesquisa RESOLU\u00c7\u00c3O 01 2024 &#8211; REGULAMENTA A CONCESS\u00c3O DE BOLSAS &nbsp; &nbsp; RECREDENCIAMENTO E CREDENCIAMENTO 2020 Regulamenta\u00e7\u00e3o de Credenciamento e Recredenciamento Edital Credenciamento [&hellip;]<\/p>\n","protected":false},"author":57,"featured_media":0,"parent":0,"menu_order":0,"comment_status":"closed","ping_status":"closed","template":"","meta":{"footnotes":""},"class_list":["post-101","page","type-page","status-publish","hentry"],"_links":{"self":[{"href":"https:\/\/wp.ufpel.edu.br\/ppgh\/wp-json\/wp\/v2\/pages\/101","targetHints":{"allow":["GET"]}}],"collection":[{"href":"https:\/\/wp.ufpel.edu.br\/ppgh\/wp-json\/wp\/v2\/pages"}],"about":[{"href":"https:\/\/wp.ufpel.edu.br\/ppgh\/wp-json\/wp\/v2\/types\/page"}],"author":[{"embeddable":true,"href":"https:\/\/wp.ufpel.edu.br\/ppgh\/wp-json\/wp\/v2\/users\/57"}],"replies":[{"embeddable":true,"href":"https:\/\/wp.ufpel.edu.br\/ppgh\/wp-json\/wp\/v2\/comments?post=101"}],"version-history":[{"count":3,"href":"https:\/\/wp.ufpel.edu.br\/ppgh\/wp-json\/wp\/v2\/pages\/101\/revisions"}],"predecessor-version":[{"id":4215,"href":"https:\/\/wp.ufpel.edu.br\/ppgh\/wp-json\/wp\/v2\/pages\/101\/revisions\/4215"}],"wp:attachment":[{"href":"https:\/\/wp.ufpel.edu.br\/ppgh\/wp-json\/wp\/v2\/media?parent=101"}],"curies":[{"name":"wp","href":"https:\/\/api.w.org\/{rel}","templated":true}]}}