{"id":71,"date":"2016-02-23T17:24:53","date_gmt":"2016-02-23T20:24:53","guid":{"rendered":"https:\/\/wp.ufpel.edu.br\/ppgfil\/?page_id=71"},"modified":"2025-08-19T16:15:35","modified_gmt":"2025-08-19T19:15:35","slug":"contatos","status":"publish","type":"page","link":"https:\/\/wp.ufpel.edu.br\/ppgfil\/apresentacao\/coordenacao\/contatos\/","title":{"rendered":"Contatos e Home Page"},"content":{"rendered":"<p style=\"text-align: justify;\"><strong>Contatos<\/strong><\/p>\n<p>Secret\u00e1ria: Rog\u00e9ria Garcia<br \/>\nRua Alberto Rosa, 154 Centro, Pelotas\/RS CEP 96010-770<br \/>\nSala 209 &#8211; 2o. andar do IFISP<br \/>\nE-mail:\u00a0ppgfilosofia@ufpel.edu.br<br \/>\nTelefone: \u00a0(53) 3284 5526<\/p>\n<p>Hor\u00e1rio de Atendimento presencial: de segunda-feira a quinta-feira: das 13h as 17h<\/p>\n<p><strong>Home Page<\/strong><\/p>\n<p>Reestrutura\u00e7\u00e3o e Coordena\u00e7\u00e3o: Prof. Dr. Lu\u00eds Rubira<\/p>\n","protected":false},"excerpt":{"rendered":"<p>Contatos Secret\u00e1ria: Rog\u00e9ria Garcia Rua Alberto Rosa, 154 Centro, Pelotas\/RS CEP 96010-770 Sala 209 &#8211; 2o. andar do IFISP E-mail:\u00a0ppgfilosofia@ufpel.edu.br Telefone: \u00a0(53) 3284 5526 Hor\u00e1rio de Atendimento presencial: de segunda-feira a quinta-feira: das 13h as 17h Home Page Reestrutura\u00e7\u00e3o e Coordena\u00e7\u00e3o: Prof. Dr. Lu\u00eds Rubira<\/p>\n","protected":false},"author":16,"featured_media":0,"parent":1056,"menu_order":0,"comment_status":"closed","ping_status":"closed","template":"","meta":{"jetpack_post_was_ever_published":false,"footnotes":""},"class_list":["post-71","page","type-page","status-publish","hentry"],"jetpack_sharing_enabled":true,"_links":{"self":[{"href":"https:\/\/wp.ufpel.edu.br\/ppgfil\/wp-json\/wp\/v2\/pages\/71","targetHints":{"allow":["GET"]}}],"collection":[{"href":"https:\/\/wp.ufpel.edu.br\/ppgfil\/wp-json\/wp\/v2\/pages"}],"about":[{"href":"https:\/\/wp.ufpel.edu.br\/ppgfil\/wp-json\/wp\/v2\/types\/page"}],"author":[{"embeddable":true,"href":"https:\/\/wp.ufpel.edu.br\/ppgfil\/wp-json\/wp\/v2\/users\/16"}],"replies":[{"embeddable":true,"href":"https:\/\/wp.ufpel.edu.br\/ppgfil\/wp-json\/wp\/v2\/comments?post=71"}],"version-history":[{"count":4,"href":"https:\/\/wp.ufpel.edu.br\/ppgfil\/wp-json\/wp\/v2\/pages\/71\/revisions"}],"predecessor-version":[{"id":3356,"href":"https:\/\/wp.ufpel.edu.br\/ppgfil\/wp-json\/wp\/v2\/pages\/71\/revisions\/3356"}],"up":[{"embeddable":true,"href":"https:\/\/wp.ufpel.edu.br\/ppgfil\/wp-json\/wp\/v2\/pages\/1056"}],"wp:attachment":[{"href":"https:\/\/wp.ufpel.edu.br\/ppgfil\/wp-json\/wp\/v2\/media?parent=71"}],"curies":[{"name":"wp","href":"https:\/\/api.w.org\/{rel}","templated":true}]}}