{"id":339,"date":"2017-03-27T15:14:31","date_gmt":"2017-03-27T18:14:31","guid":{"rendered":"https:\/\/wp.ufpel.edu.br\/ppgfil\/?page_id=339"},"modified":"2024-03-11T07:30:58","modified_gmt":"2024-03-11T10:30:58","slug":"procedimento-para-a-entrega-da-versao-final-da-dissertacao-ou-tese","status":"publish","type":"page","link":"https:\/\/wp.ufpel.edu.br\/ppgfil\/documentos\/procedimento-para-a-entrega-da-versao-final-da-dissertacao-ou-tese\/","title":{"rendered":"Procedimento para a entrega da vers\u00e3o final da disserta\u00e7\u00e3o ou tese"},"content":{"rendered":"<p>1 &#8211; Acesse a p\u00e1gina da biblioteca para solicita\u00e7\u00e3o da ficha catalogr\u00e1fica, que dever\u00e1 ser impressa no verso da folha de rosto. <a href=\"http:\/\/sisbi.ufpel.edu.br\/?p=reqFicha\">Clique aqui.\u00a0<\/a><\/p>\n<p>2 &#8211; \u00a0Preencha o seguinte arquivo com a autoriza\u00e7\u00e3o para a publica\u00e7\u00e3o do trabalho pelo Sistema de Biblioteca UFPel (SISBI): <a href=\"https:\/\/wp.ufpel.edu.br\/sisbi\/manual-de-normas-ufpel-para-trabalhos-academicos-atualizada-2023\/\">https:\/\/wp.ufpel.edu.br\/sisbi\/manual-de-normas-ufpel-para-trabalhos-academicos-atualizada-2023\/<\/a><\/p>\n<p>3 &#8211; Preencha o seguinte arquivo com a autoriza\u00e7\u00e3o para a publica\u00e7\u00e3o do trabalho pela CAPES e PPGFil. UFPel. <a href=\"https:\/\/wp.ufpel.edu.br\/ppgfil\/files\/2017\/03\/autoriza\u00e7\u00e3opublica\u00e7aocapes.doc\">Clique aqui.<\/a><\/p>\n<p>4 &#8211; Modelo de Capa, P\u00e1ginas pr\u00e9-textuais e p\u00f3s-textuais e normatiza\u00e7\u00e3o do trabalho final: consultar o\u00a0 <strong>Manual de normas UFPel para trabalhos acad\u00eamicos, vers\u00e3o 2023:\u00a0<\/strong><\/p>\n<p><a href=\"https:\/\/wp.ufpel.edu.br\/sisbi\/manual-de-normas-ufpel-para-trabalhos-academicos-atualizada-2023\/\">https:\/\/wp.ufpel.edu.br\/sisbi\/manual-de-normas-ufpel-para-trabalhos-academicos-atualizada-2023\/<\/a><\/p>\n<p>5 &#8211; Devem ser enviadas \u00e0 secretaria do PPGFil: uma c\u00f3pia do texto da disserta\u00e7\u00e3o ou tese em arquivo PDF e as autoriza\u00e7\u00f5es preenchidas e assinadas.<\/p>\n<p>&nbsp;<\/p>\n<p>&nbsp;<\/p>\n","protected":false},"excerpt":{"rendered":"<p>1 &#8211; Acesse a p\u00e1gina da biblioteca para solicita\u00e7\u00e3o da ficha catalogr\u00e1fica, que dever\u00e1 ser impressa no verso da folha de rosto. Clique aqui.\u00a0 2 &#8211; \u00a0Preencha o seguinte arquivo com a autoriza\u00e7\u00e3o para a publica\u00e7\u00e3o do trabalho pelo Sistema de Biblioteca UFPel (SISBI): https:\/\/wp.ufpel.edu.br\/sisbi\/manual-de-normas-ufpel-para-trabalhos-academicos-atualizada-2023\/ 3 &#8211; Preencha o seguinte arquivo com a autoriza\u00e7\u00e3o para [&hellip;]<\/p>\n","protected":false},"author":16,"featured_media":0,"parent":29,"menu_order":0,"comment_status":"closed","ping_status":"closed","template":"","meta":{"jetpack_post_was_ever_published":false,"footnotes":""},"class_list":["post-339","page","type-page","status-publish","hentry"],"jetpack_sharing_enabled":true,"_links":{"self":[{"href":"https:\/\/wp.ufpel.edu.br\/ppgfil\/wp-json\/wp\/v2\/pages\/339","targetHints":{"allow":["GET"]}}],"collection":[{"href":"https:\/\/wp.ufpel.edu.br\/ppgfil\/wp-json\/wp\/v2\/pages"}],"about":[{"href":"https:\/\/wp.ufpel.edu.br\/ppgfil\/wp-json\/wp\/v2\/types\/page"}],"author":[{"embeddable":true,"href":"https:\/\/wp.ufpel.edu.br\/ppgfil\/wp-json\/wp\/v2\/users\/16"}],"replies":[{"embeddable":true,"href":"https:\/\/wp.ufpel.edu.br\/ppgfil\/wp-json\/wp\/v2\/comments?post=339"}],"version-history":[{"count":9,"href":"https:\/\/wp.ufpel.edu.br\/ppgfil\/wp-json\/wp\/v2\/pages\/339\/revisions"}],"predecessor-version":[{"id":2470,"href":"https:\/\/wp.ufpel.edu.br\/ppgfil\/wp-json\/wp\/v2\/pages\/339\/revisions\/2470"}],"up":[{"embeddable":true,"href":"https:\/\/wp.ufpel.edu.br\/ppgfil\/wp-json\/wp\/v2\/pages\/29"}],"wp:attachment":[{"href":"https:\/\/wp.ufpel.edu.br\/ppgfil\/wp-json\/wp\/v2\/media?parent=339"}],"curies":[{"name":"wp","href":"https:\/\/api.w.org\/{rel}","templated":true}]}}