{"id":3111,"date":"2025-04-11T16:45:28","date_gmt":"2025-04-11T19:45:28","guid":{"rendered":"https:\/\/wp.ufpel.edu.br\/ppgfil\/?page_id=3111"},"modified":"2025-04-11T16:45:28","modified_gmt":"2025-04-11T19:45:28","slug":"procedimientos-processos-y-solicitaciones","status":"publish","type":"page","link":"https:\/\/wp.ufpel.edu.br\/ppgfil\/procedimientos-processos-y-solicitaciones\/","title":{"rendered":"Procedimientos, processos y solicitaciones"},"content":{"rendered":"<p><strong>AGENDAR DEFENSA O CALIFICACI\u00d3N (Tesis \/ Disertaci\u00f3n)<\/strong><\/p>\n<p><span style=\"font-weight: 400;\">Para los procedimientos, haga <a href=\"https:\/\/docs.google.com\/document\/d\/1azCLGtNHz9_cvaeOHiOPWTrohPoNhZ2iVucx6W5usvI\/edit?usp=sharing\">CLIC AQU\u00cd<\/a>.<\/span><\/p>\n<hr \/>\n<p><strong>PROFICIENCIA <\/strong><\/p>\n<p><span style=\"font-weight: 400;\">El\/la estudiante debe completar el formulario disponible en:<\/span><\/p>\n<p><a href=\"https:\/\/forms.gle\/bhwxKBmJcnH17Wae9\"><span style=\"font-weight: 400;\"> https:\/\/forms.gle\/bhwxKBmJcnH17Wae9<\/span><\/a><\/p>\n<hr \/>\n<p><strong>APROVECHAMIENTO DE CR\u00c9DITOS<\/strong><\/p>\n<ol>\n<li><span style=\"font-weight: 400;\">COMPLETAR EL FORMULARIO ESPEC\u00cdFICO \u2013 FORMULARIO 6 \u2013 Que se encuentra en la p\u00e1gina del PPGFIL: <a href=\"https:\/\/wp.ufpel.edu.br\/ppgfil\/documentos\/\">https:\/\/wp.ufpel.edu.br\/ppgfil\/documentos\/<\/a> (Debe estar firmado por el\/la orientador\/a y el\/la estudiante \u2013 La coordinaci\u00f3n firmar\u00e1 despu\u00e9s de recibirlo en la secretar\u00eda).<\/span><\/li>\n<li><span style=\"font-weight: 400;\">Adjuntar los comprobantes (Historial acad\u00e9mico + Programa de estudios y plan de trabajo, si lo hubiera).<\/span><\/li>\n<li><span style=\"font-weight: 400;\">Completar y enviar los documentos mencionados anteriormente mediante el formulario en l\u00ednea: https:\/\/forms.gle\/NfsizkZT9hDJ7ytZA.<\/span><\/li>\n<\/ol>\n<p><span style=\"font-weight: 400;\"><strong>DESPU\u00c9S DE ESTE PROCEDIMIENTO:<\/strong> La secretar\u00eda lo enviar\u00e1 para aprobaci\u00f3n del consejo; Despu\u00e9s de la aprobaci\u00f3n del consejo, la secretar\u00eda lo ingresar\u00e1 en el sistema cobalto, siguiendo el orden de env\u00edo y el cronograma de otras actividades. Tan pronto como se registre, el\/la estudiante recibir\u00e1 un correo electr\u00f3nico con informaci\u00f3n sobre su situaci\u00f3n.<\/span><\/p>\n","protected":false},"excerpt":{"rendered":"<p>AGENDAR DEFENSA O CALIFICACI\u00d3N (Tesis \/ Disertaci\u00f3n) Para los procedimientos, haga CLIC AQU\u00cd. PROFICIENCIA El\/la estudiante debe completar el formulario disponible en: https:\/\/forms.gle\/bhwxKBmJcnH17Wae9 APROVECHAMIENTO DE CR\u00c9DITOS COMPLETAR EL FORMULARIO ESPEC\u00cdFICO \u2013 FORMULARIO 6 \u2013 Que se encuentra en la p\u00e1gina del PPGFIL: https:\/\/wp.ufpel.edu.br\/ppgfil\/documentos\/ (Debe estar firmado por el\/la orientador\/a y el\/la estudiante \u2013 La coordinaci\u00f3n [&hellip;]<\/p>\n","protected":false},"author":1247,"featured_media":0,"parent":0,"menu_order":0,"comment_status":"closed","ping_status":"closed","template":"","meta":{"jetpack_post_was_ever_published":false,"footnotes":""},"class_list":["post-3111","page","type-page","status-publish","hentry"],"jetpack_sharing_enabled":true,"_links":{"self":[{"href":"https:\/\/wp.ufpel.edu.br\/ppgfil\/wp-json\/wp\/v2\/pages\/3111","targetHints":{"allow":["GET"]}}],"collection":[{"href":"https:\/\/wp.ufpel.edu.br\/ppgfil\/wp-json\/wp\/v2\/pages"}],"about":[{"href":"https:\/\/wp.ufpel.edu.br\/ppgfil\/wp-json\/wp\/v2\/types\/page"}],"author":[{"embeddable":true,"href":"https:\/\/wp.ufpel.edu.br\/ppgfil\/wp-json\/wp\/v2\/users\/1247"}],"replies":[{"embeddable":true,"href":"https:\/\/wp.ufpel.edu.br\/ppgfil\/wp-json\/wp\/v2\/comments?post=3111"}],"version-history":[{"count":1,"href":"https:\/\/wp.ufpel.edu.br\/ppgfil\/wp-json\/wp\/v2\/pages\/3111\/revisions"}],"predecessor-version":[{"id":3112,"href":"https:\/\/wp.ufpel.edu.br\/ppgfil\/wp-json\/wp\/v2\/pages\/3111\/revisions\/3112"}],"wp:attachment":[{"href":"https:\/\/wp.ufpel.edu.br\/ppgfil\/wp-json\/wp\/v2\/media?parent=3111"}],"curies":[{"name":"wp","href":"https:\/\/api.w.org\/{rel}","templated":true}]}}