{"id":3099,"date":"2025-04-11T16:45:29","date_gmt":"2025-04-11T19:45:29","guid":{"rendered":"https:\/\/wp.ufpel.edu.br\/ppgfil\/?page_id=3099"},"modified":"2025-04-11T16:45:29","modified_gmt":"2025-04-11T19:45:29","slug":"proyectos-de-investigacion","status":"publish","type":"page","link":"https:\/\/wp.ufpel.edu.br\/ppgfil\/proyectos-de-investigacion\/","title":{"rendered":"Proyectos de investigaci\u00f3n"},"content":{"rendered":"<p><span style=\"font-weight: 400;\">El Programa de Posgrado en Filosof\u00eda de la Universidad Federal de Pelotas cuenta con diversos proyectos de investigaci\u00f3n. Para consultar aquellos ya realizados y\/o los que est\u00e1n en curso cada a\u00f1o, basta con acceder al curr\u00edculo Lattes de los docentes mencionados a continuaci\u00f3n:<\/span><\/p>\n<p>Clademir Araldi:\u00a0<a href=\"http:\/\/lattes.cnpq.br\/9512892707756969\">Curr\u00edculo Lattes<\/a><\/p>\n<p>Evandro Barbosa:\u00a0<a href=\"http:\/\/lattes.cnpq.br\/4540090727696342\">Curr\u00edculo Lattes<\/a><\/p>\n<p>Jo\u00e3o Hobuss:\u00a0<a href=\"http:\/\/lattes.cnpq.br\/5127708328452389\">Curr\u00edculo Lattes<\/a><\/p>\n<p>Jovino Pizzi:\u00a0<a href=\"http:\/\/lattes.cnpq.br\/8367592283546125\">Curr\u00edculo Lattes<\/a><\/p>\n<p>Juliano do Carmo:\u00a0<a href=\"http:\/\/lattes.cnpq.br\/7477981517627461\">Curr\u00edculo Lattes<\/a><\/p>\n<p>Keberson Bresolin:\u00a0<a href=\"http:\/\/lattes.cnpq.br\/0453544073578564\">Curr\u00edculo Lattes<\/a><\/p>\n<p>Lu\u00eds Rubira:\u00a0<a href=\"http:\/\/lattes.cnpq.br\/9798875695341483\">Curr\u00edculo Lattes<\/a><\/p>\n<p>Manoel Vasconcellos:\u00a0<a href=\"http:\/\/lattes.cnpq.br\/6450962679150321\">Curr\u00edculo Lattes<\/a><\/p>\n<p>Robinson dos Santos:\u00a0<a href=\"http:\/\/lattes.cnpq.br\/2673552821924828\">Curr\u00edculo Lattes<\/a><\/p>\n<p>S\u00e9rgio Ricardo Strefling:\u00a0<a href=\"http:\/\/lattes.cnpq.br\/5956718110743667\">Curr\u00edculo Lattes<\/a><\/p>\n<p>S\u00f4nia Maria Schio:\u00a0<a href=\"http:\/\/lattes.cnpq.br\/5614697219000826\">Curr\u00edculo Lattes<\/a><\/p>\n<p>&nbsp;<\/p>\n<p>Darlei Dall\u2019Agnol <span style=\"font-weight: 400;\">(profesor colaborador)<\/span>: <a href=\"http:\/\/lattes.cnpq.br\/1009956459333986\">Curr\u00edculo Lattes<\/a><\/p>\n<p>Delamar Volpato Dutra (profesor colaborador): <a href=\"http:\/\/lattes.cnpq.br\/7826882124566360\">Curr\u00edculo Lattes<\/a><\/p>\n<p>Nuno Miguel Pereira Castanheira (profesor visitante): <a href=\"http:\/\/lattes.cnpq.br\/2074282295154166\">Curr\u00edculo Lattes<\/a><\/p>\n","protected":false},"excerpt":{"rendered":"<p>El Programa de Posgrado en Filosof\u00eda de la Universidad Federal de Pelotas cuenta con diversos proyectos de investigaci\u00f3n. Para consultar aquellos ya realizados y\/o los que est\u00e1n en curso cada a\u00f1o, basta con acceder al curr\u00edculo Lattes de los docentes mencionados a continuaci\u00f3n: Clademir Araldi:\u00a0Curr\u00edculo Lattes Evandro Barbosa:\u00a0Curr\u00edculo Lattes Jo\u00e3o Hobuss:\u00a0Curr\u00edculo Lattes Jovino Pizzi:\u00a0Curr\u00edculo Lattes [&hellip;]<\/p>\n","protected":false},"author":1247,"featured_media":0,"parent":0,"menu_order":0,"comment_status":"closed","ping_status":"closed","template":"","meta":{"jetpack_post_was_ever_published":false,"footnotes":""},"class_list":["post-3099","page","type-page","status-publish","hentry"],"jetpack_sharing_enabled":true,"_links":{"self":[{"href":"https:\/\/wp.ufpel.edu.br\/ppgfil\/wp-json\/wp\/v2\/pages\/3099","targetHints":{"allow":["GET"]}}],"collection":[{"href":"https:\/\/wp.ufpel.edu.br\/ppgfil\/wp-json\/wp\/v2\/pages"}],"about":[{"href":"https:\/\/wp.ufpel.edu.br\/ppgfil\/wp-json\/wp\/v2\/types\/page"}],"author":[{"embeddable":true,"href":"https:\/\/wp.ufpel.edu.br\/ppgfil\/wp-json\/wp\/v2\/users\/1247"}],"replies":[{"embeddable":true,"href":"https:\/\/wp.ufpel.edu.br\/ppgfil\/wp-json\/wp\/v2\/comments?post=3099"}],"version-history":[{"count":1,"href":"https:\/\/wp.ufpel.edu.br\/ppgfil\/wp-json\/wp\/v2\/pages\/3099\/revisions"}],"predecessor-version":[{"id":3100,"href":"https:\/\/wp.ufpel.edu.br\/ppgfil\/wp-json\/wp\/v2\/pages\/3099\/revisions\/3100"}],"wp:attachment":[{"href":"https:\/\/wp.ufpel.edu.br\/ppgfil\/wp-json\/wp\/v2\/media?parent=3099"}],"curies":[{"name":"wp","href":"https:\/\/api.w.org\/{rel}","templated":true}]}}