{"id":3091,"date":"2025-04-11T16:45:44","date_gmt":"2025-04-11T19:45:44","guid":{"rendered":"https:\/\/wp.ufpel.edu.br\/ppgfil\/?page_id=3091"},"modified":"2025-04-11T16:45:44","modified_gmt":"2025-04-11T19:45:44","slug":"revista-dissertatio-2","status":"publish","type":"page","link":"https:\/\/wp.ufpel.edu.br\/ppgfil\/revista-dissertatio-2\/","title":{"rendered":"Revista Dissertatio"},"content":{"rendered":"<p><span style=\"font-weight: 400;\">La <\/span><i><span style=\"font-weight: 400;\">Dissertatio<\/span><\/i><span style=\"font-weight: 400;\"> \u2013 Revista de Filosof\u00eda (Qualis A2) fue creada por el Departamento de Filosof\u00eda de la UFPel, en su versi\u00f3n impresa, en julio de 1995. Con periodicidad semestral, a partir de 2007 se vincul\u00f3 al Programa de Posgrado en Filosof\u00eda de la UFPel (la creaci\u00f3n del Curso de Maestr\u00eda en Filosof\u00eda ocurri\u00f3 en el a\u00f1o 2007), momento en el que comenz\u00f3 a publicarse en su versi\u00f3n en l\u00ednea.<\/span><\/p>\n<p><span style=\"font-weight: 400;\">Recibiendo contribuciones de investigadores de importantes instituciones de Brasil, Am\u00e9rica Latina y Europa, es una revista con art\u00edculos de referencia en el \u00e1mbito de las investigaciones especializadas en Filosof\u00eda: <\/span><\/p>\n<p><a href=\"https:\/\/wp.ufpel.edu.br\/ppgfil\/revista-dissertatio\/\"><span style=\"font-weight: 400;\">https:\/\/wp.ufpel.edu.br\/ppgfil\/revista-dissertatio\/<\/span><\/a><\/p>\n","protected":false},"excerpt":{"rendered":"<p>La Dissertatio \u2013 Revista de Filosof\u00eda (Qualis A2) fue creada por el Departamento de Filosof\u00eda de la UFPel, en su versi\u00f3n impresa, en julio de 1995. Con periodicidad semestral, a partir de 2007 se vincul\u00f3 al Programa de Posgrado en Filosof\u00eda de la UFPel (la creaci\u00f3n del Curso de Maestr\u00eda en Filosof\u00eda ocurri\u00f3 en el [&hellip;]<\/p>\n","protected":false},"author":1247,"featured_media":0,"parent":0,"menu_order":0,"comment_status":"closed","ping_status":"closed","template":"","meta":{"jetpack_post_was_ever_published":false,"footnotes":""},"class_list":["post-3091","page","type-page","status-publish","hentry"],"jetpack_sharing_enabled":true,"_links":{"self":[{"href":"https:\/\/wp.ufpel.edu.br\/ppgfil\/wp-json\/wp\/v2\/pages\/3091","targetHints":{"allow":["GET"]}}],"collection":[{"href":"https:\/\/wp.ufpel.edu.br\/ppgfil\/wp-json\/wp\/v2\/pages"}],"about":[{"href":"https:\/\/wp.ufpel.edu.br\/ppgfil\/wp-json\/wp\/v2\/types\/page"}],"author":[{"embeddable":true,"href":"https:\/\/wp.ufpel.edu.br\/ppgfil\/wp-json\/wp\/v2\/users\/1247"}],"replies":[{"embeddable":true,"href":"https:\/\/wp.ufpel.edu.br\/ppgfil\/wp-json\/wp\/v2\/comments?post=3091"}],"version-history":[{"count":1,"href":"https:\/\/wp.ufpel.edu.br\/ppgfil\/wp-json\/wp\/v2\/pages\/3091\/revisions"}],"predecessor-version":[{"id":3092,"href":"https:\/\/wp.ufpel.edu.br\/ppgfil\/wp-json\/wp\/v2\/pages\/3091\/revisions\/3092"}],"wp:attachment":[{"href":"https:\/\/wp.ufpel.edu.br\/ppgfil\/wp-json\/wp\/v2\/media?parent=3091"}],"curies":[{"name":"wp","href":"https:\/\/api.w.org\/{rel}","templated":true}]}}