{"id":3076,"date":"2025-04-11T16:45:45","date_gmt":"2025-04-11T19:45:45","guid":{"rendered":"https:\/\/wp.ufpel.edu.br\/ppgfil\/?page_id=3076"},"modified":"2025-04-11T16:45:45","modified_gmt":"2025-04-11T19:45:45","slug":"doctorado","status":"publish","type":"page","link":"https:\/\/wp.ufpel.edu.br\/ppgfil\/doctorado\/","title":{"rendered":"Doctorado"},"content":{"rendered":"<p><span style=\"font-weight: 400;\">El Programa de Posgrado en Filosof\u00eda, a nivel de Doctorado, en el \u00c1rea de \u00c9tica y Filosof\u00eda Pol\u00edtica, est\u00e1 organizado como un conjunto integrado de disciplinas, permitiendo al estudiante perfeccionar la formaci\u00f3n ya adquirida y facilitar el desarrollo de estudios e investigaciones, de acuerdo con las cuatro l\u00edneas de investigaci\u00f3n definidas por el Programa: Concepciones de virtud; Fundamentaci\u00f3n y cr\u00edtica de la moral; Derecho, Sociedad y Estado; y Epistemolog\u00eda moral.<\/span><\/p>\n<p><span style=\"font-weight: 400;\">La finalizaci\u00f3n del curso requiere cumplir con 40 (cuarenta) cr\u00e9ditos para el Doctorado. La calificaci\u00f3n del Doctorado debe realizarse hasta el final del quinto semestre del curso. El plazo para la conclusi\u00f3n es de 48 meses, pudiendo prorrogarse, en casos excepcionales, por 6 meses adicionales.<\/span><\/p>\n<p><a href=\"https:\/\/institucional.ufpel.edu.br\/cursos\/cod\/8103\"><span style=\"font-weight: 400;\">Puedes acceder a m\u00e1s informaci\u00f3n aqu\u00ed.<\/span><\/a><\/p>\n","protected":false},"excerpt":{"rendered":"<p>El Programa de Posgrado en Filosof\u00eda, a nivel de Doctorado, en el \u00c1rea de \u00c9tica y Filosof\u00eda Pol\u00edtica, est\u00e1 organizado como un conjunto integrado de disciplinas, permitiendo al estudiante perfeccionar la formaci\u00f3n ya adquirida y facilitar el desarrollo de estudios e investigaciones, de acuerdo con las cuatro l\u00edneas de investigaci\u00f3n definidas por el Programa: Concepciones [&hellip;]<\/p>\n","protected":false},"author":1247,"featured_media":0,"parent":0,"menu_order":0,"comment_status":"closed","ping_status":"closed","template":"","meta":{"jetpack_post_was_ever_published":false,"footnotes":""},"class_list":["post-3076","page","type-page","status-publish","hentry"],"jetpack_sharing_enabled":true,"_links":{"self":[{"href":"https:\/\/wp.ufpel.edu.br\/ppgfil\/wp-json\/wp\/v2\/pages\/3076","targetHints":{"allow":["GET"]}}],"collection":[{"href":"https:\/\/wp.ufpel.edu.br\/ppgfil\/wp-json\/wp\/v2\/pages"}],"about":[{"href":"https:\/\/wp.ufpel.edu.br\/ppgfil\/wp-json\/wp\/v2\/types\/page"}],"author":[{"embeddable":true,"href":"https:\/\/wp.ufpel.edu.br\/ppgfil\/wp-json\/wp\/v2\/users\/1247"}],"replies":[{"embeddable":true,"href":"https:\/\/wp.ufpel.edu.br\/ppgfil\/wp-json\/wp\/v2\/comments?post=3076"}],"version-history":[{"count":1,"href":"https:\/\/wp.ufpel.edu.br\/ppgfil\/wp-json\/wp\/v2\/pages\/3076\/revisions"}],"predecessor-version":[{"id":3077,"href":"https:\/\/wp.ufpel.edu.br\/ppgfil\/wp-json\/wp\/v2\/pages\/3076\/revisions\/3077"}],"wp:attachment":[{"href":"https:\/\/wp.ufpel.edu.br\/ppgfil\/wp-json\/wp\/v2\/media?parent=3076"}],"curies":[{"name":"wp","href":"https:\/\/api.w.org\/{rel}","templated":true}]}}