{"id":3060,"date":"2025-04-11T16:45:46","date_gmt":"2025-04-11T19:45:46","guid":{"rendered":"https:\/\/wp.ufpel.edu.br\/ppgfil\/?page_id=3060"},"modified":"2025-04-11T16:45:46","modified_gmt":"2025-04-11T19:45:46","slug":"infraestructura","status":"publish","type":"page","link":"https:\/\/wp.ufpel.edu.br\/ppgfil\/infraestructura\/","title":{"rendered":"Infraestructura"},"content":{"rendered":"<p><span style=\"font-weight: 400;\">El Programa de Posgrado en Filosof\u00eda (PPGFIL) funciona, desde su creaci\u00f3n, en el edificio del Campus de las Ciencias Humanas y Sociales (CCHS), situado en la calle Alberto Rosa, n.\u00ba 154, donde tambi\u00e9n se encuentran el Instituto de Filosof\u00eda, Sociolog\u00eda, Pol\u00edtica y Relaciones Internacionales (IFISP), la Facultad de Educaci\u00f3n (FAE) y el Instituto de Ciencias Humanas (ICH).<\/span><\/p>\n<p><span style=\"font-weight: 400;\">Las actividades del PPGFIL se llevan a cabo, en parte, dentro del IFISP, que cuenta con 12 aulas, 18 espacios divididos entre oficinas para profesores y laboratorios, un laboratorio de inform\u00e1tica para el Posgrado, adem\u00e1s de otras salas destinadas a la licenciatura y a proyectos de extensi\u00f3n. En estos espacios se realizan clases de Maestr\u00eda y Doctorado, ex\u00e1menes de calificaci\u00f3n, grupos de investigaci\u00f3n, defensas de disertaciones y tesis, minicursos, conferencias, reuniones del consejo acad\u00e9mico y dem\u00e1s actividades relacionadas con el Posgrado. El PPGFIL tambi\u00e9n dispone del Aula 212 del Curso de Licenciatura en Filosof\u00eda a Distancia (EAD), equipada con tecnolog\u00eda para videoconferencias, donde se realizan defensas en formato en l\u00ednea.<\/span><\/p>\n<p><span style=\"font-weight: 400;\">El Programa de Posgrado en Filosof\u00eda de la UFPel tambi\u00e9n tiene participaci\u00f3n en el Centro de Posgrado de Ciencias Humanas, Sociales y Aplicadas (CEHUS), ubicado en la calle Alberto Rosa, 117. Inaugurado en junio de 2018, el CEHUS cuenta con un auditorio (con capacidad para 110 personas), dos mini-auditorios\/salas de defensa equipados (con capacidad para 40 personas cada uno), y 13 salas para clases, grupos de investigaci\u00f3n y estudios, adem\u00e1s de la Biblioteca de Ciencias Sociales. A partir de 2019, el PPGFIL comenz\u00f3 a realizar en el CEHUS defensas de disertaciones y tesis, grupos de estudio, conferencias, minicursos y otras actividades relacionadas con el Posgrado.<\/span><\/p>\n<p><span style=\"font-weight: 400;\">La Biblioteca de Ciencias Sociales de la UFPel alberga la mayor parte del acervo bibliogr\u00e1fico en el \u00e1rea de filosof\u00eda (tambi\u00e9n se pueden encontrar obras de filosof\u00eda, por ejemplo, en la Biblioteca de la Facultad de Derecho y en la Biblioteca del Campus Porto).<\/span><\/p>\n<p><span style=\"font-weight: 400;\">La secretar\u00eda del PPGFIL funciona en el aula 209 del CCHS, formando parte de la Secretar\u00eda Compartida de los Programas de Posgrado Stricto Sensu, junto con las secretar\u00edas del Programa de Posgrado en Ciencia Pol\u00edtica (PPGCPol) y del Programa de Posgrado en Sociolog\u00eda (PPGS). Se trata de una sala equipada con computadoras, sillas y otros accesorios para tres secretarios(as), as\u00ed como para reuniones con coordinadores(as) de los programas de posgrado.<\/span><\/p>\n<p><span style=\"font-weight: 400;\">En el caso de congresos internacionales, conferencias y otras actividades que re\u00fanan a un gran n\u00famero de participantes, el PPGFIL tambi\u00e9n cuenta con el apoyo de otras unidades de la UFPel, y realiza sus actividades en lugares como el Auditorio de la Facultad de Derecho de la UFPel, el edificio del Centro de Integraci\u00f3n del Mercosur y otros edificios pertenecientes al patrimonio hist\u00f3rico de la ciudad y de la UFPel.<\/span><\/p>\n<p><span style=\"font-weight: 400;\">Por \u00faltimo, cabe destacar que los edificios del CCHS, CEHUS y parte del Centro de Artes de la UFPel fueron integrados con la inauguraci\u00f3n, el 12\/06\/2023, del \u201cLargo do Bola\u201d. Se trata de un espacio de ocio y convivencia para estudiantes y docentes de los diversos cursos y programas de posgrado de la UFPel.<\/span><\/p>\n","protected":false},"excerpt":{"rendered":"<p>El Programa de Posgrado en Filosof\u00eda (PPGFIL) funciona, desde su creaci\u00f3n, en el edificio del Campus de las Ciencias Humanas y Sociales (CCHS), situado en la calle Alberto Rosa, n.\u00ba 154, donde tambi\u00e9n se encuentran el Instituto de Filosof\u00eda, Sociolog\u00eda, Pol\u00edtica y Relaciones Internacionales (IFISP), la Facultad de Educaci\u00f3n (FAE) y el Instituto de Ciencias [&hellip;]<\/p>\n","protected":false},"author":1247,"featured_media":0,"parent":0,"menu_order":0,"comment_status":"closed","ping_status":"closed","template":"","meta":{"jetpack_post_was_ever_published":false,"footnotes":""},"class_list":["post-3060","page","type-page","status-publish","hentry"],"jetpack_sharing_enabled":true,"_links":{"self":[{"href":"https:\/\/wp.ufpel.edu.br\/ppgfil\/wp-json\/wp\/v2\/pages\/3060","targetHints":{"allow":["GET"]}}],"collection":[{"href":"https:\/\/wp.ufpel.edu.br\/ppgfil\/wp-json\/wp\/v2\/pages"}],"about":[{"href":"https:\/\/wp.ufpel.edu.br\/ppgfil\/wp-json\/wp\/v2\/types\/page"}],"author":[{"embeddable":true,"href":"https:\/\/wp.ufpel.edu.br\/ppgfil\/wp-json\/wp\/v2\/users\/1247"}],"replies":[{"embeddable":true,"href":"https:\/\/wp.ufpel.edu.br\/ppgfil\/wp-json\/wp\/v2\/comments?post=3060"}],"version-history":[{"count":1,"href":"https:\/\/wp.ufpel.edu.br\/ppgfil\/wp-json\/wp\/v2\/pages\/3060\/revisions"}],"predecessor-version":[{"id":3061,"href":"https:\/\/wp.ufpel.edu.br\/ppgfil\/wp-json\/wp\/v2\/pages\/3060\/revisions\/3061"}],"wp:attachment":[{"href":"https:\/\/wp.ufpel.edu.br\/ppgfil\/wp-json\/wp\/v2\/media?parent=3060"}],"curies":[{"name":"wp","href":"https:\/\/api.w.org\/{rel}","templated":true}]}}