{"id":2889,"date":"2025-02-17T08:23:52","date_gmt":"2025-02-17T11:23:52","guid":{"rendered":"https:\/\/wp.ufpel.edu.br\/ppgfil\/?page_id=2889"},"modified":"2025-02-17T08:48:22","modified_gmt":"2025-02-17T11:48:22","slug":"projetos-de-pesquisa","status":"publish","type":"page","link":"https:\/\/wp.ufpel.edu.br\/ppgfil\/projetos-de-pesquisa\/","title":{"rendered":"Projetos de Pesquisa"},"content":{"rendered":"<p>O Programa de P\u00f3s-Gradua\u00e7\u00e3o em Filosofia da Universidade Federal de Pelotas possui diversos projetos de pesquisa. Para consultar aqueles j\u00e1 realizados e\/ou os que est\u00e3o em andamento a cada ano, basta acessar o curr\u00edculo Lattes dos docentes abaixo relacionados:<\/p>\n<p>&nbsp;<\/p>\n<p>Clademir Araldi: <a href=\"http:\/\/lattes.cnpq.br\/9512892707756969\">Curr\u00edculo Lattes<\/a><\/p>\n<p>Evandro Barbosa: <a href=\"http:\/\/lattes.cnpq.br\/4540090727696342\">Curr\u00edculo Lattes<\/a><\/p>\n<p>Jo\u00e3o Hobuss: <a href=\"http:\/\/lattes.cnpq.br\/5127708328452389\">Curr\u00edculo Lattes<\/a><\/p>\n<p>Jovino Pizzi: <a href=\"http:\/\/lattes.cnpq.br\/8367592283546125\">Curr\u00edculo Lattes<\/a><\/p>\n<p>Juliano do Carmo: <a href=\"http:\/\/lattes.cnpq.br\/7477981517627461\">Curr\u00edculo Lattes<\/a><\/p>\n<p>Keberson Bresolin: <a href=\"http:\/\/lattes.cnpq.br\/0453544073578564\">Curr\u00edculo Lattes<\/a><\/p>\n<p>Lu\u00eds Rubira: <a href=\"http:\/\/lattes.cnpq.br\/9798875695341483\">Curr\u00edculo Lattes<\/a><\/p>\n<p>Manoel Vasconcellos: <a href=\"http:\/\/lattes.cnpq.br\/6450962679150321\">Curr\u00edculo Lattes<\/a><\/p>\n<p>Robinson dos Santos: <a href=\"http:\/\/lattes.cnpq.br\/2673552821924828\">Curr\u00edculo Lattes<\/a><\/p>\n<p>S\u00e9rgio Ricardo Strefling: <a href=\"http:\/\/lattes.cnpq.br\/5956718110743667\">Curr\u00edculo Lattes<\/a><\/p>\n<p>S\u00f4nia Maria Schio: <a href=\"http:\/\/lattes.cnpq.br\/5614697219000826\">Curr\u00edculo Lattes<\/a><\/p>\n<p>&nbsp;<\/p>\n<p>Darlei Dall&#8217;Agnol (professor colaborador): <a href=\"http:\/\/lattes.cnpq.br\/1009956459333986\">Curr\u00edculo Lattes<\/a><\/p>\n<p>Delamar Volpato Dutra (professor colaborador): <a href=\"http:\/\/lattes.cnpq.br\/7826882124566360\">Curr\u00edculo Lattes<\/a><\/p>\n<p>Nuno Miguel Pereira Castanheira (professor visitante): <a href=\"http:\/\/lattes.cnpq.br\/2074282295154166\">Curr\u00edculo Lattes<\/a><\/p>\n","protected":false},"excerpt":{"rendered":"<p>O Programa de P\u00f3s-Gradua\u00e7\u00e3o em Filosofia da Universidade Federal de Pelotas possui diversos projetos de pesquisa. Para consultar aqueles j\u00e1 realizados e\/ou os que est\u00e3o em andamento a cada ano, basta acessar o curr\u00edculo Lattes dos docentes abaixo relacionados: &nbsp; Clademir Araldi: Curr\u00edculo Lattes Evandro Barbosa: Curr\u00edculo Lattes Jo\u00e3o Hobuss: Curr\u00edculo Lattes Jovino Pizzi: Curr\u00edculo [&hellip;]<\/p>\n","protected":false},"author":16,"featured_media":0,"parent":0,"menu_order":0,"comment_status":"closed","ping_status":"closed","template":"","meta":{"jetpack_post_was_ever_published":false,"footnotes":""},"class_list":["post-2889","page","type-page","status-publish","hentry"],"jetpack_sharing_enabled":true,"_links":{"self":[{"href":"https:\/\/wp.ufpel.edu.br\/ppgfil\/wp-json\/wp\/v2\/pages\/2889","targetHints":{"allow":["GET"]}}],"collection":[{"href":"https:\/\/wp.ufpel.edu.br\/ppgfil\/wp-json\/wp\/v2\/pages"}],"about":[{"href":"https:\/\/wp.ufpel.edu.br\/ppgfil\/wp-json\/wp\/v2\/types\/page"}],"author":[{"embeddable":true,"href":"https:\/\/wp.ufpel.edu.br\/ppgfil\/wp-json\/wp\/v2\/users\/16"}],"replies":[{"embeddable":true,"href":"https:\/\/wp.ufpel.edu.br\/ppgfil\/wp-json\/wp\/v2\/comments?post=2889"}],"version-history":[{"count":4,"href":"https:\/\/wp.ufpel.edu.br\/ppgfil\/wp-json\/wp\/v2\/pages\/2889\/revisions"}],"predecessor-version":[{"id":2895,"href":"https:\/\/wp.ufpel.edu.br\/ppgfil\/wp-json\/wp\/v2\/pages\/2889\/revisions\/2895"}],"wp:attachment":[{"href":"https:\/\/wp.ufpel.edu.br\/ppgfil\/wp-json\/wp\/v2\/media?parent=2889"}],"curies":[{"name":"wp","href":"https:\/\/api.w.org\/{rel}","templated":true}]}}

<p>O Programa de Pós-Graduação em Filosofia da Universidade Federal de Pelotas possui diversos projetos de pesquisa. Para consultar aqueles já realizados e/ou os que estão em andamento a cada ano, basta acessar o currículo Lattes dos docentes abaixo relacionados:</p>
<p>&nbsp;</p>
<p>Clademir Araldi: <a href="http://lattes.cnpq.br/9512892707756969">Currículo Lattes</a></p>
<p>Evandro Barbosa: <a href="http://lattes.cnpq.br/4540090727696342">Currículo Lattes</a></p>
<p>João Hobuss: <a href="http://lattes.cnpq.br/5127708328452389">Currículo Lattes</a></p>
<p>Jovino Pizzi: <a href="http://lattes.cnpq.br/8367592283546125">Currículo Lattes</a></p>
<p>Juliano do Carmo: <a href="http://lattes.cnpq.br/7477981517627461">Currículo Lattes</a></p>
<p>Keberson Bresolin: <a href="http://lattes.cnpq.br/0453544073578564">Currículo Lattes</a></p>
<p>Luís Rubira: <a href="http://lattes.cnpq.br/9798875695341483">Currículo Lattes</a></p>
<p>Manoel Vasconcellos: <a href="http://lattes.cnpq.br/6450962679150321">Currículo Lattes</a></p>
<p>Robinson dos Santos: <a href="http://lattes.cnpq.br/2673552821924828">Currículo Lattes</a></p>
<p>Sérgio Ricardo Strefling: <a href="http://lattes.cnpq.br/5956718110743667">Currículo Lattes</a></p>
<p>Sônia Maria Schio: <a href="http://lattes.cnpq.br/5614697219000826">Currículo Lattes</a></p>
<p>&nbsp;</p>
<p>Darlei Dall&#8217;Agnol (professor colaborador): <a href="http://lattes.cnpq.br/1009956459333986">Currículo Lattes</a></p>
<p>Delamar Volpato Dutra (professor colaborador): <a href="http://lattes.cnpq.br/7826882124566360">Currículo Lattes</a></p>
<p>Nuno Miguel Pereira Castanheira (professor visitante): <a href="http://lattes.cnpq.br/2074282295154166">Currículo Lattes</a></p>

<p>O Programa de Pós-Graduação em Filosofia da Universidade Federal de Pelotas possui diversos projetos de pesquisa. Para consultar aqueles já realizados e/ou os que estão em andamento a cada ano, basta acessar o currículo Lattes dos docentes abaixo relacionados: &nbsp; Clademir Araldi: Currículo Lattes Evandro Barbosa: Currículo Lattes João Hobuss: Currículo Lattes Jovino Pizzi: Currículo [&hellip;]</p>
