{"id":2845,"date":"2025-02-12T06:44:09","date_gmt":"2025-02-12T09:44:09","guid":{"rendered":"https:\/\/wp.ufpel.edu.br\/ppgfil\/?page_id=2845"},"modified":"2025-02-13T07:52:05","modified_gmt":"2025-02-13T10:52:05","slug":"seminario-de-divulgacao-da-pesquisa-e-da-experiencia-de-bolsista-no-exterior","status":"publish","type":"page","link":"https:\/\/wp.ufpel.edu.br\/ppgfil\/seminario-de-divulgacao-da-pesquisa-e-da-experiencia-de-bolsista-no-exterior\/","title":{"rendered":"Semin\u00e1rio da pesquisa de bolsista no exterior"},"content":{"rendered":"<p>O Semin\u00e1rio de divulga\u00e7\u00e3o da pesquisa e da experi\u00eancia de bolsista do PPGFIL-UFPel no exterior foi criado em agosto de 2023. Trata-se de um evento anual que busca valorizar a pesquisa em n\u00edvel de p\u00f3s-gradua\u00e7\u00e3o de seus discentes no exterior, bem como destina-se a estimular novos discentes a realizarem est\u00e1gio de pesquisa em n\u00edvel internacional, por meio do compartilhamento das experi\u00eancias dos bolsistas que j\u00e1 estiveram em universidades estrangeiras.<\/p>\n<p>&nbsp;<\/p>\n<p>II Semin\u00e1rio de bolsistas no exterior (2024):<\/p>\n<p><img class=\"\" src=\"https:\/\/wp.ufpel.edu.br\/ppgfil\/files\/2024\/10\/Cartaz-2-intercambio-docx_page-0001.jpg\" width=\"537\" height=\"759\" \/><\/p>\n<p>I Semin\u00e1rio de bolsistas no exterior (2023):<\/p>\n<p><img src=\"https:\/\/wp.ufpel.edu.br\/ppgfil\/files\/2023\/08\/Cartaz-Relatos-Bolsistas-PDSE-2023.png\" \/><\/p>\n<p>&nbsp;<\/p>\n","protected":false},"excerpt":{"rendered":"<p>O Semin\u00e1rio de divulga\u00e7\u00e3o da pesquisa e da experi\u00eancia de bolsista do PPGFIL-UFPel no exterior foi criado em agosto de 2023. Trata-se de um evento anual que busca valorizar a pesquisa em n\u00edvel de p\u00f3s-gradua\u00e7\u00e3o de seus discentes no exterior, bem como destina-se a estimular novos discentes a realizarem est\u00e1gio de pesquisa em n\u00edvel internacional, [&hellip;]<\/p>\n","protected":false},"author":16,"featured_media":0,"parent":0,"menu_order":0,"comment_status":"closed","ping_status":"closed","template":"","meta":{"jetpack_post_was_ever_published":false,"footnotes":""},"class_list":["post-2845","page","type-page","status-publish","hentry"],"jetpack_sharing_enabled":true,"_links":{"self":[{"href":"https:\/\/wp.ufpel.edu.br\/ppgfil\/wp-json\/wp\/v2\/pages\/2845","targetHints":{"allow":["GET"]}}],"collection":[{"href":"https:\/\/wp.ufpel.edu.br\/ppgfil\/wp-json\/wp\/v2\/pages"}],"about":[{"href":"https:\/\/wp.ufpel.edu.br\/ppgfil\/wp-json\/wp\/v2\/types\/page"}],"author":[{"embeddable":true,"href":"https:\/\/wp.ufpel.edu.br\/ppgfil\/wp-json\/wp\/v2\/users\/16"}],"replies":[{"embeddable":true,"href":"https:\/\/wp.ufpel.edu.br\/ppgfil\/wp-json\/wp\/v2\/comments?post=2845"}],"version-history":[{"count":6,"href":"https:\/\/wp.ufpel.edu.br\/ppgfil\/wp-json\/wp\/v2\/pages\/2845\/revisions"}],"predecessor-version":[{"id":2865,"href":"https:\/\/wp.ufpel.edu.br\/ppgfil\/wp-json\/wp\/v2\/pages\/2845\/revisions\/2865"}],"wp:attachment":[{"href":"https:\/\/wp.ufpel.edu.br\/ppgfil\/wp-json\/wp\/v2\/media?parent=2845"}],"curies":[{"name":"wp","href":"https:\/\/api.w.org\/{rel}","templated":true}]}}