{"id":2803,"date":"2024-12-18T16:48:59","date_gmt":"2024-12-18T19:48:59","guid":{"rendered":"https:\/\/wp.ufpel.edu.br\/ppgfil\/?page_id=2803"},"modified":"2024-12-18T16:48:59","modified_gmt":"2024-12-18T19:48:59","slug":"minter-ufpel-unirio-capes","status":"publish","type":"page","link":"https:\/\/wp.ufpel.edu.br\/ppgfil\/minter-ufpel-unirio-capes\/","title":{"rendered":"MINTER UFPel\/UNIRIO CAPES"},"content":{"rendered":"<p><strong>PCI\/Minter UFPel \/ UNIRIO. Turma de Mestrado Interinstitucional em Filosofia 2025\u00a0<\/strong><\/p>\n<p>A meta principal do MINTER na \u00c1rea de \u00c9tica e Filosofia Pol\u00edtica \u00e9 formar uma turma em n\u00edvel de Mestrado de at\u00e9 20 (vinte) pesquisadores, provindos preferencialmente dos Cursos de Filosofia e das Humanidades, na UNIRIO, no Rio de Janeiro\/RJ. Nesse sentido, ser\u00e1 oferecida uma forma\u00e7\u00e3o qualificada, baseada no n\u00edvel de qualidade j\u00e1 atingido em nosso PPGFIL-UFPel, a estudantes fluminenses\u00a0 que se interessam pelo aprofundamento de quest\u00f5es ligadas \u00e0 \u00e9tica e \u00e0 filosofia pol\u00edtica. Al\u00e9m disso, busca-se, atrav\u00e9s do suporte \u00e0s linhas de pesquisa, uma atua\u00e7\u00e3o em diversos \u00e2mbitos acad\u00eamicos de ensino superior e m\u00e9dio, em que a pesquisa desses temas pode ser aplicada \u00e0 doc\u00eancia em disciplinas e cursos n\u00e3o diretamente relacionados \u00e0 Filosofia.<\/p>\n<p>O curso, que iniciar\u00e1 em 2025, objetiva:<\/p>\n<ol>\n<li>Formar mestres de alto n\u00edvel, comprometidos com o avan\u00e7o do conhecimento para o exerc\u00edcio, especialmente, da pesquisa e do ensino em n\u00edvel de p\u00f3s-gradua\u00e7\u00e3o;<\/li>\n<li>Estimular a produ\u00e7\u00e3o e a socializa\u00e7\u00e3o do conhecimento no campo da Filosofia, das Humanidades, e da educa\u00e7\u00e3o cient\u00edfica e tecnol\u00f3gica;<\/li>\n<li>Contribuir para uma reflex\u00e3o cont\u00ednua, cr\u00edtica e reflexiva dos processos educativos voltados \u00e0 forma\u00e7\u00e3o dos profissionais das Humanidades, da educa\u00e7\u00e3o cient\u00edfica e tecnol\u00f3gica.<\/li>\n<\/ol>\n","protected":false},"excerpt":{"rendered":"<p>PCI\/Minter UFPel \/ UNIRIO. Turma de Mestrado Interinstitucional em Filosofia 2025\u00a0 A meta principal do MINTER na \u00c1rea de \u00c9tica e Filosofia Pol\u00edtica \u00e9 formar uma turma em n\u00edvel de Mestrado de at\u00e9 20 (vinte) pesquisadores, provindos preferencialmente dos Cursos de Filosofia e das Humanidades, na UNIRIO, no Rio de Janeiro\/RJ. Nesse sentido, ser\u00e1 oferecida [&hellip;]<\/p>\n","protected":false},"author":16,"featured_media":0,"parent":0,"menu_order":0,"comment_status":"closed","ping_status":"closed","template":"","meta":{"jetpack_post_was_ever_published":false,"footnotes":""},"class_list":["post-2803","page","type-page","status-publish","hentry"],"jetpack_sharing_enabled":true,"_links":{"self":[{"href":"https:\/\/wp.ufpel.edu.br\/ppgfil\/wp-json\/wp\/v2\/pages\/2803","targetHints":{"allow":["GET"]}}],"collection":[{"href":"https:\/\/wp.ufpel.edu.br\/ppgfil\/wp-json\/wp\/v2\/pages"}],"about":[{"href":"https:\/\/wp.ufpel.edu.br\/ppgfil\/wp-json\/wp\/v2\/types\/page"}],"author":[{"embeddable":true,"href":"https:\/\/wp.ufpel.edu.br\/ppgfil\/wp-json\/wp\/v2\/users\/16"}],"replies":[{"embeddable":true,"href":"https:\/\/wp.ufpel.edu.br\/ppgfil\/wp-json\/wp\/v2\/comments?post=2803"}],"version-history":[{"count":1,"href":"https:\/\/wp.ufpel.edu.br\/ppgfil\/wp-json\/wp\/v2\/pages\/2803\/revisions"}],"predecessor-version":[{"id":2806,"href":"https:\/\/wp.ufpel.edu.br\/ppgfil\/wp-json\/wp\/v2\/pages\/2803\/revisions\/2806"}],"wp:attachment":[{"href":"https:\/\/wp.ufpel.edu.br\/ppgfil\/wp-json\/wp\/v2\/media?parent=2803"}],"curies":[{"name":"wp","href":"https:\/\/api.w.org\/{rel}","templated":true}]}}

<p><strong>PCI/Minter UFPel / UNIRIO. Turma de Mestrado Interinstitucional em Filosofia 2025 </strong></p>
<p>A meta principal do MINTER na Área de Ética e Filosofia Política é formar uma turma em nível de Mestrado de até 20 (vinte) pesquisadores, provindos preferencialmente dos Cursos de Filosofia e das Humanidades, na UNIRIO, no Rio de Janeiro/RJ. Nesse sentido, será oferecida uma formação qualificada, baseada no nível de qualidade já atingido em nosso PPGFIL-UFPel, a estudantes fluminenses  que se interessam pelo aprofundamento de questões ligadas à ética e à filosofia política. Além disso, busca-se, através do suporte às linhas de pesquisa, uma atuação em diversos âmbitos acadêmicos de ensino superior e médio, em que a pesquisa desses temas pode ser aplicada à docência em disciplinas e cursos não diretamente relacionados à Filosofia.</p>
<p>O curso, que iniciará em 2025, objetiva:</p>
<ol>
<li>Formar mestres de alto nível, comprometidos com o avanço do conhecimento para o exercício, especialmente, da pesquisa e do ensino em nível de pós-graduação;</li>
<li>Estimular a produção e a socialização do conhecimento no campo da Filosofia, das Humanidades, e da educação científica e tecnológica;</li>
<li>Contribuir para uma reflexão contínua, crítica e reflexiva dos processos educativos voltados à formação dos profissionais das Humanidades, da educação científica e tecnológica.</li>
</ol>

<p>PCI/Minter UFPel / UNIRIO. Turma de Mestrado Interinstitucional em Filosofia 2025  A meta principal do MINTER na Área de Ética e Filosofia Política é formar uma turma em nível de Mestrado de até 20 (vinte) pesquisadores, provindos preferencialmente dos Cursos de Filosofia e das Humanidades, na UNIRIO, no Rio de Janeiro/RJ. Nesse sentido, será oferecida [&hellip;]</p>
