{"id":2727,"date":"2024-11-02T09:29:03","date_gmt":"2024-11-02T12:29:03","guid":{"rendered":"https:\/\/wp.ufpel.edu.br\/ppgfil\/?page_id=2727"},"modified":"2024-11-02T09:29:03","modified_gmt":"2024-11-02T12:29:03","slug":"congresso-internacional-de-filosofia-moral-e-politica","status":"publish","type":"page","link":"https:\/\/wp.ufpel.edu.br\/ppgfil\/congresso-internacional-de-filosofia-moral-e-politica\/","title":{"rendered":"CONGRESSO INTERNACIONAL DE FILOSOFIA MORAL E POL\u00cdTICA"},"content":{"rendered":"<p>Congresso Internacional promovido pelo Programa de P\u00f3s-Gradua\u00e7\u00e3o em Filosofia da Universidade Federal de Pelotas com periodicidade bianual, sua primeira edi\u00e7\u00e3o ocorreu no ano de 2009. Para saber mais sobre as edi\u00e7\u00f5es anteriores e as pr\u00f3ximas edi\u00e7\u00f5es, basta acessar o site permanente do evento:<\/p>\n<p><a href=\"https:\/\/wp.ufpel.edu.br\/cifmp\/\">https:\/\/wp.ufpel.edu.br\/cifmp\/<\/a><\/p>\n<p>&nbsp;<\/p>\n","protected":false},"excerpt":{"rendered":"<p>Congresso Internacional promovido pelo Programa de P\u00f3s-Gradua\u00e7\u00e3o em Filosofia da Universidade Federal de Pelotas com periodicidade bianual, sua primeira edi\u00e7\u00e3o ocorreu no ano de 2009. Para saber mais sobre as edi\u00e7\u00f5es anteriores e as pr\u00f3ximas edi\u00e7\u00f5es, basta acessar o site permanente do evento: https:\/\/wp.ufpel.edu.br\/cifmp\/ &nbsp;<\/p>\n","protected":false},"author":16,"featured_media":0,"parent":0,"menu_order":0,"comment_status":"closed","ping_status":"closed","template":"","meta":{"jetpack_post_was_ever_published":false,"footnotes":""},"class_list":["post-2727","page","type-page","status-publish","hentry"],"jetpack_sharing_enabled":true,"_links":{"self":[{"href":"https:\/\/wp.ufpel.edu.br\/ppgfil\/wp-json\/wp\/v2\/pages\/2727","targetHints":{"allow":["GET"]}}],"collection":[{"href":"https:\/\/wp.ufpel.edu.br\/ppgfil\/wp-json\/wp\/v2\/pages"}],"about":[{"href":"https:\/\/wp.ufpel.edu.br\/ppgfil\/wp-json\/wp\/v2\/types\/page"}],"author":[{"embeddable":true,"href":"https:\/\/wp.ufpel.edu.br\/ppgfil\/wp-json\/wp\/v2\/users\/16"}],"replies":[{"embeddable":true,"href":"https:\/\/wp.ufpel.edu.br\/ppgfil\/wp-json\/wp\/v2\/comments?post=2727"}],"version-history":[{"count":1,"href":"https:\/\/wp.ufpel.edu.br\/ppgfil\/wp-json\/wp\/v2\/pages\/2727\/revisions"}],"predecessor-version":[{"id":2730,"href":"https:\/\/wp.ufpel.edu.br\/ppgfil\/wp-json\/wp\/v2\/pages\/2727\/revisions\/2730"}],"wp:attachment":[{"href":"https:\/\/wp.ufpel.edu.br\/ppgfil\/wp-json\/wp\/v2\/media?parent=2727"}],"curies":[{"name":"wp","href":"https:\/\/api.w.org\/{rel}","templated":true}]}}

CONGRESSO INTERNACIONAL DE FILOSOFIA MORAL E POLÍTICA

<p>Congresso Internacional promovido pelo Programa de Pós-Graduação em Filosofia da Universidade Federal de Pelotas com periodicidade bianual, sua primeira edição ocorreu no ano de 2009. Para saber mais sobre as edições anteriores e as próximas edições, basta acessar o site permanente do evento:</p>
<p><a href="https://wp.ufpel.edu.br/cifmp/">https://wp.ufpel.edu.br/cifmp/</a></p>
<p>&nbsp;</p>

<p>Congresso Internacional promovido pelo Programa de Pós-Graduação em Filosofia da Universidade Federal de Pelotas com periodicidade bianual, sua primeira edição ocorreu no ano de 2009. Para saber mais sobre as edições anteriores e as próximas edições, basta acessar o site permanente do evento: https://wp.ufpel.edu.br/cifmp/ &nbsp;</p>
