{"id":2679,"date":"2024-10-08T09:09:28","date_gmt":"2024-10-08T12:09:28","guid":{"rendered":"https:\/\/wp.ufpel.edu.br\/ppgfil\/?page_id=2679"},"modified":"2025-02-12T07:19:44","modified_gmt":"2025-02-12T10:19:44","slug":"enpos","status":"publish","type":"page","link":"https:\/\/wp.ufpel.edu.br\/ppgfil\/enpos\/","title":{"rendered":"ENPOS"},"content":{"rendered":"<p><strong>Encontro de P\u00f3s-Gradua\u00e7\u00e3o da UFPel<\/strong><\/p>\n<p>O Encontro de P\u00f3s-Gradua\u00e7\u00e3o &#8220;\u00e9 um dos maiores eventos cient\u00edficos da UFPel, unificando a participa\u00e7\u00e3o de todos os Programas de P\u00f3s-Gradua\u00e7\u00e3o desta universidade&#8221; com atividades desde o ano de 2001 (cf. https:\/\/wp.ufpel.edu.br\/enpos). A partir da cria\u00e7\u00e3o do Mestrado em Filosofia no ano de 2007, os discentes do PPGFIL passaram a apresentar suas pesquisas anualmente no ENPOS, acompanhados pelos docentes que orientam suas disserta\u00e7\u00f5es de mestrado ou teses de doutorado. Abaixo, listamos as participa\u00e7\u00f5es no quadri\u00eanio 2021-2024:<\/p>\n<p>ENPOS\/UFPel 2024<\/p>\n<p><a href=\"https:\/\/wp.ufpel.edu.br\/enpos\/files\/2024\/11\/Ciencias-Humanas-3.pdf\">https:\/\/wp.ufpel.edu.br\/enpos\/files\/2024\/11\/Ciencias-Humanas-3.pdf<\/a><\/p>\n<p>ENPOS\/UFPel 2023<br \/>\n<a href=\"https:\/\/wp.ufpel.edu.br\/enpos\/files\/2023\/11\/Ciencias-Humanas.pdf\">https:\/\/wp.ufpel.edu.br\/enpos\/files\/2023\/11\/Ciencias-Humanas.pdf<\/a><\/p>\n<p>ENPOS\/UFPel 2022<br \/>\n<a href=\"https:\/\/wp.ufpel.edu.br\/enpos\/files\/2022\/10\/CIencias-Humanas.pdf\">https:\/\/wp.ufpel.edu.br\/enpos\/files\/2022\/10\/CIencias-Humanas.pdf<\/a><\/p>\n<p>ENPOS\/UFPel 2021<br \/>\n<a href=\"https:\/\/wp.ufpel.edu.br\/enpos\/category\/noticias\/2021\/page\/2\/\">https:\/\/wp.ufpel.edu.br\/enpos\/category\/noticias\/2021\/page\/2\/<\/a><\/p>\n","protected":false},"excerpt":{"rendered":"<p>Encontro de P\u00f3s-Gradua\u00e7\u00e3o da UFPel O Encontro de P\u00f3s-Gradua\u00e7\u00e3o &#8220;\u00e9 um dos maiores eventos cient\u00edficos da UFPel, unificando a participa\u00e7\u00e3o de todos os Programas de P\u00f3s-Gradua\u00e7\u00e3o desta universidade&#8221; com atividades desde o ano de 2001 (cf. https:\/\/wp.ufpel.edu.br\/enpos). A partir da cria\u00e7\u00e3o do Mestrado em Filosofia no ano de 2007, os discentes do PPGFIL passaram a [&hellip;]<\/p>\n","protected":false},"author":16,"featured_media":0,"parent":0,"menu_order":0,"comment_status":"closed","ping_status":"closed","template":"","meta":{"jetpack_post_was_ever_published":false,"footnotes":""},"class_list":["post-2679","page","type-page","status-publish","hentry"],"jetpack_sharing_enabled":true,"_links":{"self":[{"href":"https:\/\/wp.ufpel.edu.br\/ppgfil\/wp-json\/wp\/v2\/pages\/2679","targetHints":{"allow":["GET"]}}],"collection":[{"href":"https:\/\/wp.ufpel.edu.br\/ppgfil\/wp-json\/wp\/v2\/pages"}],"about":[{"href":"https:\/\/wp.ufpel.edu.br\/ppgfil\/wp-json\/wp\/v2\/types\/page"}],"author":[{"embeddable":true,"href":"https:\/\/wp.ufpel.edu.br\/ppgfil\/wp-json\/wp\/v2\/users\/16"}],"replies":[{"embeddable":true,"href":"https:\/\/wp.ufpel.edu.br\/ppgfil\/wp-json\/wp\/v2\/comments?post=2679"}],"version-history":[{"count":5,"href":"https:\/\/wp.ufpel.edu.br\/ppgfil\/wp-json\/wp\/v2\/pages\/2679\/revisions"}],"predecessor-version":[{"id":2850,"href":"https:\/\/wp.ufpel.edu.br\/ppgfil\/wp-json\/wp\/v2\/pages\/2679\/revisions\/2850"}],"wp:attachment":[{"href":"https:\/\/wp.ufpel.edu.br\/ppgfil\/wp-json\/wp\/v2\/media?parent=2679"}],"curies":[{"name":"wp","href":"https:\/\/api.w.org\/{rel}","templated":true}]}}

<p><strong>Encontro de Pós-Graduação da UFPel</strong></p>
<p>O Encontro de Pós-Graduação &#8220;é um dos maiores eventos científicos da UFPel, unificando a participação de todos os Programas de Pós-Graduação desta universidade&#8221; com atividades desde o ano de 2001 (cf. https://wp.ufpel.edu.br/enpos). A partir da criação do Mestrado em Filosofia no ano de 2007, os discentes do PPGFIL passaram a apresentar suas pesquisas anualmente no ENPOS, acompanhados pelos docentes que orientam suas dissertações de mestrado ou teses de doutorado. Abaixo, listamos as participações no quadriênio 2021-2024:</p>
<p>ENPOS/UFPel 2024</p>
<p><a href="https://wp.ufpel.edu.br/enpos/files/2024/11/Ciencias-Humanas-3.pdf">https://wp.ufpel.edu.br/enpos/files/2024/11/Ciencias-Humanas-3.pdf</a></p>
<p>ENPOS/UFPel 2023<br />
<a href="https://wp.ufpel.edu.br/enpos/files/2023/11/Ciencias-Humanas.pdf">https://wp.ufpel.edu.br/enpos/files/2023/11/Ciencias-Humanas.pdf</a></p>
<p>ENPOS/UFPel 2022<br />
<a href="https://wp.ufpel.edu.br/enpos/files/2022/10/CIencias-Humanas.pdf">https://wp.ufpel.edu.br/enpos/files/2022/10/CIencias-Humanas.pdf</a></p>
<p>ENPOS/UFPel 2021<br />
<a href="https://wp.ufpel.edu.br/enpos/category/noticias/2021/page/2/">https://wp.ufpel.edu.br/enpos/category/noticias/2021/page/2/</a></p>

<p>Encontro de Pós-Graduação da UFPel O Encontro de Pós-Graduação &#8220;é um dos maiores eventos científicos da UFPel, unificando a participação de todos os Programas de Pós-Graduação desta universidade&#8221; com atividades desde o ano de 2001 (cf. https://wp.ufpel.edu.br/enpos). A partir da criação do Mestrado em Filosofia no ano de 2007, os discentes do PPGFIL passaram a [&hellip;]</p>
