{"id":1978,"date":"2023-04-18T18:56:45","date_gmt":"2023-04-18T21:56:45","guid":{"rendered":"https:\/\/wp.ufpel.edu.br\/ppgfil\/?page_id=1978"},"modified":"2023-04-18T18:56:45","modified_gmt":"2023-04-18T21:56:45","slug":"pos-doutorado","status":"publish","type":"page","link":"https:\/\/wp.ufpel.edu.br\/ppgfil\/pos-doutorado\/","title":{"rendered":"P\u00d3S-DOUTORADO"},"content":{"rendered":"<h4 style=\"text-align: justify;\">DOS OBJETIVOS<\/h4>\n<p style=\"text-align: justify;\">Proporcionar a forma\u00e7\u00e3o em n\u00edvel de est\u00e1gio de p\u00f3s-doutorado na \u00e1rea de concentra\u00e7\u00e3o, linhas e grupos de pesquisa vinculados ao Programa de P\u00f3s-Gradua\u00e7\u00e3o em Filosofia da UFPel; fomentar a pesquisa em filosofia por meio da inser\u00e7\u00e3o de pesquisadores brasileiros e estrangeiros em est\u00e1gio p\u00f3s-doutoral no pa\u00eds; permitir a transfer\u00eancia de conhecimentos e a integra\u00e7\u00e3o entre os grupos de pesquisa nacionais e internacionais; contribuir para a capacita\u00e7\u00e3o de investigadores nos Programas de P\u00f3s-Gradua\u00e7\u00e3o das institui\u00e7\u00f5es de ensino superior e de pesquisa; promover a transfer\u00eancia de novos conhecimentos para os quadros de forma\u00e7\u00e3o discente do Curso e do Programa de P\u00f3s-gradua\u00e7\u00e3o em Filosofia.<\/p>\n<h4 style=\"text-align: justify;\">INSCRI\u00c7\u00d5ES<\/h4>\n<p style=\"text-align: justify;\">As inscri\u00e7\u00f5es para o processo seletivo de est\u00e1gio de p\u00f3s-doutorado em filosofia poder\u00e3o ser realizadas em sistema de fluxo cont\u00ednuo, durante o per\u00edodo letivo estabelecido pelo Calend\u00e1rio Acad\u00eamico da UFPel, junto \u00e0 Secretaria do Programa de P\u00f3s-Gradua\u00e7\u00e3o em Filosofia (Campus das Ci\u00eancias Sociais, Instituto de Filosofia, Sociologia e Pol\u00edtica, sala 209), Rua Coronel Alberto Rosa, 154, Centro \u2013 96010-770, Pelotas\/RS ou pelo endere\u00e7o eletr\u00f4nico ppgfilosofia@ufpel.edu.br (preenchendo o campo \u201cAssunto\u201d com o enunciado \u201cINSCRI\u00c7\u00c3O P\u00d3S-DOUTORADO EM FILOSOFIA).<\/p>\n<h3 style=\"text-align: center;\"><a href=\"https:\/\/wp.ufpel.edu.br\/ppgfil\/files\/2021\/10\/SEI_UFPel-1461235-Edital-pos-doc.pdf\">Acesse o Edital de Fluxo Cont\u00ednuo de P\u00f3s-Doc<\/a><\/h3>\n<p style=\"text-align: justify;\">\n","protected":false},"excerpt":{"rendered":"<p>DOS OBJETIVOS Proporcionar a forma\u00e7\u00e3o em n\u00edvel de est\u00e1gio de p\u00f3s-doutorado na \u00e1rea de concentra\u00e7\u00e3o, linhas e grupos de pesquisa vinculados ao Programa de P\u00f3s-Gradua\u00e7\u00e3o em Filosofia da UFPel; fomentar a pesquisa em filosofia por meio da inser\u00e7\u00e3o de pesquisadores brasileiros e estrangeiros em est\u00e1gio p\u00f3s-doutoral no pa\u00eds; permitir a transfer\u00eancia de conhecimentos e a [&hellip;]<\/p>\n","protected":false},"author":1247,"featured_media":0,"parent":0,"menu_order":0,"comment_status":"closed","ping_status":"closed","template":"","meta":{"jetpack_post_was_ever_published":false,"footnotes":""},"class_list":["post-1978","page","type-page","status-publish","hentry"],"jetpack_sharing_enabled":true,"_links":{"self":[{"href":"https:\/\/wp.ufpel.edu.br\/ppgfil\/wp-json\/wp\/v2\/pages\/1978","targetHints":{"allow":["GET"]}}],"collection":[{"href":"https:\/\/wp.ufpel.edu.br\/ppgfil\/wp-json\/wp\/v2\/pages"}],"about":[{"href":"https:\/\/wp.ufpel.edu.br\/ppgfil\/wp-json\/wp\/v2\/types\/page"}],"author":[{"embeddable":true,"href":"https:\/\/wp.ufpel.edu.br\/ppgfil\/wp-json\/wp\/v2\/users\/1247"}],"replies":[{"embeddable":true,"href":"https:\/\/wp.ufpel.edu.br\/ppgfil\/wp-json\/wp\/v2\/comments?post=1978"}],"version-history":[{"count":2,"href":"https:\/\/wp.ufpel.edu.br\/ppgfil\/wp-json\/wp\/v2\/pages\/1978\/revisions"}],"predecessor-version":[{"id":1980,"href":"https:\/\/wp.ufpel.edu.br\/ppgfil\/wp-json\/wp\/v2\/pages\/1978\/revisions\/1980"}],"wp:attachment":[{"href":"https:\/\/wp.ufpel.edu.br\/ppgfil\/wp-json\/wp\/v2\/media?parent=1978"}],"curies":[{"name":"wp","href":"https:\/\/api.w.org\/{rel}","templated":true}]}}