{"id":1966,"date":"2023-04-18T18:44:17","date_gmt":"2023-04-18T21:44:17","guid":{"rendered":"https:\/\/wp.ufpel.edu.br\/ppgfil\/?page_id=1966"},"modified":"2023-04-18T19:15:00","modified_gmt":"2023-04-18T22:15:00","slug":"egressos-doutorado","status":"publish","type":"page","link":"https:\/\/wp.ufpel.edu.br\/ppgfil\/egressos-doutorado\/","title":{"rendered":"EGRESSOS DOUTORADO"},"content":{"rendered":"<table>\n<tbody>\n<tr>\n<td><strong>NOME<\/strong><\/td>\n<td><strong>ANO DE INGRESSO<\/strong><\/td>\n<td><strong>ANO DE CONCLUS\u00c3O<\/strong><\/td>\n<\/tr>\n<tr>\n<td><span style=\"font-weight: 400;\">JULIO HENRIQUE CARVALHO PEREIRA<\/span><\/td>\n<td><span style=\"font-weight: 400;\">2018<\/span><\/td>\n<td><span style=\"font-weight: 400;\">2023<\/span><\/td>\n<\/tr>\n<tr>\n<td><span style=\"font-weight: 400;\">DIRCEU ARNO KR\u00dcGER JUNIOR<\/span><\/td>\n<td><span style=\"font-weight: 400;\">2018<\/span><\/td>\n<td><span style=\"font-weight: 400;\">2022<\/span><\/td>\n<\/tr>\n<tr>\n<td><span style=\"font-weight: 400;\">DOUGLAS CHAVES DE SOUZA<\/span><\/td>\n<td><span style=\"font-weight: 400;\">2018<\/span><\/td>\n<td><span style=\"font-weight: 400;\">2022<\/span><\/td>\n<\/tr>\n<tr>\n<td><span style=\"font-weight: 400;\">HOMERO DAMO<\/span><\/td>\n<td><span style=\"font-weight: 400;\">2018<\/span><\/td>\n<td><span style=\"font-weight: 400;\">2022<\/span><\/td>\n<\/tr>\n<tr>\n<td><span style=\"font-weight: 400;\">THA\u00cdS CRISTINA ALVES COSTA<\/span><\/td>\n<td><span style=\"font-weight: 400;\">2018<\/span><\/td>\n<td><span style=\"font-weight: 400;\">2022<\/span><\/td>\n<\/tr>\n<tr>\n<td><span style=\"font-weight: 400;\">WILLIAM SARAIVA BORGES<\/span><\/td>\n<td><span style=\"font-weight: 400;\">2018<\/span><\/td>\n<td><span style=\"font-weight: 400;\">2022<\/span><\/td>\n<\/tr>\n<tr>\n<td><span style=\"font-weight: 400;\">ALEXANDRE XAVIER VARGAS<\/span><\/td>\n<td><span style=\"font-weight: 400;\">2017<\/span><\/td>\n<td><span style=\"font-weight: 400;\">2022<\/span><\/td>\n<\/tr>\n<tr>\n<td><span style=\"font-weight: 400;\">LU\u00cdSA CAROLINE DA SILVEIRA POGOZELSKI<\/span><\/td>\n<td><span style=\"font-weight: 400;\">2017<\/span><\/td>\n<td><span style=\"font-weight: 400;\">2022<\/span><\/td>\n<\/tr>\n<tr>\n<td><span style=\"font-weight: 400;\">CARLOS ALBERTO MIRAGLIA<\/span><\/td>\n<td><span style=\"font-weight: 400;\">2016<\/span><\/td>\n<td><span style=\"font-weight: 400;\">2022<\/span><\/td>\n<\/tr>\n<tr>\n<td><span style=\"font-weight: 400;\">\u00cdTALO CLAY TAVARES DE LIMA<\/span><\/td>\n<td><span style=\"font-weight: 400;\">2016<\/span><\/td>\n<td><span style=\"font-weight: 400;\">2022<\/span><\/td>\n<\/tr>\n<tr>\n<td><span style=\"font-weight: 400;\">FERNANDO AMARAL<\/span><\/td>\n<td><span style=\"font-weight: 400;\">2017<\/span><\/td>\n<td><span style=\"font-weight: 400;\">2021<\/span><\/td>\n<\/tr>\n<tr>\n<td><span style=\"font-weight: 400;\">LUANA TALITA DA CRUZ<\/span><\/td>\n<td><span style=\"font-weight: 400;\">2017<\/span><\/td>\n<td><span style=\"font-weight: 400;\">2021<\/span><\/td>\n<\/tr>\n<tr>\n<td><span style=\"font-weight: 400;\">MARIELENA DA CUNHA FARIA TORRESCASANA<\/span><\/td>\n<td><span style=\"font-weight: 400;\">2017<\/span><\/td>\n<td><span style=\"font-weight: 400;\">2021<\/span><\/td>\n<\/tr>\n<tr>\n<td><span style=\"font-weight: 400;\">ELBIO GERARDO SILVEIRA RAMOS<\/span><\/td>\n<td><span style=\"font-weight: 400;\">2015<\/span><\/td>\n<td><span style=\"font-weight: 400;\">2021<\/span><\/td>\n<\/tr>\n<tr>\n<td><span style=\"font-weight: 400;\">DAVID IN\u00c1CIO NASCIMENTO<\/span><\/td>\n<td><span style=\"font-weight: 400;\">2017<\/span><\/td>\n<td><span style=\"font-weight: 400;\">2020<\/span><\/td>\n<\/tr>\n<tr>\n<td><span style=\"font-weight: 400;\">MAUR\u00cdCIO MEDEIROS VIEIRA<\/span><\/td>\n<td><span style=\"font-weight: 400;\">2017<\/span><\/td>\n<td><span style=\"font-weight: 400;\">2020<\/span><\/td>\n<\/tr>\n<tr>\n<td><span style=\"font-weight: 400;\">TULIPA MARTINS MEIRELES<\/span><\/td>\n<td><span style=\"font-weight: 400;\">2016<\/span><\/td>\n<td><span style=\"font-weight: 400;\">2020<\/span><\/td>\n<\/tr>\n<tr>\n<td><span style=\"font-weight: 400;\">JOHN FLORINDO DE MIRANDA<\/span><\/td>\n<td><span style=\"font-weight: 400;\">2015<\/span><\/td>\n<td><span style=\"font-weight: 400;\">2020<\/span><\/td>\n<\/tr>\n<tr>\n<td><span style=\"font-weight: 400;\">MATHEUS JESKE VAHL<\/span><\/td>\n<td><span style=\"font-weight: 400;\">2016<\/span><\/td>\n<td><span style=\"font-weight: 400;\">2019<\/span><\/td>\n<\/tr>\n<tr>\n<td><span style=\"font-weight: 400;\">FRANCISCO RAFAEL LEIDENS<\/span><\/td>\n<td><span style=\"font-weight: 400;\">2015<\/span><\/td>\n<td><span style=\"font-weight: 400;\">2019<\/span><\/td>\n<\/tr>\n<tr>\n<td><span style=\"font-weight: 400;\">ROBERTO VIEIRA J\u00daNIOR<\/span><\/td>\n<td><span style=\"font-weight: 400;\">2015<\/span><\/td>\n<td><span style=\"font-weight: 400;\">2019<\/span><\/td>\n<\/tr>\n<\/tbody>\n<\/table>\n<p>&nbsp;<\/p>\n","protected":false},"excerpt":{"rendered":"<p>NOME ANO DE INGRESSO ANO DE CONCLUS\u00c3O JULIO HENRIQUE CARVALHO PEREIRA 2018 2023 DIRCEU ARNO KR\u00dcGER JUNIOR 2018 2022 DOUGLAS CHAVES DE SOUZA 2018 2022 HOMERO DAMO 2018 2022 THA\u00cdS CRISTINA ALVES COSTA 2018 2022 WILLIAM SARAIVA BORGES 2018 2022 ALEXANDRE XAVIER VARGAS 2017 2022 LU\u00cdSA CAROLINE DA SILVEIRA POGOZELSKI 2017 2022 CARLOS ALBERTO MIRAGLIA [&hellip;]<\/p>\n","protected":false},"author":1247,"featured_media":0,"parent":0,"menu_order":0,"comment_status":"closed","ping_status":"closed","template":"","meta":{"jetpack_post_was_ever_published":false,"footnotes":""},"class_list":["post-1966","page","type-page","status-publish","hentry"],"jetpack_sharing_enabled":true,"_links":{"self":[{"href":"https:\/\/wp.ufpel.edu.br\/ppgfil\/wp-json\/wp\/v2\/pages\/1966","targetHints":{"allow":["GET"]}}],"collection":[{"href":"https:\/\/wp.ufpel.edu.br\/ppgfil\/wp-json\/wp\/v2\/pages"}],"about":[{"href":"https:\/\/wp.ufpel.edu.br\/ppgfil\/wp-json\/wp\/v2\/types\/page"}],"author":[{"embeddable":true,"href":"https:\/\/wp.ufpel.edu.br\/ppgfil\/wp-json\/wp\/v2\/users\/1247"}],"replies":[{"embeddable":true,"href":"https:\/\/wp.ufpel.edu.br\/ppgfil\/wp-json\/wp\/v2\/comments?post=1966"}],"version-history":[{"count":2,"href":"https:\/\/wp.ufpel.edu.br\/ppgfil\/wp-json\/wp\/v2\/pages\/1966\/revisions"}],"predecessor-version":[{"id":1990,"href":"https:\/\/wp.ufpel.edu.br\/ppgfil\/wp-json\/wp\/v2\/pages\/1966\/revisions\/1990"}],"wp:attachment":[{"href":"https:\/\/wp.ufpel.edu.br\/ppgfil\/wp-json\/wp\/v2\/media?parent=1966"}],"curies":[{"name":"wp","href":"https:\/\/api.w.org\/{rel}","templated":true}]}}

<table>
<tbody>
<tr>
<td><strong>NOME</strong></td>
<td><strong>ANO DE INGRESSO</strong></td>
<td><strong>ANO DE CONCLUSÃO</strong></td>
</tr>
<tr>
<td><span style="font-weight: 400;">JULIO HENRIQUE CARVALHO PEREIRA</span></td>
<td><span style="font-weight: 400;">2018</span></td>
<td><span style="font-weight: 400;">2023</span></td>
</tr>
<tr>
<td><span style="font-weight: 400;">DIRCEU ARNO KRÜGER JUNIOR</span></td>
<td><span style="font-weight: 400;">2018</span></td>
<td><span style="font-weight: 400;">2022</span></td>
</tr>
<tr>
<td><span style="font-weight: 400;">DOUGLAS CHAVES DE SOUZA</span></td>
<td><span style="font-weight: 400;">2018</span></td>
<td><span style="font-weight: 400;">2022</span></td>
</tr>
<tr>
<td><span style="font-weight: 400;">HOMERO DAMO</span></td>
<td><span style="font-weight: 400;">2018</span></td>
<td><span style="font-weight: 400;">2022</span></td>
</tr>
<tr>
<td><span style="font-weight: 400;">THAÍS CRISTINA ALVES COSTA</span></td>
<td><span style="font-weight: 400;">2018</span></td>
<td><span style="font-weight: 400;">2022</span></td>
</tr>
<tr>
<td><span style="font-weight: 400;">WILLIAM SARAIVA BORGES</span></td>
<td><span style="font-weight: 400;">2018</span></td>
<td><span style="font-weight: 400;">2022</span></td>
</tr>
<tr>
<td><span style="font-weight: 400;">ALEXANDRE XAVIER VARGAS</span></td>
<td><span style="font-weight: 400;">2017</span></td>
<td><span style="font-weight: 400;">2022</span></td>
</tr>
<tr>
<td><span style="font-weight: 400;">LUÍSA CAROLINE DA SILVEIRA POGOZELSKI</span></td>
<td><span style="font-weight: 400;">2017</span></td>
<td><span style="font-weight: 400;">2022</span></td>
</tr>
<tr>
<td><span style="font-weight: 400;">CARLOS ALBERTO MIRAGLIA</span></td>
<td><span style="font-weight: 400;">2016</span></td>
<td><span style="font-weight: 400;">2022</span></td>
</tr>
<tr>
<td><span style="font-weight: 400;">ÍTALO CLAY TAVARES DE LIMA</span></td>
<td><span style="font-weight: 400;">2016</span></td>
<td><span style="font-weight: 400;">2022</span></td>
</tr>
<tr>
<td><span style="font-weight: 400;">FERNANDO AMARAL</span></td>
<td><span style="font-weight: 400;">2017</span></td>
<td><span style="font-weight: 400;">2021</span></td>
</tr>
<tr>
<td><span style="font-weight: 400;">LUANA TALITA DA CRUZ</span></td>
<td><span style="font-weight: 400;">2017</span></td>
<td><span style="font-weight: 400;">2021</span></td>
</tr>
<tr>
<td><span style="font-weight: 400;">MARIELENA DA CUNHA FARIA TORRESCASANA</span></td>
<td><span style="font-weight: 400;">2017</span></td>
<td><span style="font-weight: 400;">2021</span></td>
</tr>
<tr>
<td><span style="font-weight: 400;">ELBIO GERARDO SILVEIRA RAMOS</span></td>
<td><span style="font-weight: 400;">2015</span></td>
<td><span style="font-weight: 400;">2021</span></td>
</tr>
<tr>
<td><span style="font-weight: 400;">DAVID INÁCIO NASCIMENTO</span></td>
<td><span style="font-weight: 400;">2017</span></td>
<td><span style="font-weight: 400;">2020</span></td>
</tr>
<tr>
<td><span style="font-weight: 400;">MAURÍCIO MEDEIROS VIEIRA</span></td>
<td><span style="font-weight: 400;">2017</span></td>
<td><span style="font-weight: 400;">2020</span></td>
</tr>
<tr>
<td><span style="font-weight: 400;">TULIPA MARTINS MEIRELES</span></td>
<td><span style="font-weight: 400;">2016</span></td>
<td><span style="font-weight: 400;">2020</span></td>
</tr>
<tr>
<td><span style="font-weight: 400;">JOHN FLORINDO DE MIRANDA</span></td>
<td><span style="font-weight: 400;">2015</span></td>
<td><span style="font-weight: 400;">2020</span></td>
</tr>
<tr>
<td><span style="font-weight: 400;">MATHEUS JESKE VAHL</span></td>
<td><span style="font-weight: 400;">2016</span></td>
<td><span style="font-weight: 400;">2019</span></td>
</tr>
<tr>
<td><span style="font-weight: 400;">FRANCISCO RAFAEL LEIDENS</span></td>
<td><span style="font-weight: 400;">2015</span></td>
<td><span style="font-weight: 400;">2019</span></td>
</tr>
<tr>
<td><span style="font-weight: 400;">ROBERTO VIEIRA JÚNIOR</span></td>
<td><span style="font-weight: 400;">2015</span></td>
<td><span style="font-weight: 400;">2019</span></td>
</tr>
</tbody>
</table>
<p>&nbsp;</p>

<p>NOME ANO DE INGRESSO ANO DE CONCLUSÃO JULIO HENRIQUE CARVALHO PEREIRA 2018 2023 DIRCEU ARNO KRÜGER JUNIOR 2018 2022 DOUGLAS CHAVES DE SOUZA 2018 2022 HOMERO DAMO 2018 2022 THAÍS CRISTINA ALVES COSTA 2018 2022 WILLIAM SARAIVA BORGES 2018 2022 ALEXANDRE XAVIER VARGAS 2017 2022 LUÍSA CAROLINE DA SILVEIRA POGOZELSKI 2017 2022 CARLOS ALBERTO MIRAGLIA [&hellip;]</p>
