{"id":89,"date":"2014-11-05T09:31:59","date_gmt":"2014-11-05T11:31:59","guid":{"rendered":"https:\/\/wp.ufpel.edu.br\/ppgeo\/?page_id=89"},"modified":"2026-04-09T14:01:59","modified_gmt":"2026-04-09T17:01:59","slug":"documentos","status":"publish","type":"page","link":"https:\/\/wp.ufpel.edu.br\/ppgeo\/documentos\/","title":{"rendered":"Documentos"},"content":{"rendered":"<ul>\n<li><strong>REGIMENTO:<\/strong>\n<ul>\n<li><a href=\"https:\/\/wp.ufpel.edu.br\/ppgeo\/files\/2025\/08\/SEI_3166672_Parecer_Normativo_COCEPE_115.pdf\">REGIMENTO DO PROGRAMA &#8211; PN COCEPE N\u00ba115\/2025<\/a><\/li>\n<li><a href=\"https:\/\/wp.ufpel.edu.br\/ppgeo\/files\/2019\/03\/Regimento_Novo.pdf\">REGIMENTO DO PROGRAMA &#8211; 2018<\/a><\/li>\n<\/ul>\n<\/li>\n<\/ul>\n<hr \/>\n<ul>\n<li><strong>PLANEJAMENTO ESTRAT\u00c9GICO DO PROGRAMA:<\/strong>\n<ul>\n<li><a href=\"https:\/\/wp.ufpel.edu.br\/ppgeo\/files\/2024\/12\/PEP_FINAL_2024.pdf\">PLANEJAMENTO ESTRAT\u00c9GICO DO PROGRAMA &#8211; 2024<\/a><\/li>\n<\/ul>\n<\/li>\n<\/ul>\n<hr \/>\n<ul>\n<li><strong>FORMUL\u00c1RIOS:<\/strong>\n<ul>\n<li><a href=\"https:\/\/wp.ufpel.edu.br\/ppgeo\/files\/2021\/03\/Formulario-de-matricula.doc\">FORMUL\u00c1RIO DE MATR\u00cdCULA<\/a><\/li>\n<li><a href=\"https:\/\/wp.ufpel.edu.br\/ppgeo\/files\/2024\/09\/TRANCAMENTO-DE-MATRICULA-ATUALIZADO.doc\">FORMUL\u00c1RIO DE TRANCAMENTO DE MATR\u00cdCULA<\/a><\/li>\n<li><a href=\"https:\/\/wp.ufpel.edu.br\/ppgeo\/files\/2025\/09\/Formulario-6-Aproveitamento-de-Creditos-EDITAVEL.docx\">FORMUL\u00c1RIO DE APROVEITAMENTO DE CR\u00c9DITOS<\/a><\/li>\n<li><a href=\"https:\/\/wp.ufpel.edu.br\/ppgeo\/files\/2024\/09\/CANCELAMENTO-DE-MATRICULA-EM-DISCIPLINA-ATUALIZADO.doc\">FORMUL\u00c1RIO DE CANCELAMENTO DE DISCIPLINAS<\/a><\/li>\n<li><a href=\"https:\/\/wp.ufpel.edu.br\/ppgeo\/files\/2024\/09\/PPGEO-Formulario-de-Solicitacao-de-Prorrogacao-de-Prazos.docx\">FORMUL\u00c1RIO DE SOLICITA\u00c7\u00c3O DE PRORROGA\u00c7\u00c3O DE PRAZOS<\/a><\/li>\n<\/ul>\n<\/li>\n<\/ul>\n<hr \/>\n<ul>\n<li><strong>MANUAL DE TESES E DISSERTA\u00c7\u00d5ES:<\/strong>\n<ul>\n<li><a href=\"https:\/\/wp.ufpel.edu.br\/qforense\/files\/2025\/09\/Manual-de-Normas-UFPel-para-Trabalhos-Academicos-1.pdf\">MANUAL DE TESES E DISSERTA\u00c7\u00d5ES<\/a><\/li>\n<li><a href=\"https:\/\/wp.ufpel.edu.br\/sisbi\/files\/2024\/04\/Capa_Paginas_pre_e_pos-textuais_atualizado.docx\">MODELO COM CAPA, ELEMENTOS PR\u00c9 E P\u00d3S-TEXTUAIS<\/a><\/li>\n<\/ul>\n<\/li>\n<\/ul>\n<hr \/>\n<ul>\n<li><strong>NORMAS DO EST\u00c1GIO DE DOC\u00caNCIA:<\/strong>\n<ul>\n<li><a href=\"https:\/\/wp.ufpel.edu.br\/ppgeo\/files\/2014\/11\/Normas_Est\u00e1gio-de-doc\u00eancia.pdf\">NORMAS DO EST\u00c1GIO DE DOC\u00caNCIA<\/a><\/li>\n<li><a href=\"https:\/\/wp.ufpel.edu.br\/ppgeo\/files\/2025\/05\/Modelo-Plano-de-atividades-Estagio-em-Docencia.docx\">MODELO DE PLANO DE ATIVIDADES &#8211; EST\u00c1GIO DE DOC\u00caNCIA<\/a><\/li>\n<li><a href=\"https:\/\/wp.ufpel.edu.br\/ppgeo\/files\/2025\/05\/Modelo-de-Relatorio-Estagio-de-Docencia.docx\">MODELO DE RELAT\u00d3RIO &#8211; EST\u00c1GIO DE DOC\u00caNCIA<\/a><\/li>\n<\/ul>\n<\/li>\n<\/ul>\n<hr \/>\n<ul>\n<li><strong>P\u00d3S-DOUTORADO:<\/strong>\n<ul>\n<li><a href=\"https:\/\/wp.ufpel.edu.br\/ppgeo\/files\/2018\/07\/RESOLU\u00c7\u00c3O_POS_DOC_PPGEO_UFPEL.pdf\">RESOLU\u00c7\u00c3O DE P\u00d3S-DOUTORADO<\/a><\/li>\n<\/ul>\n<\/li>\n<\/ul>\n<hr \/>\n<ul>\n<li><strong>FINAN\u00c7AS:<\/strong>\n<ul>\n<li><a href=\"https:\/\/wp.ufpel.edu.br\/ppgeo\/files\/2018\/03\/RESOLU\u00c7\u00c3O_FINAN\u00c7AS.pdf\">RESOLU\u00c7\u00c3O DA COMISS\u00c3O DE FINAN\u00c7AS<\/a><\/li>\n<\/ul>\n<\/li>\n<\/ul>\n<hr \/>\n<ul>\n<li><strong>BOLSAS:<\/strong>\n<ul>\n<li><a href=\"https:\/\/wp.ufpel.edu.br\/ppgeo\/files\/2026\/03\/SEI_3706148_Resolucao_1-2026.pdf\">RESOLU\u00c7AO 1\/2026 &#8211; crit\u00e9rios para a distribui\u00e7\u00e3o e manuten\u00e7\u00e3o de bolsas.<\/a><\/li>\n<li><a href=\"https:\/\/wp.ufpel.edu.br\/ppgeo\/files\/2018\/02\/Resolu\u00e7\u00e3o-de-Bolsas_2018.pdf\">RESOLU\u00c7\u00c3O DA COMISS\u00c3O DE BOLSAS (revogada pela RES 1\/2026.<\/a><\/li>\n<li><a href=\"https:\/\/wp.ufpel.edu.br\/ppgeo\/files\/2025\/10\/Relatorio-Bolsistas-Mestrado.xlsx\">Relat\u00f3rio Bolsistas 2025-Mestrado<\/a><\/li>\n<li><a href=\"https:\/\/wp.ufpel.edu.br\/ppgeo\/files\/2025\/10\/Relatorio-Bolsistas-Doutorado.xlsx\">Relat\u00f3rio Bolsistas 2025-Doutorado<\/a><\/li>\n<\/ul>\n<\/li>\n<\/ul>\n","protected":false},"excerpt":{"rendered":"<p>REGIMENTO: REGIMENTO DO PROGRAMA &#8211; PN COCEPE N\u00ba115\/2025 REGIMENTO DO PROGRAMA &#8211; 2018 PLANEJAMENTO ESTRAT\u00c9GICO DO PROGRAMA: PLANEJAMENTO ESTRAT\u00c9GICO DO PROGRAMA &#8211; 2024 FORMUL\u00c1RIOS: FORMUL\u00c1RIO DE MATR\u00cdCULA FORMUL\u00c1RIO DE TRANCAMENTO DE MATR\u00cdCULA FORMUL\u00c1RIO DE APROVEITAMENTO DE CR\u00c9DITOS FORMUL\u00c1RIO DE CANCELAMENTO DE DISCIPLINAS FORMUL\u00c1RIO DE SOLICITA\u00c7\u00c3O DE PRORROGA\u00c7\u00c3O DE PRAZOS MANUAL DE TESES E DISSERTA\u00c7\u00d5ES: MANUAL [&hellip;]<\/p>\n","protected":false},"author":202,"featured_media":0,"parent":0,"menu_order":6,"comment_status":"closed","ping_status":"closed","template":"","meta":{"footnotes":""},"class_list":["post-89","page","type-page","status-publish","hentry"],"jetpack_sharing_enabled":true,"_links":{"self":[{"href":"https:\/\/wp.ufpel.edu.br\/ppgeo\/wp-json\/wp\/v2\/pages\/89","targetHints":{"allow":["GET"]}}],"collection":[{"href":"https:\/\/wp.ufpel.edu.br\/ppgeo\/wp-json\/wp\/v2\/pages"}],"about":[{"href":"https:\/\/wp.ufpel.edu.br\/ppgeo\/wp-json\/wp\/v2\/types\/page"}],"author":[{"embeddable":true,"href":"https:\/\/wp.ufpel.edu.br\/ppgeo\/wp-json\/wp\/v2\/users\/202"}],"replies":[{"embeddable":true,"href":"https:\/\/wp.ufpel.edu.br\/ppgeo\/wp-json\/wp\/v2\/comments?post=89"}],"version-history":[{"count":4,"href":"https:\/\/wp.ufpel.edu.br\/ppgeo\/wp-json\/wp\/v2\/pages\/89\/revisions"}],"predecessor-version":[{"id":3684,"href":"https:\/\/wp.ufpel.edu.br\/ppgeo\/wp-json\/wp\/v2\/pages\/89\/revisions\/3684"}],"wp:attachment":[{"href":"https:\/\/wp.ufpel.edu.br\/ppgeo\/wp-json\/wp\/v2\/media?parent=89"}],"curies":[{"name":"wp","href":"https:\/\/api.w.org\/{rel}","templated":true}]}}