{"id":498,"date":"2015-09-10T09:38:11","date_gmt":"2015-09-10T12:38:11","guid":{"rendered":"https:\/\/wp.ufpel.edu.br\/ppgeo\/?page_id=498"},"modified":"2026-01-23T11:03:50","modified_gmt":"2026-01-23T14:03:50","slug":"docentes_ppgeo","status":"publish","type":"page","link":"https:\/\/wp.ufpel.edu.br\/ppgeo\/docentes_ppgeo\/","title":{"rendered":"Docentes"},"content":{"rendered":"<p><strong>DOCENTES PERMANENTES<br \/>\n<\/strong><\/p>\n<p>&nbsp;<\/p>\n<p><strong><a href=\"https:\/\/wp.ufpel.edu.br\/ppgeo\/files\/2026\/01\/Adriana-Dorfman.jpeg\"><img class=\"alignleft wp-image-3571\" src=\"https:\/\/wp.ufpel.edu.br\/ppgeo\/files\/2026\/01\/Adriana-Dorfman-376x400.jpeg\" alt=\"\" width=\"109\" height=\"116\" srcset=\"https:\/\/wp.ufpel.edu.br\/ppgeo\/files\/2026\/01\/Adriana-Dorfman-376x400.jpeg 376w, https:\/\/wp.ufpel.edu.br\/ppgeo\/files\/2026\/01\/Adriana-Dorfman-963x1024.jpeg 963w, https:\/\/wp.ufpel.edu.br\/ppgeo\/files\/2026\/01\/Adriana-Dorfman-768x817.jpeg 768w, https:\/\/wp.ufpel.edu.br\/ppgeo\/files\/2026\/01\/Adriana-Dorfman.jpeg 1350w\" sizes=\"(max-width: 109px) 100vw, 109px\" \/><\/a>Profa. Dra. Adriana Dorfman<br \/>\n<\/strong>\u00c1reas de Atua\u00e7\u00e3o: Geografia Pol\u00edtica; estudos fronteiri\u00e7os em diferentes escalas; territ\u00f3rio, deguran\u00e7a, normas e ilegalidades; as rela\u00e7\u00f5es entre a Geografia e arte; ensino antirracista e descolonial.<strong><br \/>\n<\/strong>E-mail: adriana.dorfman@ufrgs.br<br \/>\n<a href=\"http:\/\/lattes.cnpq.br\/8094496404279879\">Lattes<\/a><\/p>\n<p>&nbsp;<\/p>\n<p><strong><a href=\"https:\/\/wp.ufpel.edu.br\/ppgeo\/files\/2015\/08\/Adriano-Simon-e1440699346941.jpg\"><img class=\" wp-image-514 alignleft\" src=\"https:\/\/wp.ufpel.edu.br\/ppgeo\/files\/2015\/08\/Adriano-Simon-240x318.jpg\" alt=\"Adriano Simon\" width=\"110\" height=\"141\" \/><\/a><\/strong><strong>Prof. Dr. Adriano Lu\u00eds Heck Simon<br \/>\n<\/strong>\u00c1reas de Atua\u00e7\u00e3o: Geomorfologia Antropog\u00eanica; Geodiversidade e Geoconserva\u00e7\u00e3o; Cartografia Geomorfol\u00f3gica e Rela\u00e7\u00f5es Morfodin\u00e2mica x Ocupa\u00e7\u00e3o e Uso das Terras.<strong><br \/>\n<\/strong>E-mail:\u00a0adrianosimon@yahoo.com.br<br \/>\n<a href=\"http:\/\/lattes.cnpq.br\/0532593883570233\">Lattes<\/a><\/p>\n<p>&nbsp;<\/p>\n<p><a href=\"https:\/\/wp.ufpel.edu.br\/ppgeo\/files\/2022\/05\/Bruno_Batista.jpg\"><img class=\"alignleft wp-image-2483\" src=\"https:\/\/wp.ufpel.edu.br\/ppgeo\/files\/2022\/05\/Bruno_Batista.jpg\" alt=\"\" width=\"114\" height=\"121\" \/><\/a><br \/>\n<strong>Prof. Dr. Bruno Nunes Batista<\/strong><br \/>\n\u00c1reas de Atua\u00e7\u00e3o: Ensino de Geografia, Filosofia da Educa\u00e7\u00e3o e Neoliberalismo.<br \/>\nE-mail: batistabrunonunes@gmail.com<br \/>\n<a href=\"http:\/\/lattes.cnpq.br\/9768202590798743\">Lattes<\/a><\/p>\n<p>&nbsp;<\/p>\n<p><strong><a href=\"https:\/\/wp.ufpel.edu.br\/ppgeo\/files\/2022\/05\/Cesar_Martinez.jpg\"><img class=\"alignleft wp-image-2482\" src=\"https:\/\/wp.ufpel.edu.br\/ppgeo\/files\/2022\/05\/Cesar_Martinez.jpg\" alt=\"\" width=\"109\" height=\"165\" \/><\/a>Prof. Dr. C\u00e9sar Augusto Ferrari Martinez<\/strong><br \/>\n\u00c1reas de Atua\u00e7\u00e3o: intersec\u00e7\u00f5es entre produ\u00e7\u00e3o de conhecimento (educa\u00e7\u00e3o, senso-comum, discursos,) e produ\u00e7\u00e3o de diferen\u00e7a (g\u00eaneros, sexualidades, racialidades), discursos geopol\u00edticos (escalas, globaliza\u00e7\u00e3o, nacionalidades, migra\u00e7\u00f5es etc), metodologias qualitativas na pesquisa em Geografia, geografias p\u00f3s-cr\u00edticas.<br \/>\nE-mail: cesarfmartinez@yahoo.com.br<br \/>\n<a href=\"http:\/\/lattes.cnpq.br\/8157847801697960\">Lattes<\/a><\/p>\n<p>&nbsp;<\/p>\n<p><a href=\"https:\/\/wp.ufpel.edu.br\/ppgeo\/files\/2022\/05\/Edvania_Alves.jpg\"><img class=\"alignleft size-full wp-image-2491\" src=\"https:\/\/wp.ufpel.edu.br\/ppgeo\/files\/2022\/05\/Edvania_Alves.jpg\" alt=\"\" width=\"113\" height=\"142\" \/><\/a><strong>Profa. Dra. Edvania Aparecida Corr\u00eaa Alves<\/strong><br \/>\n\u00c1reas de Atua\u00e7\u00e3o: Geoci\u00eancias, com \u00eanfase em Conserva\u00e7\u00e3o do solo, Manejo de Bacias Hidrogr\u00e1ficas, Cartografia e Geotecnologias.<strong><br \/>\n<\/strong>E-mail: edvania.correa86@gmail.com<br \/>\n<a href=\"http:\/\/lattes.cnpq.br\/4190381543138987\">Lattes<\/a><\/p>\n<p>&nbsp;<\/p>\n<p><strong><a href=\"https:\/\/wp.ufpel.edu.br\/ppgeo\/files\/2015\/08\/Erika-Collischonn.jpg\"><img class=\"wp-image-542 alignleft\" src=\"https:\/\/wp.ufpel.edu.br\/ppgeo\/files\/2015\/08\/Erika-Collischonn-240x318.jpg\" alt=\"Erika Collischonn\" width=\"112\" height=\"144\" \/><\/a><\/strong><br \/>\n<strong>Profa. Dra. Erika Collischonn<br \/>\n<\/strong>\u00c1reas de Atua\u00e7\u00e3o: Clima Urbano, Uso do Solo, Sensoriamento Remoto e Banco de Dados Espaciais.<strong><br \/>\n<\/strong>E-mail: ecollischonn@gmail.com<br \/>\n<a href=\"http:\/\/lattes.cnpq.br\/9149982511285040\">Lattes<\/a><\/p>\n<p>&nbsp;<\/p>\n<p><strong><a href=\"https:\/\/wp.ufpel.edu.br\/ppgeo\/files\/2025\/06\/Gabriela-Dambros.jpeg\"><img class=\"alignleft wp-image-3281\" src=\"https:\/\/wp.ufpel.edu.br\/ppgeo\/files\/2025\/06\/Gabriela-Dambros-847x1024.jpeg\" alt=\"\" width=\"116\" height=\"140\" srcset=\"https:\/\/wp.ufpel.edu.br\/ppgeo\/files\/2025\/06\/Gabriela-Dambros-847x1024.jpeg 847w, https:\/\/wp.ufpel.edu.br\/ppgeo\/files\/2025\/06\/Gabriela-Dambros-331x400.jpeg 331w, https:\/\/wp.ufpel.edu.br\/ppgeo\/files\/2025\/06\/Gabriela-Dambros-768x929.jpeg 768w, https:\/\/wp.ufpel.edu.br\/ppgeo\/files\/2025\/06\/Gabriela-Dambros.jpeg 936w\" sizes=\"(max-width: 116px) 100vw, 116px\" \/><\/a>Profa. Dra. Gabriela Dambr\u00f3s<\/strong><br \/>\n\u00c1reas de Atua\u00e7\u00e3o: Ensino de Geografia, Jogos e gamifica\u00e7\u00e3o, tecnologias digitais na educa\u00e7\u00e3o.<br \/>\nE-mail: gabbydambros@yahoo.com.br<br \/>\n<a href=\"http:\/\/lattes.cnpq.br\/6582930358399642\">Lattes<\/a><\/p>\n<p>&nbsp;<\/p>\n<p><strong><a href=\"https:\/\/wp.ufpel.edu.br\/ppgeo\/files\/2015\/09\/Giovana-Oliveira.jpg\"><img class=\"wp-image-549 alignleft\" src=\"https:\/\/wp.ufpel.edu.br\/ppgeo\/files\/2015\/09\/Giovana-Oliveira-240x318.jpg\" alt=\"Giovana Oliveira\" width=\"113\" height=\"148\" \/><\/a><\/strong><br \/>\n<strong>Profa. Dra. Giovana Mendes de Oliveira<br \/>\n<\/strong>\u00c1reas de Atua\u00e7\u00e3o: Inova\u00e7\u00e3o, Tecnologias, Sustentabilidade e Desenvolvimento Regional.<strong><br \/>\n<\/strong>E-mail:\u00a0geoliveira.ufpel@gmail.com<br \/>\n<a href=\"http:\/\/lattes.cnpq.br\/2146870018941528\">Lattes<\/a><\/p>\n<p>&nbsp;<\/p>\n<p><a href=\"https:\/\/wp.ufpel.edu.br\/ppgeo\/files\/2022\/06\/Gracieli_Trentin.jpg\"><img class=\"alignleft wp-image-2493\" src=\"https:\/\/wp.ufpel.edu.br\/ppgeo\/files\/2022\/06\/Gracieli_Trentin.jpg\" alt=\"\" width=\"110\" height=\"171\" \/><\/a><strong>Profa. Dra. Gracieli Trentin<\/strong><br \/>\n\u00c1reas de Atua\u00e7\u00e3o: An\u00e1lise Espacial, Sistemas de Informa\u00e7\u00f5es Geogr\u00e1ficas, Cartografia, Sensoriamento Remoto, Modelagem Ambiental, Geodiversidade.<strong><br \/>\n<\/strong>E-mail: gracieli.trentin@gmail.com<br \/>\n<a href=\"http:\/\/lattes.cnpq.br\/9302766263624633\">Lattes<\/a><\/p>\n<p>&nbsp;<\/p>\n<p><a href=\"https:\/\/wp.ufpel.edu.br\/ppgeo\/files\/2026\/01\/Lara.jpeg\"><img class=\"alignleft wp-image-3573 \" src=\"https:\/\/wp.ufpel.edu.br\/ppgeo\/files\/2026\/01\/Lara-350x400.jpeg\" alt=\"\" width=\"114\" height=\"130\" srcset=\"https:\/\/wp.ufpel.edu.br\/ppgeo\/files\/2026\/01\/Lara-350x400.jpeg 350w, https:\/\/wp.ufpel.edu.br\/ppgeo\/files\/2026\/01\/Lara-895x1024.jpeg 895w, https:\/\/wp.ufpel.edu.br\/ppgeo\/files\/2026\/01\/Lara-768x879.jpeg 768w, https:\/\/wp.ufpel.edu.br\/ppgeo\/files\/2026\/01\/Lara.jpeg 1200w\" sizes=\"(max-width: 114px) 100vw, 114px\" \/><\/a><strong>Profa. Dra. Lara Dalperio Buscioli<\/strong><br \/>\n\u00c1reas de Atua\u00e7\u00e3o: Geografia Agr\u00e1ria; Agroecologia; Desenvolvimento Territorial Sustent\u00e1vel; Saberes Tradicionais; Movimentos Socioterritoriais; Educa\u00e7\u00e3o do Campo; Debate Paradigm\u00e1tico no \u00e2mbito da Geografia Agr\u00e1ria.<strong><br \/>\n<\/strong>E-mail: lara.dalperio@gmail.com<br \/>\n<a href=\"http:\/\/lattes.cnpq.br\/3927267786957976\">Lattes<\/a><\/p>\n<p>&nbsp;<\/p>\n<p><a href=\"https:\/\/wp.ufpel.edu.br\/ppgeo\/files\/2022\/05\/Laura_Rudzewicz.jpg\"><img class=\"alignleft size-full wp-image-2488\" src=\"https:\/\/wp.ufpel.edu.br\/ppgeo\/files\/2022\/05\/Laura_Rudzewicz.jpg\" alt=\"\" width=\"113\" height=\"130\" \/><\/a><strong>Profa. Dra. Laura Rudzewicz<\/strong><br \/>\n\u00c1reas de Atua\u00e7\u00e3o: Turismo e \u00c1guas, Turismo e Paisagem, Valoriza\u00e7\u00e3o tur\u00edstica das Paisagens Lacustres, Ecoturismo, Turismo em \u00c1reas Protegidas, Planejamento e Gest\u00e3o de Destinos Tur\u00edsticos, An\u00e1lise Territorial do Turismo.<strong><br \/>\n<\/strong>E-mail: laurar.turismo@gmail.com<br \/>\n<a href=\"http:\/\/lattes.cnpq.br\/3839468278134356\">Lattes<\/a><\/p>\n<p>&nbsp;<\/p>\n<p><a href=\"https:\/\/wp.ufpel.edu.br\/ppgeo\/files\/2015\/09\/Ligia-Carlos.jpg\"><img class=\"wp-image-605 alignleft\" src=\"https:\/\/wp.ufpel.edu.br\/ppgeo\/files\/2015\/09\/Ligia-Carlos-240x318.jpg\" alt=\"Ligia Carlos\" width=\"113\" height=\"148\" \/><\/a><strong>Profa. Dra. L\u00edgia Cardoso Carlos<\/strong><br \/>\n\u00c1reas de Atua\u00e7\u00e3o: Ensino das Ci\u00eancias Humanas nos Anos Iniciais da Escolariza\u00e7\u00e3o, Forma\u00e7\u00e3o Inicial em Contexto de Est\u00e1gio em Educa\u00e7\u00e3o de Jovens e Adultos (EJA), Forma\u00e7\u00e3o Continuada de Professores e Doc\u00eancia Universit\u00e1ria.<br \/>\nE-mail: ligi@ufpel.edu.br<br \/>\n<a href=\"http:\/\/lattes.cnpq.br\/6058487579514784\">Lattes<\/a><\/p>\n<p>&nbsp;<\/p>\n<p><strong><a href=\"https:\/\/wp.ufpel.edu.br\/ppgeo\/files\/2025\/06\/Mauricio-Rizzatti.jpeg\"><img class=\"alignleft wp-image-3278\" src=\"https:\/\/wp.ufpel.edu.br\/ppgeo\/files\/2025\/06\/Mauricio-Rizzatti-765x1024.jpeg\" alt=\"\" width=\"115\" height=\"154\" srcset=\"https:\/\/wp.ufpel.edu.br\/ppgeo\/files\/2025\/06\/Mauricio-Rizzatti-765x1024.jpeg 765w, https:\/\/wp.ufpel.edu.br\/ppgeo\/files\/2025\/06\/Mauricio-Rizzatti-299x400.jpeg 299w, https:\/\/wp.ufpel.edu.br\/ppgeo\/files\/2025\/06\/Mauricio-Rizzatti-768x1028.jpeg 768w, https:\/\/wp.ufpel.edu.br\/ppgeo\/files\/2025\/06\/Mauricio-Rizzatti.jpeg 956w\" sizes=\"(max-width: 115px) 100vw, 115px\" \/><\/a><\/strong><strong>Prof. Dr. Maur\u00edcio Rizzatti<\/strong><br \/>\n\u00c1reas de Atua\u00e7\u00e3o: Cartografia, Cartografia Escolar, Ensino de Geografia, Geoprocessamento, Geotecnologias e (Geo)Tecnologias, Ensino de Geografia F\u00edsica, Teoria das Intelig\u00eancias M\u00faltiplas e Tecnologias da Informa\u00e7\u00e3o e Comunica\u00e7\u00e3o aplicadas \u00e0 Educa\u00e7\u00e3o.<br \/>\nE-mail: geo.mauricio.rizzatti@gmail.com<br \/>\n<a href=\"http:\/\/lattes.cnpq.br\/7984743057289548\">Lattes<\/a><\/p>\n<p>&nbsp;<\/p>\n<p><strong><a href=\"https:\/\/wp.ufpel.edu.br\/ppgeo\/files\/2025\/06\/Roberto_Antunes.png\"><img class=\"alignleft wp-image-3294\" src=\"https:\/\/wp.ufpel.edu.br\/ppgeo\/files\/2025\/06\/Roberto_Antunes.png\" alt=\"\" width=\"114\" height=\"152\" \/><\/a><\/strong><strong>Prof. Dr. Roberto Luiz dos Santos Antunes<\/strong><br \/>\n\u00c1reas de Atua\u00e7\u00e3o: Geografia f\u00edsica, Geologia, Sensoriamento Remoto, Topografia, Cartografia, An\u00e1lise ambiental e Geoecologia da paisagem a partir das Geotecnologias.<br \/>\nE-mail: roberto.anthunes@gmail.com<br \/>\n<a href=\"http:\/\/lattes.cnpq.br\/9974716436553650\">Lattes<\/a><\/p>\n<p>&nbsp;<\/p>\n<p><strong><a href=\"https:\/\/wp.ufpel.edu.br\/ppgeo\/files\/2015\/09\/Rosangela-Spironello.jpg\"><img class=\"wp-image-552 alignleft\" src=\"https:\/\/wp.ufpel.edu.br\/ppgeo\/files\/2015\/09\/Rosangela-Spironello-240x318.jpg\" alt=\"Rosangela Spironello\" width=\"113\" height=\"148\" \/><\/a><\/strong><strong>Profa. Dra. Rosangela Lurdes Spironello<br \/>\n<\/strong>\u00c1reas de Atua\u00e7\u00e3o: Cartografia,\u00a0\u00a0Uso da Terra, Planejamento ambiental e Ensino de Geografia.<strong><br \/>\n<\/strong>E-mail:\u00a0spironello@gmail.com<br \/>\n<a href=\"http:\/\/lattes.cnpq.br\/5122075802019310\">Lattes<\/a><\/p>\n<p>&nbsp;<\/p>\n<p><strong><a href=\"https:\/\/wp.ufpel.edu.br\/ppgeo\/files\/2015\/09\/Sidney-Vieira.jpg\"><img class=\"wp-image-547 alignleft\" src=\"https:\/\/wp.ufpel.edu.br\/ppgeo\/files\/2015\/09\/Sidney-Vieira-240x318.jpg\" alt=\"Sidney Vieira\" width=\"114\" height=\"147\" \/><\/a><\/strong><strong>Prof. Dr. Sidney Gon\u00e7alves Vieira<br \/>\n<\/strong>\u00c1reas de Atua\u00e7\u00e3o: Geografia Urbana, Estudos em Requalifica\u00e7\u00e3o Urbana, Urbanismo Comercial e Geografia Hist\u00f3rica Urbana.<strong><br \/>\n<\/strong>E-mail:\u00a0sid_geo@hotmail.com<br \/>\n<a href=\"http:\/\/lattes.cnpq.br\/9341762649252420\">Lattes<\/a><\/p>\n<p>&nbsp;<\/p>\n<hr \/>\n<p style=\"text-align: left;\"><strong>DOCENTES COLABORADORES<\/strong><\/p>\n<p><strong><a href=\"https:\/\/wp.ufpel.edu.br\/ppgeo\/files\/2026\/01\/Adriano-Severo.png\"><img class=\"alignleft wp-image-3574\" src=\"https:\/\/wp.ufpel.edu.br\/ppgeo\/files\/2026\/01\/Adriano-Severo-321x400.png\" alt=\"\" width=\"113\" height=\"141\" srcset=\"https:\/\/wp.ufpel.edu.br\/ppgeo\/files\/2026\/01\/Adriano-Severo-321x400.png 321w, https:\/\/wp.ufpel.edu.br\/ppgeo\/files\/2026\/01\/Adriano-Severo-768x956.png 768w, https:\/\/wp.ufpel.edu.br\/ppgeo\/files\/2026\/01\/Adriano-Severo.png 823w\" sizes=\"(max-width: 113px) 100vw, 113px\" \/><\/a><\/strong><\/p>\n<p><strong>Prof. Dr. Adriano Severo Figueir\u00f3<\/strong><br \/>\n\u00c1reas de Atua\u00e7\u00e3o: Ecologia da Paisagem, Geoconserva\u00e7\u00e3o, Planejamento Ambiental, Geoturismo e Educa\u00e7\u00e3o Ambiental.<strong><br \/>\n<\/strong>E-mail: adriano.figueiro@ufsm.br<br \/>\n<a href=\"http:\/\/lattes.cnpq.br\/0669013150421592\">Lattes<\/a><\/p>\n<p>&nbsp;<\/p>\n<p><strong><a href=\"https:\/\/wp.ufpel.edu.br\/ppgeo\/files\/2015\/09\/Liz-Dias.jpg\"><img class=\"wp-image-580 alignleft\" src=\"https:\/\/wp.ufpel.edu.br\/ppgeo\/files\/2015\/09\/Liz-Dias-240x318.jpg\" alt=\"Liz Dias\" width=\"113\" height=\"148\" \/><\/a>Profa. Dra. Liz Cristiane Dias<br \/>\n<\/strong>\u00c1reas de Atua\u00e7\u00e3o: Ensino, Forma\u00e7\u00e3o do Professor em Geografia, Educa\u00e7\u00e3o Ambiental, Meio Ambiente, Livros Did\u00e1ticos e Res\u00edduos S\u00f3lidos.<strong><br \/>\n<\/strong>E-mail:\u00a0liz.dias@yahoo.com.br<br \/>\n<a href=\"http:\/\/lattes.cnpq.br\/2974384756028670\">Lattes<\/a><\/p>\n<p>&nbsp;<\/p>\n<p><a href=\"https:\/\/wp.ufpel.edu.br\/ppgeo\/files\/2015\/09\/Mauricio-Meurer.jpg\"><img class=\"wp-image-554 alignleft\" src=\"https:\/\/wp.ufpel.edu.br\/ppgeo\/files\/2015\/09\/Mauricio-Meurer-240x318.jpg\" alt=\"Mauricio Meurer\" width=\"113\" height=\"147\" \/><\/a> <strong>Prof. Dr. Maur\u00edcio Meurer<\/strong><br \/>\n\u00c1reas de Atua\u00e7\u00e3o:\u00a0Geomorfologia, Geomorfologia Fluvial, An\u00e1lise Ambiental<strong>, <\/strong>Riscos e Processos Geomorfol\u00f3gicos.<strong><br \/>\n<\/strong>E-mail: mauriciomeurer@yahoo.com.br<br \/>\n<a href=\"http:\/\/lattes.cnpq.br\/4692042478572187\">Lattes<\/a><\/p>\n<p>&nbsp;<\/p>\n<p><strong><a href=\"https:\/\/wp.ufpel.edu.br\/ppgeo\/files\/2021\/12\/Tiaraju.jpeg\"><img class=\"wp-image-2415 alignleft\" src=\"https:\/\/wp.ufpel.edu.br\/ppgeo\/files\/2021\/12\/Tiaraju.jpeg\" alt=\"\" width=\"114\" height=\"149\" \/><\/a><\/strong><strong>Prof. Dr. Tiaraju Salini Duarte<br \/>\n<\/strong>\u00c1reas de Atua\u00e7\u00e3o: \u00a0Planejamento Territorial, Turismo, Geografia Pol\u00edtica e Territorialidades.<strong><br \/>\n<\/strong>E-mail: tiaraju.ufpel@gmail.com<br \/>\n<a href=\"http:\/\/lattes.cnpq.br\/7348504540172280\">Lattes<\/a><\/p>\n<p>&nbsp;<\/p>\n<p><strong><a href=\"https:\/\/wp.ufpel.edu.br\/ppgeo\/files\/2024\/07\/Vanda-Sales.jpg\"><img class=\" wp-image-2931 alignleft\" src=\"https:\/\/wp.ufpel.edu.br\/ppgeo\/files\/2024\/07\/Vanda-Sales.jpg\" alt=\"\" width=\"114\" height=\"158\" \/><\/a><\/strong><br \/>\n<strong>Profa. Dra. Vanda Carneiro de Claudino Sales<\/strong><br \/>\n\u00c1reas de Atua\u00e7\u00e3o: Geomorfologia Costeira, Geomorfologia Estrutural, Megageomorfologia, Geodiversidade, An\u00e1lise Ambiental.<br \/>\nE-mail: vcs@ufc.br<br \/>\n<a href=\"http:\/\/lattes.cnpq.br\/2474440867143635\">Lattes<\/a><\/p>\n<p>&nbsp;<\/p>\n","protected":false},"excerpt":{"rendered":"<p>DOCENTES PERMANENTES &nbsp; Profa. Dra. Adriana Dorfman \u00c1reas de Atua\u00e7\u00e3o: Geografia Pol\u00edtica; estudos fronteiri\u00e7os em diferentes escalas; territ\u00f3rio, deguran\u00e7a, normas e ilegalidades; as rela\u00e7\u00f5es entre a Geografia e arte; ensino antirracista e descolonial. E-mail: adriana.dorfman@ufrgs.br Lattes &nbsp; Prof. Dr. Adriano Lu\u00eds Heck Simon \u00c1reas de Atua\u00e7\u00e3o: Geomorfologia Antropog\u00eanica; Geodiversidade e Geoconserva\u00e7\u00e3o; Cartografia Geomorfol\u00f3gica e Rela\u00e7\u00f5es [&hellip;]<\/p>\n","protected":false},"author":202,"featured_media":0,"parent":0,"menu_order":2,"comment_status":"closed","ping_status":"closed","template":"","meta":{"footnotes":""},"class_list":["post-498","page","type-page","status-publish","hentry"],"jetpack_sharing_enabled":true,"_links":{"self":[{"href":"https:\/\/wp.ufpel.edu.br\/ppgeo\/wp-json\/wp\/v2\/pages\/498","targetHints":{"allow":["GET"]}}],"collection":[{"href":"https:\/\/wp.ufpel.edu.br\/ppgeo\/wp-json\/wp\/v2\/pages"}],"about":[{"href":"https:\/\/wp.ufpel.edu.br\/ppgeo\/wp-json\/wp\/v2\/types\/page"}],"author":[{"embeddable":true,"href":"https:\/\/wp.ufpel.edu.br\/ppgeo\/wp-json\/wp\/v2\/users\/202"}],"replies":[{"embeddable":true,"href":"https:\/\/wp.ufpel.edu.br\/ppgeo\/wp-json\/wp\/v2\/comments?post=498"}],"version-history":[{"count":4,"href":"https:\/\/wp.ufpel.edu.br\/ppgeo\/wp-json\/wp\/v2\/pages\/498\/revisions"}],"predecessor-version":[{"id":3591,"href":"https:\/\/wp.ufpel.edu.br\/ppgeo\/wp-json\/wp\/v2\/pages\/498\/revisions\/3591"}],"wp:attachment":[{"href":"https:\/\/wp.ufpel.edu.br\/ppgeo\/wp-json\/wp\/v2\/media?parent=498"}],"curies":[{"name":"wp","href":"https:\/\/api.w.org\/{rel}","templated":true}]}}