{"id":37,"date":"2014-11-04T22:33:15","date_gmt":"2014-11-05T00:33:15","guid":{"rendered":"https:\/\/wp.ufpel.edu.br\/ppgeo\/?page_id=37"},"modified":"2025-07-18T18:27:16","modified_gmt":"2025-07-18T21:27:16","slug":"contato","status":"publish","type":"page","link":"https:\/\/wp.ufpel.edu.br\/ppgeo\/contato\/","title":{"rendered":"Contato"},"content":{"rendered":"<p><strong>PPGeo &#8211; PROGRAMA DE P\u00d3S GRADUA\u00c7\u00c3O EM GEOGRAFIA<br \/>\nInstituto de Ci\u00eancias Humanas<br \/>\nUniversidade Federal de Pelotas<\/strong><\/p>\n<p>Secretaria Academica &#8211; Rua Almirante Barroso, 1202 &#8211;\u00a0Sala 109-A<\/p>\n<p>Sala de reuni\u00f5es do Programa &#8211; Rua Alberto Rosa, 154 &#8211; sala 135-B<\/p>\n<p>Pelotas &#8211; RS<\/p>\n<p>E-mail:\u00a0<span class=\"username\">ppggeo@ufpel.edu.br<\/span><\/p>\n<p>Fone: (53)\u00a0 3284-4307<strong><br \/>\n<\/strong><\/p>\n<p>&nbsp;<\/p>\n<p><strong>Secret\u00e1ria<br \/>\n<\/strong>Maria Luiza Koglin<\/p>\n<p>Auxiliar em Administra\u00e7\u00e3o<\/p>\n<p>Atendimento presencial: das 14h \u00e0s 18h<\/p>\n","protected":false},"excerpt":{"rendered":"<p>PPGeo &#8211; PROGRAMA DE P\u00d3S GRADUA\u00c7\u00c3O EM GEOGRAFIA Instituto de Ci\u00eancias Humanas Universidade Federal de Pelotas Secretaria Academica &#8211; Rua Almirante Barroso, 1202 &#8211;\u00a0Sala 109-A Sala de reuni\u00f5es do Programa &#8211; Rua Alberto Rosa, 154 &#8211; sala 135-B Pelotas &#8211; RS E-mail:\u00a0ppggeo@ufpel.edu.br Fone: (53)\u00a0 3284-4307 &nbsp; Secret\u00e1ria Maria Luiza Koglin Auxiliar em Administra\u00e7\u00e3o Atendimento presencial: [&hellip;]<\/p>\n","protected":false},"author":202,"featured_media":0,"parent":0,"menu_order":11,"comment_status":"closed","ping_status":"closed","template":"","meta":{"footnotes":""},"class_list":["post-37","page","type-page","status-publish","hentry"],"jetpack_sharing_enabled":true,"_links":{"self":[{"href":"https:\/\/wp.ufpel.edu.br\/ppgeo\/wp-json\/wp\/v2\/pages\/37","targetHints":{"allow":["GET"]}}],"collection":[{"href":"https:\/\/wp.ufpel.edu.br\/ppgeo\/wp-json\/wp\/v2\/pages"}],"about":[{"href":"https:\/\/wp.ufpel.edu.br\/ppgeo\/wp-json\/wp\/v2\/types\/page"}],"author":[{"embeddable":true,"href":"https:\/\/wp.ufpel.edu.br\/ppgeo\/wp-json\/wp\/v2\/users\/202"}],"replies":[{"embeddable":true,"href":"https:\/\/wp.ufpel.edu.br\/ppgeo\/wp-json\/wp\/v2\/comments?post=37"}],"version-history":[{"count":38,"href":"https:\/\/wp.ufpel.edu.br\/ppgeo\/wp-json\/wp\/v2\/pages\/37\/revisions"}],"predecessor-version":[{"id":3369,"href":"https:\/\/wp.ufpel.edu.br\/ppgeo\/wp-json\/wp\/v2\/pages\/37\/revisions\/3369"}],"wp:attachment":[{"href":"https:\/\/wp.ufpel.edu.br\/ppgeo\/wp-json\/wp\/v2\/media?parent=37"}],"curies":[{"name":"wp","href":"https:\/\/api.w.org\/{rel}","templated":true}]}}