{"id":2238,"date":"2020-12-10T11:01:28","date_gmt":"2020-12-10T14:01:28","guid":{"rendered":"https:\/\/wp.ufpel.edu.br\/ppgeo\/?page_id=2238"},"modified":"2026-01-20T15:23:51","modified_gmt":"2026-01-20T18:23:51","slug":"2020-2","status":"publish","type":"page","link":"https:\/\/wp.ufpel.edu.br\/ppgeo\/discentes\/2020-2\/","title":{"rendered":"2020"},"content":{"rendered":"<p>Am\u00f3s Juv\u00eancio de Moura &#8211; <a href=\"http:\/\/lattes.cnpq.br\/2900959452716913\">Lattes<\/a><\/p>\n<p>Ang\u00e9lica Garcia Gotuzzo &#8211; <a href=\"http:\/\/lattes.cnpq.br\/1181439569702291\">Lattes<\/a><\/p>\n<p>Ant\u00f4nio Lourence Kila de Queiroz &#8211; <a href=\"http:\/\/lattes.cnpq.br\/0374310412243202\">Lattes<\/a><\/p>\n<p>Bruna Ribeiro Vieira &#8211; <a href=\"http:\/\/lattes.cnpq.br\/6443442461004303\">Lattes<\/a><\/p>\n<p>Camila Tatiane Silveira Alves &#8211; <a href=\"http:\/\/lattes.cnpq.br\/3775800423801868\">Lattes<\/a><\/p>\n<p>Clarissa Santos de Miranda &#8211; <a href=\"http:\/\/lattes.cnpq.br\/9941824316473980\">Lattes<\/a><\/p>\n<p>Demaicon Schmidt Peter &#8211; <a href=\"http:\/\/lattes.cnpq.br\/2939058422050490\">Lattes<\/a><\/p>\n<p>Fabiane Ara\u00fajo Botelho &#8211; <a href=\"http:\/\/lattes.cnpq.br\/1798177609471557\">Lattes<\/a><\/p>\n<p>Gerson da Rocha Correa &#8211; <a href=\"http:\/\/lattes.cnpq.br\/1715653988608106\">Lattes<\/a><\/p>\n<p>Glauciane Sant&#8217;Ana &#8211; <a href=\"http:\/\/lattes.cnpq.br\/3717656387283259\">Lattes<\/a><\/p>\n<p>Guilherme Augusto Cabreira &#8211; <a href=\"http:\/\/lattes.cnpq.br\/7697778052250047\">Lattes<\/a><\/p>\n<p>Higor Peglow de Carvalho &#8211; <a href=\"http:\/\/lattes.cnpq.br\/7858176508042922\">Lattes<\/a><\/p>\n<p>Janine Fernandes Garcia &#8211; <a href=\"http:\/\/lattes.cnpq.br\/0705064244888365\">Lattes<\/a><\/p>\n<p>Jerusa Cassal Almeida &#8211; <a href=\"http:\/\/lattes.cnpq.br\/7657573947380111\">Lattes<\/a><\/p>\n<p>J\u00e9ssica Oliveira Pedra &#8211; <a href=\"http:\/\/lattes.cnpq.br\/4500936622189942\">Lattes<\/a><\/p>\n<p>Juliana Schwingel Broilo &#8211; <a href=\"http:\/\/lattes.cnpq.br\/2234989694709613\">Lattes<\/a><\/p>\n<p>Karen Duarte Ruzicki &#8211; <a href=\"http:\/\/lattes.cnpq.br\/2745587895265627\">Lattes<\/a><\/p>\n<p>Leonardo Farias Porto &#8211; <a href=\"http:\/\/lattes.cnpq.br\/1323416590697936\">Lattes<\/a><\/p>\n<p>Raul Cunha Fiori &#8211; <a href=\"http:\/\/lattes.cnpq.br\/4885026858936255\">Lattes<\/a><\/p>\n<p>Renata Cabral de Oliveira &#8211; <a href=\"http:\/\/lattes.cnpq.br\/1771344010059701\">Lattes<\/a><\/p>\n<p>Tauana Apolo Ferreira &#8211; <a href=\"http:\/\/lattes.cnpq.br\/7637128647004582\">Lattes<\/a><\/p>\n<p>William Martins Louren\u00e7o &#8211; <a href=\"http:\/\/lattes.cnpq.br\/2304524395481321\">Lattes<\/a><\/p>\n","protected":false},"excerpt":{"rendered":"<p>Am\u00f3s Juv\u00eancio de Moura &#8211; Lattes Ang\u00e9lica Garcia Gotuzzo &#8211; Lattes Ant\u00f4nio Lourence Kila de Queiroz &#8211; Lattes Bruna Ribeiro Vieira &#8211; Lattes Camila Tatiane Silveira Alves &#8211; Lattes Clarissa Santos de Miranda &#8211; Lattes Demaicon Schmidt Peter &#8211; Lattes Fabiane Ara\u00fajo Botelho &#8211; Lattes Gerson da Rocha Correa &#8211; Lattes Glauciane Sant&#8217;Ana &#8211; Lattes [&hellip;]<\/p>\n","protected":false},"author":202,"featured_media":0,"parent":23,"menu_order":6,"comment_status":"closed","ping_status":"closed","template":"","meta":{"footnotes":""},"class_list":["post-2238","page","type-page","status-publish","hentry"],"jetpack_sharing_enabled":true,"_links":{"self":[{"href":"https:\/\/wp.ufpel.edu.br\/ppgeo\/wp-json\/wp\/v2\/pages\/2238","targetHints":{"allow":["GET"]}}],"collection":[{"href":"https:\/\/wp.ufpel.edu.br\/ppgeo\/wp-json\/wp\/v2\/pages"}],"about":[{"href":"https:\/\/wp.ufpel.edu.br\/ppgeo\/wp-json\/wp\/v2\/types\/page"}],"author":[{"embeddable":true,"href":"https:\/\/wp.ufpel.edu.br\/ppgeo\/wp-json\/wp\/v2\/users\/202"}],"replies":[{"embeddable":true,"href":"https:\/\/wp.ufpel.edu.br\/ppgeo\/wp-json\/wp\/v2\/comments?post=2238"}],"version-history":[{"count":3,"href":"https:\/\/wp.ufpel.edu.br\/ppgeo\/wp-json\/wp\/v2\/pages\/2238\/revisions"}],"predecessor-version":[{"id":2946,"href":"https:\/\/wp.ufpel.edu.br\/ppgeo\/wp-json\/wp\/v2\/pages\/2238\/revisions\/2946"}],"up":[{"embeddable":true,"href":"https:\/\/wp.ufpel.edu.br\/ppgeo\/wp-json\/wp\/v2\/pages\/23"}],"wp:attachment":[{"href":"https:\/\/wp.ufpel.edu.br\/ppgeo\/wp-json\/wp\/v2\/media?parent=2238"}],"curies":[{"name":"wp","href":"https:\/\/api.w.org\/{rel}","templated":true}]}}