{"id":476,"date":"2021-03-10T11:56:54","date_gmt":"2021-03-10T14:56:54","guid":{"rendered":"https:\/\/wp.ufpel.edu.br\/ppgent\/?page_id=476"},"modified":"2021-03-10T17:16:52","modified_gmt":"2021-03-10T20:16:52","slug":"ingresso-2016-01","status":"publish","type":"page","link":"https:\/\/wp.ufpel.edu.br\/ppgent\/discentes\/ingresso-2016-01\/","title":{"rendered":"Ingresso 2016\/1"},"content":{"rendered":"<p><a href=\"http:\/\/lattes.cnpq.br\/7582984583434163\"><strong>J\u00e9ssica Avila de Abreu<\/strong><\/a><\/p>\n<ul>\n<li><strong>Orientadora:<\/strong> <a href=\"http:\/\/lattes.cnpq.br\/0709608301626192\">Dr\u00aa. Ana Paula Schneid Afonso da Rosa<\/a><\/li>\n<li><strong>Co-orientadora:<\/strong> <a href=\"http:\/\/lattes.cnpq.br\/4757528681464533\">Dr\u00aa. Simone Martins Mendes<\/a><\/li>\n<li><strong>Projeto de Pesquisa:<\/strong> Desempenho biol\u00f3gico de noctu\u00eddeos em cultivos de inverno no ambiente de terras baixas do Sul do Rio Grande do Sul.<\/li>\n<li style=\"text-align: justify\"><strong>Resumo:<\/strong> Os sistemas de rota\u00e7\u00e3o de culturas contribuem para maior sustentabilidade dos sistemas produtivos. Esse sistema de produ\u00e7\u00e3o apesar de lucrativo, muitas vezes tem gerado como consequ\u00eancia o aumento na ocorr\u00eancia de insetos-praga. As plantas utilizadas em cobertura ou em rota\u00e7\u00e3o, podem se tornar hospedeiras alternativas para insetos-praga de cultivos de ver\u00e3o, originando o fen\u00f4meno conhecido como \u201cponte verde\u201d. A sucess\u00e3o de culturas e o plantio escalonado de diversas culturas prolongam o tempo de sobreviv\u00eancia desses insetos, aumentando o n\u00famero de gera\u00e7\u00f5es neste tipo de agroecossistema. Devido a esses fatores, o objetivo do trabalho foi estudar o desempenho biol\u00f3gico de <em>Anticarsia gemmatalis<\/em> (H\u00fcbner, 1818), <em>Helicoverpa armigera<\/em> (H\u00fcbner, 1805) e <em>Spodoptera frugiperda<\/em> (Smith, 1797) em cultivos de inverno. Para a realiza\u00e7\u00e3o do experimento foram usadas folhas dos cultivos de azev\u00e9m (<em>Lolium multiflorum<\/em> cv. BRS Ponteio), aveia preta (<em>Avena strigosa<\/em> Schreb. cv. Embrapa 139) e cornich\u00e3o (<em>Lotus corniculatus<\/em> cv. BRS Posteiro), principais esp\u00e9cies de cobertura e rota\u00e7\u00e3o no Sul do Brasil. Os par\u00e2metros biol\u00f3gicos avaliados foram, dura\u00e7\u00e3o e sobreviv\u00eancia do per\u00edodo larval, viabilidade larval e pupal, peso de lagartas e pupas. As lagartas de <em>A. gemmatalis<\/em> alimentadas com azev\u00e9m, aveia preta n\u00e3o ultrapassaram a fase larval, em cornich\u00e3o o per\u00edodo foi de 14,5 dias, com 58,5% de viabilidade larval e 19,0% de viabilidade pupal, por\u00e9m os adultos apresentaram deforma\u00e7\u00f5es nas asas. O desenvolvimento de <em>H. armigera<\/em>, foi afetado por azev\u00e9m e aveia preta, ocorrendo 100% de mortalidade larval. No cornich\u00e3o os insetos ultrapassaram a fase larval, por\u00e9m, houve mortalidade de 100% dos adultos ap\u00f3s a emerg\u00eancia. Para <em>S. frugiperda<\/em> as lagartas de ambas popula\u00e7\u00f5es 1 e 2, submetidas a duas temperaturas distintas de 18 e 25\u00b0C, alimentadas com azev\u00e9m e aveia preta, prolongaram o per\u00edodo larval, por\u00e9m as lagartas n\u00e3o ultrapassaram o per\u00edodo larval. Houve prolongamento larval em lagartas alimentadas com cornich\u00e3o, al\u00e9m de baixa viabilidade larval a 25\u00b0C, na popula\u00e7\u00e3o 2. A an\u00e1lise histol\u00f3gica do mes\u00eantero de <em>S. frugiperda<\/em> nas duas popula\u00e7\u00f5es [popula\u00e7\u00e3o 1 (popula\u00e7\u00e3o do laborat\u00f3rio) e popula\u00e7\u00e3o 2 (popula\u00e7\u00e3o proveniente do campo)], evidenciou altera\u00e7\u00f5es morfol\u00f3gicas causadas por azev\u00e9m, aveia preta e cornich\u00e3o. Os resultados obtidos demonstram que azev\u00e9m, aveia preta e cornich\u00e3o, afetam o desenvolvimento de <em>A. gemmatalis<\/em>,<em> H. armigera<\/em> e <em>S. frugiperda<\/em>. Sendo assim, podem ser utilizadas como culturas chave na sucess\u00e3o e rota\u00e7\u00e3o de culturas no Sul do pa\u00eds, no agroecossistema de terras baixas, dentro do sistema de Integra\u00e7\u00e3o Lavoura Pecu\u00e1ria (ILP), para auxiliar na redu\u00e7\u00e3o da forma\u00e7\u00e3o de \u201cponte verde\u201d.<\/li>\n<li><strong>Palavras-chave:<\/strong> forrageiras; plantas de cobertura; histologia.<\/li>\n<li><a href=\"https:\/\/wp.ufpel.edu.br\/ppgent\/files\/2021\/03\/2018_Dissertacao_Jessica-Avila-de-Abreu.pdf\">Download (PDF)<\/a><\/li>\n<\/ul>\n<p><a href=\"http:\/\/lattes.cnpq.br\/2524745078135955\"><strong>Karina Jobim Pinto<\/strong><\/a><\/p>\n<ul>\n<li><strong>Orientador:<\/strong> <a href=\"http:\/\/lattes.cnpq.br\/4976970583090892\">Dr. Dori Edson Nava<\/a><\/li>\n<li><strong>Co-orientador:<\/strong> <a href=\"http:\/\/lattes.cnpq.br\/6980495579728742\">Dr. Rafael da Silva Gon\u00e7alves<\/a><\/li>\n<li><strong>Projeto de Pesquisa:<\/strong> Estrat\u00e9gias reprodutivas de <em>Doryctobracon areolatus<\/em> (Sz\u00e9pligeti, 1911) (Hymenoptera: Braconidae) relacionadas \u00e0 c\u00f3pula e ao parasitismo.<\/li>\n<li style=\"text-align: justify\"><strong>Resumo:<\/strong> <em>Doryctobracon areolatus<\/em> (Sz\u00e9pligeti, 1911) (Hymenoptera: Braconidae) \u00e9 um endoparasitoide cenobionte, nativo da regi\u00e3o Neotropical e possui como hospedeiro preferencial, larvas de segundo instar do g\u00eanero <em>Anastrepha<\/em>, onde sua efici\u00eancia de parasitismo pode chegar a 80% em condi\u00e7\u00f5es naturais. Nos \u00faltimos anos estudos referentes \u00e0 biologia e multiplica\u00e7\u00e3o foram realizados, no entanto, ainda n\u00e3o existem pesquisas relacionadas a sua biologia reprodutiva. Desta forma, o objetivo deste trabalho foi conhecer a biologia e o comportamento reprodutivo relacionado \u00e0 c\u00f3pula e oviposi\u00e7\u00e3o de <em>D. areolatus<\/em>, utilizando-se como hospedeiro larvas de <em>A. fraterculus<\/em>. As cria\u00e7\u00f5es de manuten\u00e7\u00e3o dos insetos e a realiza\u00e7\u00e3o dos experimentos foram conduzidos no Laborat\u00f3rio de Entomologia da Embrapa Clima Temperado, Pelotas, Rio Grande do Sul, sob condi\u00e7\u00f5es controladas de temperatura (25\u00b12 oC), umidade relativa do ar (70\u00b110 %) e fotofase (12 horas). Foram realizados experimentos para verificar a sequ\u00eancia de emerg\u00eancia entre machos e f\u00eameas, verificando a poss\u00edvel ocorr\u00eancia de protandria em <em>D. areolatus<\/em>. Foram realizados experimentos para verificar a influ\u00eancia da idade dos insetos na reprodu\u00e7\u00e3o, assim como a import\u00e2ncia da c\u00f3pula para a gera\u00e7\u00e3o de descendentes, tempo de dura\u00e7\u00e3o da c\u00f3pula, verifica\u00e7\u00e3o de ocorr\u00eancia de poligamia e monogamia na esp\u00e9cie, al\u00e9m da observa\u00e7\u00e3o da frequ\u00eancia de c\u00f3pula ocorrida durante 24h. Foi comprovada a ocorr\u00eancia de protandria em <em>D. areolatus<\/em>, sendo a raz\u00e3o sexual de 0, 0,06, 0,62, 0,87, 0,98, 1,0, e 1,0 para o 10, 20, 30, 40, 50, 60 e 70 dias de emerg\u00eancia, respectivamente, totalizando uma raz\u00e3o sexual de 0,61. Casais em que as f\u00eameas s\u00e3o mais jovens, originam uma maior quantidade de f\u00eameas, tendo, portanto, uma maior raz\u00e3o sexual. F\u00eameas virgens s\u00f3 geram descendentes machos, por partenog\u00eanese arren\u00f3toca, diferentemente do que ocorre com as f\u00eameas acasaladas, onde geram machos e f\u00eameas, sendo a m\u00e9dia de 30,4 para f\u00eameas fecundadas e 14 para f\u00eameas virgens, denotando m\u00e9dia muito maior do que as f\u00eameas que n\u00e3o acasalaram, sendo a raz\u00e3o sexual 0,63 para as f\u00eameas fecundadas. Dentre as observa\u00e7\u00f5es para a determina\u00e7\u00e3o de ocorr\u00eancia de poligamia e monogamia observou-se que 40% do total dos machos acasalaram mais de uma vez, enquanto as f\u00eameas acasalaram uma \u00fanica vez. No entanto, de acordo com experimento que verificou a frequ\u00eancia de c\u00f3pula durante 24h, observou-se que mesmo as f\u00eameas sendo monog\u00e2micas, ocorrem m\u00faltiplas c\u00f3pulas. O tempo de dura\u00e7\u00e3o da 1\u00aa c\u00f3pula n\u00e3o diferiu significativamente da segunda, embora exista uma redu\u00e7\u00e3o de 6,53 seg. <em>D. areolatus<\/em> possui as atividades reprodutivas durante o per\u00edodo da fotofase, sendo considerada uma esp\u00e9cie diurna. Comparando a frequ\u00eancia de c\u00f3pula e rec\u00f3pula entre os casais, considerando a influ\u00eancia da alimenta\u00e7\u00e3o para o macho, observa-se que dentre os machos alimentados somente na hora do pareamento, 60% n\u00e3o copularam durante o per\u00edodo de 24h de observa\u00e7\u00e3o. Dentre os machos alimentados previamente, ocorreram 57 tentativas de c\u00f3pula, enquanto nos machos alimentados durante o experimento ocorreram 24 tentativas de c\u00f3pula em um per\u00edodo de 24h de observa\u00e7\u00e3o. Desta forma, os resultados deste trabalho contribuem para ampliar o conhecimento b\u00e1sico sobre a biologia reprodutiva de <em>D. areolatus<\/em>, visto que conhecer as estrat\u00e9gias reprodutivas \u00e9 importante para o estabelecimento de um programa de controle biol\u00f3gico.<\/li>\n<li><strong>Palavras-chave:<\/strong> protandria; controle biol\u00f3gico; comportamento reprodutivo; parasitoides de mosca-das-frutas<\/li>\n<li><a href=\"http:\/\/guaiaca.ufpel.edu.br:8080\/bitstream\/prefix\/5350\/1\/dissertacao_karina_jobim_pinto.pdf\">Download (PDF)<\/a><\/li>\n<\/ul>\n<p><a href=\"http:\/\/lattes.cnpq.br\/6322074185342942\"><strong>Sandra Mara Chaneiko<\/strong><\/a><\/p>\n<ul>\n<li><strong>Orientador:<\/strong> <a href=\"http:\/\/lattes.cnpq.br\/0371096131093979\">Prof. Dr. Fl\u00e1vio Roberto Mello Garcia<\/a><\/li>\n<li><strong>Co-orientadora:<\/strong> <a href=\"http:\/\/lattes.cnpq.br\/7939862176652504\">Dr\u00aa. Andressa Lima de Brida<\/a><\/li>\n<li><strong>Projeto de Pesquisa:<\/strong> Bases para manejo de <em>Anastrepha fraterculus<\/em> (Diptera: Tephritidae) utilizando nematoides e fungos entomopatog\u00eanicos<\/li>\n<li style=\"text-align: justify\"><strong>Resumo:<\/strong> <em>Anastrepha fraterculus<\/em> (Wied., 1830) \u00e9 uma amea\u00e7a a fruticultura de todo o mundo, e o uso de agentes biol\u00f3gicos se mostra muito promissor no controle do inseto. Dessa forma o presente trabalho teve como objetivo avaliar se nematoides entomopatog\u00eanicos (NEPs) podem interferir no ciclo biol\u00f3gico de <em>A. fraterculus<\/em> e verificar a patogenicidade de <em>Beauveria bassiana<\/em> e <em>Metarhizium anisopliae<\/em> a larvas e pupas do inseto e os efeitos na longevidade de adultos. O experimento com NEPs utilizou os isolados <em>Steinernema carpocapsae<\/em> (Weiser) IBCBn 02, <em>Heterorhabditis amazonensis<\/em> (Andal\u00f3) IBCBn 24 e <em>Steinernema feltiae<\/em> (Filipjev) IBCBn 47 nas concentra\u00e7\u00f5es 500, 1000 e 1500 JIs\/mL e testemunha (1mL de \u00e1gua destilada). Tratamentos com fungos, consistiram em isolados comerciais de <em>B. bassiana<\/em> (BOVERIL\u00ae WP PL63) e <em>M. anisopliae<\/em> (METARRIL\u00ae WP E9) nas concentra\u00e7\u00f5es de 5,00&#215;10<sup>6<\/sup>\u037e 7,50&#215;10<sup>6<\/sup>\u037e 10,00&#215;10<sup>6<\/sup> e 12,50&#215;10<sup>6<\/sup> con\u00eddios\/mL e testemunha (1 mL de \u00e1gua destilada). As avalia\u00e7\u00f5es de ambos experimentos ocorreram diariamente, confirmando a causa da mortalidade por disseca\u00e7\u00e3o (NEPs) ou incuba\u00e7\u00e3o (fungos) de insetos mortos. <em>S. feltiae<\/em> IBCBn 47 provocou mortalidade de 80,0% em pupas e 15,0% em adultos (1500 JIs\/mL), e tamb\u00e9m apresentou a maior taxa de multiplica\u00e7\u00e3o, com 24,01 JIs em pupas e de 6,45 JIs em adultos (500 JIs\/mL). As menores concentra\u00e7\u00f5es letais de JIs foram obtidas em pupas, com <em>S. carpocapsae<\/em> IBCBn 02 (CL50) e <em>Steinernema feltiae<\/em> IBCBn 47 (CL90) com 427,2 Jis\/mL e 1551,4 Jis\/mL respectivamente. Isolados f\u00fangicos foram mais patog\u00eanicos a fase pupal do inseto com mortalidade de 93,3% com <em>B. bassiana<\/em> e 96,7% com <em>M. anisopliae<\/em> (ambos em 12,50&#215;10<sup>6<\/sup> con\u00eddios\/mL), e menores valores de CL50 e CL90 a aplica\u00e7\u00f5es em larvas, com 22,56 e 40,87 gr\/L em <em>B. bassiana<\/em>, e de 23,45 e 42,02 gr\/L em <em>M. anisopliae<\/em> respectivamente. Insetos adultos infectados com fungos ou nematoides atingiram a emerg\u00eancia, e morreram aos primeiros dias de vida, impedindo assim danos futuros.<\/li>\n<li><strong>Palavras-chave:<\/strong> entomopatog\u00eanicos; nematoides; fungos; controle biol\u00f3gico; moscas-das-frutas.<\/li>\n<li><a href=\"https:\/\/wp.ufpel.edu.br\/ppgent\/files\/2021\/03\/2017_Dissertacao_Sandra-Mara-Chaneiko.pdf\">Download (PDF)<\/a><\/li>\n<\/ul>\n","protected":false},"excerpt":{"rendered":"<p>J\u00e9ssica Avila de Abreu Orientadora: Dr\u00aa. Ana Paula Schneid Afonso da Rosa Co-orientadora: Dr\u00aa. Simone Martins Mendes Projeto de Pesquisa: Desempenho biol\u00f3gico de noctu\u00eddeos em cultivos de inverno no ambiente de terras baixas do Sul do Rio Grande do Sul. Resumo: Os sistemas de rota\u00e7\u00e3o de culturas contribuem para maior sustentabilidade dos sistemas produtivos. Esse [&hellip;]<\/p>\n","protected":false},"author":606,"featured_media":0,"parent":60,"menu_order":0,"comment_status":"closed","ping_status":"closed","template":"","meta":{"footnotes":""},"class_list":["post-476","page","type-page","status-publish","hentry"],"yoast_head":"<!-- This site is optimized with the Yoast SEO plugin v26.7 - https:\/\/yoast.com\/wordpress\/plugins\/seo\/ -->\n<title>Ingresso 2016\/1 &#8226; PPG em Entomologia<\/title>\n<meta name=\"robots\" content=\"index, follow, max-snippet:-1, max-image-preview:large, max-video-preview:-1\" \/>\n<link rel=\"canonical\" href=\"https:\/\/wp.ufpel.edu.br\/ppgent\/discentes\/ingresso-2016-01\/\" \/>\n<meta property=\"og:locale\" content=\"pt_BR\" \/>\n<meta property=\"og:type\" content=\"article\" \/>\n<meta property=\"og:title\" content=\"Ingresso 2016\/1 &#8226; PPG em Entomologia\" \/>\n<meta property=\"og:description\" content=\"J\u00e9ssica Avila de Abreu Orientadora: Dr\u00aa. Ana Paula Schneid Afonso da Rosa Co-orientadora: Dr\u00aa. Simone Martins Mendes Projeto de Pesquisa: Desempenho biol\u00f3gico de noctu\u00eddeos em cultivos de inverno no ambiente de terras baixas do Sul do Rio Grande do Sul. Resumo: Os sistemas de rota\u00e7\u00e3o de culturas contribuem para maior sustentabilidade dos sistemas produtivos. Esse [&hellip;]\" \/>\n<meta property=\"og:url\" content=\"https:\/\/wp.ufpel.edu.br\/ppgent\/discentes\/ingresso-2016-01\/\" \/>\n<meta property=\"og:site_name\" content=\"PPG em Entomologia\" \/>\n<meta property=\"article:modified_time\" content=\"2021-03-10T20:16:52+00:00\" \/>\n<meta name=\"twitter:card\" content=\"summary_large_image\" \/>\n<meta name=\"twitter:label1\" content=\"Est. tempo de leitura\" \/>\n\t<meta name=\"twitter:data1\" content=\"6 minutos\" \/>\n<script type=\"application\/ld+json\" class=\"yoast-schema-graph\">{\"@context\":\"https:\/\/schema.org\",\"@graph\":[{\"@type\":\"WebPage\",\"@id\":\"https:\/\/wp.ufpel.edu.br\/ppgent\/discentes\/ingresso-2016-01\/\",\"url\":\"https:\/\/wp.ufpel.edu.br\/ppgent\/discentes\/ingresso-2016-01\/\",\"name\":\"Ingresso 2016\/1 &#8226; PPG em Entomologia\",\"isPartOf\":{\"@id\":\"https:\/\/wp.ufpel.edu.br\/ppgent\/#website\"},\"datePublished\":\"2021-03-10T14:56:54+00:00\",\"dateModified\":\"2021-03-10T20:16:52+00:00\",\"breadcrumb\":{\"@id\":\"https:\/\/wp.ufpel.edu.br\/ppgent\/discentes\/ingresso-2016-01\/#breadcrumb\"},\"inLanguage\":\"pt-BR\",\"potentialAction\":[{\"@type\":\"ReadAction\",\"target\":[\"https:\/\/wp.ufpel.edu.br\/ppgent\/discentes\/ingresso-2016-01\/\"]}]},{\"@type\":\"BreadcrumbList\",\"@id\":\"https:\/\/wp.ufpel.edu.br\/ppgent\/discentes\/ingresso-2016-01\/#breadcrumb\",\"itemListElement\":[{\"@type\":\"ListItem\",\"position\":1,\"name\":\"In\u00edcio\",\"item\":\"https:\/\/wp.ufpel.edu.br\/ppgent\/\"},{\"@type\":\"ListItem\",\"position\":2,\"name\":\"Discentes e Disserta\u00e7\u00f5es Defendidas\",\"item\":\"https:\/\/wp.ufpel.edu.br\/ppgent\/discentes\/\"},{\"@type\":\"ListItem\",\"position\":3,\"name\":\"Ingresso 2016\/1\"}]},{\"@type\":\"WebSite\",\"@id\":\"https:\/\/wp.ufpel.edu.br\/ppgent\/#website\",\"url\":\"https:\/\/wp.ufpel.edu.br\/ppgent\/\",\"name\":\"PPG em Entomologia\",\"description\":\"Universidade Federal de Pelotas\",\"potentialAction\":[{\"@type\":\"SearchAction\",\"target\":{\"@type\":\"EntryPoint\",\"urlTemplate\":\"https:\/\/wp.ufpel.edu.br\/ppgent\/?s={search_term_string}\"},\"query-input\":{\"@type\":\"PropertyValueSpecification\",\"valueRequired\":true,\"valueName\":\"search_term_string\"}}],\"inLanguage\":\"pt-BR\"}]}<\/script>\n<!-- \/ Yoast SEO plugin. -->","yoast_head_json":{"title":"Ingresso 2016\/1 &#8226; PPG em Entomologia","robots":{"index":"index","follow":"follow","max-snippet":"max-snippet:-1","max-image-preview":"max-image-preview:large","max-video-preview":"max-video-preview:-1"},"canonical":"https:\/\/wp.ufpel.edu.br\/ppgent\/discentes\/ingresso-2016-01\/","og_locale":"pt_BR","og_type":"article","og_title":"Ingresso 2016\/1 &#8226; PPG em Entomologia","og_description":"J\u00e9ssica Avila de Abreu Orientadora: Dr\u00aa. Ana Paula Schneid Afonso da Rosa Co-orientadora: Dr\u00aa. Simone Martins Mendes Projeto de Pesquisa: Desempenho biol\u00f3gico de noctu\u00eddeos em cultivos de inverno no ambiente de terras baixas do Sul do Rio Grande do Sul. Resumo: Os sistemas de rota\u00e7\u00e3o de culturas contribuem para maior sustentabilidade dos sistemas produtivos. Esse [&hellip;]","og_url":"https:\/\/wp.ufpel.edu.br\/ppgent\/discentes\/ingresso-2016-01\/","og_site_name":"PPG em Entomologia","article_modified_time":"2021-03-10T20:16:52+00:00","twitter_card":"summary_large_image","twitter_misc":{"Est. tempo de leitura":"6 minutos"},"schema":{"@context":"https:\/\/schema.org","@graph":[{"@type":"WebPage","@id":"https:\/\/wp.ufpel.edu.br\/ppgent\/discentes\/ingresso-2016-01\/","url":"https:\/\/wp.ufpel.edu.br\/ppgent\/discentes\/ingresso-2016-01\/","name":"Ingresso 2016\/1 &#8226; PPG em Entomologia","isPartOf":{"@id":"https:\/\/wp.ufpel.edu.br\/ppgent\/#website"},"datePublished":"2021-03-10T14:56:54+00:00","dateModified":"2021-03-10T20:16:52+00:00","breadcrumb":{"@id":"https:\/\/wp.ufpel.edu.br\/ppgent\/discentes\/ingresso-2016-01\/#breadcrumb"},"inLanguage":"pt-BR","potentialAction":[{"@type":"ReadAction","target":["https:\/\/wp.ufpel.edu.br\/ppgent\/discentes\/ingresso-2016-01\/"]}]},{"@type":"BreadcrumbList","@id":"https:\/\/wp.ufpel.edu.br\/ppgent\/discentes\/ingresso-2016-01\/#breadcrumb","itemListElement":[{"@type":"ListItem","position":1,"name":"In\u00edcio","item":"https:\/\/wp.ufpel.edu.br\/ppgent\/"},{"@type":"ListItem","position":2,"name":"Discentes e Disserta\u00e7\u00f5es Defendidas","item":"https:\/\/wp.ufpel.edu.br\/ppgent\/discentes\/"},{"@type":"ListItem","position":3,"name":"Ingresso 2016\/1"}]},{"@type":"WebSite","@id":"https:\/\/wp.ufpel.edu.br\/ppgent\/#website","url":"https:\/\/wp.ufpel.edu.br\/ppgent\/","name":"PPG em Entomologia","description":"Universidade Federal de Pelotas","potentialAction":[{"@type":"SearchAction","target":{"@type":"EntryPoint","urlTemplate":"https:\/\/wp.ufpel.edu.br\/ppgent\/?s={search_term_string}"},"query-input":{"@type":"PropertyValueSpecification","valueRequired":true,"valueName":"search_term_string"}}],"inLanguage":"pt-BR"}]}},"jetpack_sharing_enabled":true,"_links":{"self":[{"href":"https:\/\/wp.ufpel.edu.br\/ppgent\/wp-json\/wp\/v2\/pages\/476","targetHints":{"allow":["GET"]}}],"collection":[{"href":"https:\/\/wp.ufpel.edu.br\/ppgent\/wp-json\/wp\/v2\/pages"}],"about":[{"href":"https:\/\/wp.ufpel.edu.br\/ppgent\/wp-json\/wp\/v2\/types\/page"}],"author":[{"embeddable":true,"href":"https:\/\/wp.ufpel.edu.br\/ppgent\/wp-json\/wp\/v2\/users\/606"}],"replies":[{"embeddable":true,"href":"https:\/\/wp.ufpel.edu.br\/ppgent\/wp-json\/wp\/v2\/comments?post=476"}],"version-history":[{"count":5,"href":"https:\/\/wp.ufpel.edu.br\/ppgent\/wp-json\/wp\/v2\/pages\/476\/revisions"}],"predecessor-version":[{"id":504,"href":"https:\/\/wp.ufpel.edu.br\/ppgent\/wp-json\/wp\/v2\/pages\/476\/revisions\/504"}],"up":[{"embeddable":true,"href":"https:\/\/wp.ufpel.edu.br\/ppgent\/wp-json\/wp\/v2\/pages\/60"}],"wp:attachment":[{"href":"https:\/\/wp.ufpel.edu.br\/ppgent\/wp-json\/wp\/v2\/media?parent=476"}],"curies":[{"name":"wp","href":"https:\/\/api.w.org\/{rel}","templated":true}]}}