{"id":80,"date":"2016-05-11T16:18:48","date_gmt":"2016-05-11T19:18:48","guid":{"rendered":"https:\/\/wp.ufpel.edu.br\/ppgemat\/?page_id=80"},"modified":"2025-10-25T16:20:12","modified_gmt":"2025-10-25T19:20:12","slug":"contato","status":"publish","type":"page","link":"https:\/\/wp.ufpel.edu.br\/ppgemat\/contato\/","title":{"rendered":"Contato"},"content":{"rendered":"<p><span style=\"font-size: 18pt;\"><strong>C<span style=\"color: #000000;\">oordena\u00e7\u00e3o do PPGEMAT<\/span><\/strong><\/span><\/p>\n<p><em><span style=\"font-size: 14pt; color: #000000;\">Prof. Dr. Fernando Cezar Ripe da Cruz<\/span><\/em><br \/>\n<span style=\"font-size: 14pt; color: #000000;\">Coordenador do Programa<\/span><\/p>\n<p><em><span style=\"font-size: 14pt; color: #000000;\">Prof.\u00aa Dr.\u00aa Carla Denize Ott Felcher<\/span><\/em><br \/>\n<span style=\"font-size: 14pt; color: #000000;\">Coordenadora Adjunta<\/span><\/p>\n<p><span style=\"font-size: 14pt; color: #000000;\"><strong>Secretaria do PPGEMAT<\/strong><\/span><span style=\"font-size: 14pt; color: #000000;\"><br \/>\n<\/span><span style=\"font-size: 14pt; color: #000000;\">Fone: (53) 3275-7343<\/span><br \/>\n<span style=\"font-size: 14pt; color: #000000;\">Secretaria unificada do IFM &#8211; 2\u00ba andar &#8211; Pr\u00e9dio 5 &#8211; Campus Cap\u00e3o do Le\u00e3o<\/span><\/p>\n<p><span style=\"font-size: 14pt; color: #000000;\"><strong>E-mail do PPGEMAT<\/strong>: ppgemat@gmail.com &#8211; ppgemat@ufpel.edu.br<\/span><\/p>\n<p><span style=\"font-size: 14pt;\"><span style=\"color: #000000;\"><strong>Hor\u00e1rios de atendimento<\/strong>:<\/span> <span style=\"color: #ff0000;\"><span style=\"color: #000000;\">8h &#8211; 11h30 e 14h &#8211; 17h<\/span><br \/>\n<\/span><\/span><\/p>\n<p><span style=\"font-size: 12pt;\"><a href=\"https:\/\/www.facebook.com\/pages\/PPGEMAT-UFPel\/112925245927936\"><span style=\"color: #000000;\"><strong>Facebook do PPGEMAT<\/strong><\/span><\/a><\/span><\/p>\n<p><strong><a href=\"https:\/\/www.instagram.com\/ppgemat\/\">Instagran do PPGEMAT<\/a><\/strong><\/p>\n","protected":false},"excerpt":{"rendered":"<p>Coordena\u00e7\u00e3o do PPGEMAT Prof. Dr. Fernando Cezar Ripe da Cruz Coordenador do Programa Prof.\u00aa Dr.\u00aa Carla Denize Ott Felcher Coordenadora Adjunta Secretaria do PPGEMAT Fone: (53) 3275-7343 Secretaria unificada do IFM &#8211; 2\u00ba andar &#8211; Pr\u00e9dio 5 &#8211; Campus Cap\u00e3o do Le\u00e3o E-mail do PPGEMAT: ppgemat@gmail.com &#8211; ppgemat@ufpel.edu.br Hor\u00e1rios de atendimento: 8h &#8211; 11h30 e [&hellip;]<\/p>\n","protected":false},"author":617,"featured_media":0,"parent":0,"menu_order":0,"comment_status":"closed","ping_status":"closed","template":"","meta":{"footnotes":""},"class_list":["post-80","page","type-page","status-publish","hentry"],"_links":{"self":[{"href":"https:\/\/wp.ufpel.edu.br\/ppgemat\/wp-json\/wp\/v2\/pages\/80","targetHints":{"allow":["GET"]}}],"collection":[{"href":"https:\/\/wp.ufpel.edu.br\/ppgemat\/wp-json\/wp\/v2\/pages"}],"about":[{"href":"https:\/\/wp.ufpel.edu.br\/ppgemat\/wp-json\/wp\/v2\/types\/page"}],"author":[{"embeddable":true,"href":"https:\/\/wp.ufpel.edu.br\/ppgemat\/wp-json\/wp\/v2\/users\/617"}],"replies":[{"embeddable":true,"href":"https:\/\/wp.ufpel.edu.br\/ppgemat\/wp-json\/wp\/v2\/comments?post=80"}],"version-history":[{"count":4,"href":"https:\/\/wp.ufpel.edu.br\/ppgemat\/wp-json\/wp\/v2\/pages\/80\/revisions"}],"predecessor-version":[{"id":3701,"href":"https:\/\/wp.ufpel.edu.br\/ppgemat\/wp-json\/wp\/v2\/pages\/80\/revisions\/3701"}],"wp:attachment":[{"href":"https:\/\/wp.ufpel.edu.br\/ppgemat\/wp-json\/wp\/v2\/media?parent=80"}],"curies":[{"name":"wp","href":"https:\/\/api.w.org\/{rel}","templated":true}]}}