{"id":642,"date":"2017-04-04T13:37:25","date_gmt":"2017-04-04T16:37:25","guid":{"rendered":"https:\/\/wp.ufpel.edu.br\/ppgemat\/?page_id=642"},"modified":"2018-08-15T17:46:02","modified_gmt":"2018-08-15T20:46:02","slug":"revista-nacional","status":"publish","type":"page","link":"https:\/\/wp.ufpel.edu.br\/ppgemat\/revista-nacional\/","title":{"rendered":"Revistas Nacionais"},"content":{"rendered":"<h3><strong>CHAMADAS DE PUBLICA\u00c7\u00d5ES &#8211; NACIONAIS<\/strong><\/h3>\n<h3> <\/h3>\n<p><H3> <\/H3><\/p>\n<p><TABLE width=\"70%\"><TR><TD><br \/>\nCHAMADA DE TRABALHOS REVISTA EDUCA\u00c7\u00c3O MATEM\u00c1TICA EM FOCO &#8211; tem\u00e1tica livre<br \/>\nQualis peri\u00f3dicos:  <strong>B3<\/strong> para a \u00e1rea da Ensino <\/p>\n<p>Os artigos dever\u00e3o ser encaminhados pelo site do peri\u00f3dico at\u00e9 novembro\/2018.<br \/>\nPublica\u00e7\u00e3o prevista em dezembro\/2018<\/p>\n<p><a href=\"http:\/\/revista.uepb.edu.br\/index.php\/REVEDMAT\/index\/\"><br \/>\n<img src=\"https:\/\/wp.ufpel.edu.br\/ppgemat\/files\/2018\/08\/f_emef.png\"><\/a><br \/>\n<\/TD><\/TR><\/TABLE><br \/>\n<H3> <\/H3><\/p>\n<p><TABLE width=\"70%\"><TR><TD><br \/>\nCHAMADA DE TRABALHOS REVISTA CR\u00cdTICA EDUCATIVA v. 3, n\u00ba 1 \u2013 1\u00basem\/2017 &#8211; <\/p>\n<p>Qualis peri\u00f3dicos 2015 no estrato B1 para a \u00e1rea da Ensino E publicar\u00e1 o v. 3, n. 1 &#8211; 1\u00basem2017, em agosto do corrente ano<\/p>\n<p>Os artigos dever\u00e3o ser encaminhados pelo site do peri\u00f3dico at\u00e9 a data limite de 30\/05\/2017.<\/p>\n<p>Al\u00e9m de receber trabalhos em regime de fluxo cont\u00ednuo, o pr\u00f3ximo n\u00ba acolher\u00e1, tamb\u00e9m, artigos para o Dossi\u00ea com o tema &#8220;Programas e pol\u00edticas de forma\u00e7\u00e3o inicial e continuada de professores e a valoriza\u00e7\u00e3o do magist\u00e9rio: PIBID, OBEDUC, PARFOR E PRODOC\u00caNCIA em foco&#8221;, que est\u00e1 sendo organizado pela Prof\u00aa Dr\u00aa. B\u00e1rbara Sicardi Nakayama, Prof\u00aa Dr\u00aa Renata Prenstetter Gama,  Prof\u00aa Dr\u00aa Rosa Aparecida Pinheiro e pelo Prof. Dr. Jo\u00e3o Batista dos Santos Junior.<\/p>\n<p><a href=\"http:\/\/www.criticaeducativa.ufscar.br\/\"><br \/>\n<img src=\"https:\/\/wp.ufpel.edu.br\/ppgemat\/files\/2017\/04\/criticaeducativa.png\" alt=\"\" class=\"alignnone size-medium wp-image-478\" \/><\/a><br \/>\n<\/TD><\/TR><\/TABLE><br \/>\n<H3> <\/H3><\/p>\n<p><TABLE width=\"70%\"><TR><TD><br \/>\nREVISTA ACTIO: DOC\u00caNCIA DO PPGFCET &#8211; UTFPR-Curitiba (Fluxo Cont\u00ednuo).<\/p>\n<p>A ACTIO possui uma se\u00e7\u00e3o exclusiva sobre os &#8220;Produtos Educacionais em Ensino de Ci\u00eancias&#8221;, que busca dar visibilidade \u00e0s produ\u00e7\u00f5es dos mestrados profissionais na sub\u00e1rea de Ensino de Ci\u00eancias resultantes de investiga\u00e7\u00f5es cient\u00edficas realizadas em ambientes educacionais, levando em considera\u00e7\u00e3o as suas caracter\u00edsticas.<\/p>\n<p><a href=\"https:\/\/periodicos.utfpr.edu.br\/actio\/index\"><br \/>\n<img src=\"https:\/\/wp.ufpel.edu.br\/ppgemat\/files\/2017\/04\/rev_Actio.png\" alt=\"\" class=\"alignnone size-medium wp-image-478\" \/><\/a><br \/>\n<\/TD><\/TR><\/TABLE><br \/>\n<H3> <\/H3><\/p>\n<p><TABLE width=\"70%\"><TR><TD><br \/>\nREVISTA PENSAR A EDUCA\u00c7\u00c3O<\/p>\n<p>O peri\u00f3dico Pensar a Educa\u00e7\u00e3o em Revista \u00e9 uma das a\u00e7\u00f5es do Projeto \u201cPensar a Educa\u00e7\u00e3o, Pensar o Brasil \u2013 1822\/2022\u201d, iniciativa desenvolvida em rede por v\u00e1rias institui\u00e7\u00f5es brasileiras. O seu objetivo \u00e9 provocar os professores,  os pesquisadores e demais interessados na escola p\u00fablica, a pensarem a educa\u00e7\u00e3o no Brasil, considerando seus m\u00faltiplos sentidos e pr\u00e1ticas.<\/p>\n<p><a href=\"http:\/\/pensaraeducacaoemrevista.com.br\/\"><br \/>\n<img src=\"https:\/\/wp.ufpel.edu.br\/ppgemat\/files\/2017\/04\/pensar.png\" alt=\"\" class=\"alignnone size-medium wp-image-478\" \/><\/a><br \/>\n<\/TD><\/TR><\/TABLE><br \/>\n<H3> <\/H3><\/p>\n","protected":false},"excerpt":{"rendered":"<p>CHAMADAS DE PUBLICA\u00c7\u00d5ES &#8211; NACIONAIS CHAMADA DE TRABALHOS REVISTA EDUCA\u00c7\u00c3O MATEM\u00c1TICA EM FOCO &#8211; tem\u00e1tica livre Qualis peri\u00f3dicos: B3 para a \u00e1rea da Ensino Os artigos dever\u00e3o ser encaminhados pelo site do peri\u00f3dico at\u00e9 novembro\/2018. Publica\u00e7\u00e3o prevista em dezembro\/2018 CHAMADA DE TRABALHOS REVISTA CR\u00cdTICA EDUCATIVA v. 3, n\u00ba 1 \u2013 1\u00basem\/2017 &#8211; Qualis peri\u00f3dicos 2015 [&hellip;]<\/p>\n","protected":false},"author":617,"featured_media":0,"parent":0,"menu_order":0,"comment_status":"closed","ping_status":"closed","template":"","meta":{"footnotes":""},"class_list":["post-642","page","type-page","status-publish","hentry"],"_links":{"self":[{"href":"https:\/\/wp.ufpel.edu.br\/ppgemat\/wp-json\/wp\/v2\/pages\/642","targetHints":{"allow":["GET"]}}],"collection":[{"href":"https:\/\/wp.ufpel.edu.br\/ppgemat\/wp-json\/wp\/v2\/pages"}],"about":[{"href":"https:\/\/wp.ufpel.edu.br\/ppgemat\/wp-json\/wp\/v2\/types\/page"}],"author":[{"embeddable":true,"href":"https:\/\/wp.ufpel.edu.br\/ppgemat\/wp-json\/wp\/v2\/users\/617"}],"replies":[{"embeddable":true,"href":"https:\/\/wp.ufpel.edu.br\/ppgemat\/wp-json\/wp\/v2\/comments?post=642"}],"version-history":[{"count":12,"href":"https:\/\/wp.ufpel.edu.br\/ppgemat\/wp-json\/wp\/v2\/pages\/642\/revisions"}],"predecessor-version":[{"id":1202,"href":"https:\/\/wp.ufpel.edu.br\/ppgemat\/wp-json\/wp\/v2\/pages\/642\/revisions\/1202"}],"wp:attachment":[{"href":"https:\/\/wp.ufpel.edu.br\/ppgemat\/wp-json\/wp\/v2\/media?parent=642"}],"curies":[{"name":"wp","href":"https:\/\/api.w.org\/{rel}","templated":true}]}}