{"id":2432,"date":"2021-09-28T19:10:35","date_gmt":"2021-09-28T22:10:35","guid":{"rendered":"https:\/\/wp.ufpel.edu.br\/ppgemat\/?page_id=2432"},"modified":"2021-12-21T08:32:53","modified_gmt":"2021-12-21T11:32:53","slug":"selecao-2022","status":"publish","type":"page","link":"https:\/\/wp.ufpel.edu.br\/ppgemat\/selecao-2022\/","title":{"rendered":"Sele\u00e7\u00e3o 2022"},"content":{"rendered":"<p><span style=\"color: #000000\">SELE\u00c7\u00c3O PARA ALUNO REGULAR<\/span><br \/>\n<span style=\"color: #000000\">PROGRAMA DE P\u00d3S-GRADUA\u00c7\u00c3O EM EDUCA\u00c7\u00c3O MATEM\u00c1TICA \u2013\u00a0<strong>2022\/1<\/strong>.<\/span><\/p>\n<p><a href=\"https:\/\/wp.ufpel.edu.br\/ppgemat\/files\/2021\/10\/SEI_UFPel-1461622-Edital-de-selecao-PRPPGI-Aluno-Regular-2022-1.pdf\"><span style=\"color: #000000\">Edital de Sele\u00e7\u00e3o &#8211; Aluno Regular 2022-1<\/span><\/a><\/p>\n<p><span style=\"color: #000000\"><a style=\"color: #000000\" href=\"https:\/\/wp.ufpel.edu.br\/ppgemat\/files\/2021\/10\/Anexo-I-Avaliacao-Curriculo.pdf\">Anexo I &#8211; do Edital de Sele\u00e7\u00e3o &#8211; Aluno Regular 2022\/1<\/a><\/span><\/p>\n<p><span style=\"color: #000000\"><a style=\"color: #000000\" href=\"https:\/\/wp.ufpel.edu.br\/ppgemat\/files\/2021\/10\/2022-1-formulario-inscricao.docx\">Requerimento ou Formul\u00e1rio inscri\u00e7\u00e3o &#8211; 2022\/1<\/a><\/span><\/p>\n<p><span style=\"color: #000000\"><a style=\"color: #000000\" href=\"https:\/\/wp.ufpel.edu.br\/ppgemat\/files\/2021\/10\/2022-1-modelo-Anteprojeto.docx\">Modelo de Anteprojeto &#8211; 2022\/1<\/a><\/span><\/p>\n<p><span style=\"color: #000000\"><a style=\"color: #000000\" href=\"https:\/\/wp.ufpel.edu.br\/ppgemat\/files\/2021\/10\/2022-1-modelo-Memorial-Reflexivo.docx\">Modelo de Memorial Reflexivo &#8211; 2022\/1<\/a><\/span><\/p>\n<p><span style=\"color: #000000\"><a style=\"color: #000000\" href=\"https:\/\/wp.ufpel.edu.br\/ppgemat\/files\/2021\/10\/2022-1-modelo-declaracao-etnia.docx\">Declara\u00e7\u00e3o de Etnia\u00a0 &#8211; 2022\/1<\/a><\/span><\/p>\n<p><span style=\"color: #000000\"><a style=\"color: #000000\" href=\"https:\/\/wp.ufpel.edu.br\/ppgemat\/files\/2021\/10\/2022-1-modelo-Autodeclaracao-de-Identidade-de-Genero.docx\">Autodeclara\u00e7\u00e3o de Identidade de G\u00eanero &#8211; 2022\/1<\/a><\/span><\/p>\n<p><strong><span style=\"color: #ff0000\">Observa\u00e7\u00e3o:<\/span> <\/strong><span style=\"color: #ff0000\">O Requerimento de inscri\u00e7\u00e3o \u00e9 o pr\u00f3prio Formul\u00e1rio de Inscri\u00e7\u00e3o.<\/span><\/p>\n<p><span style=\"color: #000000\"><a style=\"color: #000000\" href=\"https:\/\/wp.ufpel.edu.br\/ppgemat\/files\/2021\/11\/2022-Lista-Inscricoes-HOMOLOGADAS.pdf\">Lista de Inscri\u00e7\u00f5es Homologadas &#8211; 2022\/1<\/a><\/span><\/p>\n<p><span style=\"color: #000000\"><a style=\"color: #000000\" href=\"https:\/\/wp.ufpel.edu.br\/ppgemat\/files\/2021\/11\/2022-Lista-Aprovados-ETAPA-1.pdf\">Lista Aprovados ETAPA 1 &#8211; 2022\/<span style=\"color: #000000\">1<\/span><\/a><\/span><\/p>\n<p><span style=\"color: #000000\"><a style=\"color: #000000\" href=\"https:\/\/wp.ufpel.edu.br\/ppgemat\/files\/2021\/11\/2022-Horario-Entrevistas-ETAPA-2.pdf\">Hor\u00e1rio Entrevistas &#8211; ETAPA 2 &#8211; 2022\/1<\/a><\/span><\/p>\n<p><span style=\"color: #000000\"><a style=\"color: #000000\" href=\"https:\/\/wp.ufpel.edu.br\/ppgemat\/files\/2021\/12\/2022-Lista-Aprovados-ETAPA-1-pos-recursos.pdf\">Lista Aprovados ETAPA 1 &#8211; 2022\/1 &#8211; ap\u00f3s recursos<\/a><\/span><\/p>\n<p><span style=\"color: #000000\"><a style=\"color: #000000\" href=\"https:\/\/wp.ufpel.edu.br\/ppgemat\/files\/2021\/12\/2022-Horario-Entrevistas-ETAPA-2-Com-salas.pdf\">Hor\u00e1rio Entrevistas &#8211; ETAPA 2 &#8211; 2022\/1 &#8211; C<span style=\"color: #000000\">om salas<\/span><\/a> <\/span><\/p>\n<p><span style=\"color: #000000\"><a style=\"color: #000000\" href=\"https:\/\/wp.ufpel.edu.br\/ppgemat\/files\/2021\/12\/2022-Lista-Aprovados-ETAPA-2.pdf\">Lista Aprovados ETAPA 2 &#8211; 2022\/1<\/a><\/span><\/p>\n<p><span style=\"color: #000000\"><a style=\"color: #000000\" href=\"https:\/\/wp.ufpel.edu.br\/ppgemat\/files\/2021\/12\/2022-Lista-Aprovados-ETAPA-2-pos-recursos.pdf\">Lista Aprovados ETAPA 2 &#8211; 2022\/1 &#8211; ap\u00f3s recursos<\/a><\/span><\/p>\n<p><span style=\"color: #000000\"><a style=\"color: #000000\" href=\"https:\/\/wp.ufpel.edu.br\/ppgemat\/files\/2021\/12\/2022-Lista-Aprovados-ETAPA-3.pdf\">Lista Aprovados ETAPA 3 &#8211; 2022\/1<\/a><\/span><\/p>\n<p><span style=\"color: #000000\"><a style=\"color: #000000\" href=\"https:\/\/wp.ufpel.edu.br\/ppgemat\/files\/2021\/12\/2022-Lista-Aprovados-FINAL-com-ORI.pdf\">Lista Aprovados FINAL com Orientador &#8211; 2022\/1<\/a><\/span><\/p>\n<p>&nbsp;<\/p>\n<p>&nbsp;<\/p>\n","protected":false},"excerpt":{"rendered":"<p>SELE\u00c7\u00c3O PARA ALUNO REGULAR PROGRAMA DE P\u00d3S-GRADUA\u00c7\u00c3O EM EDUCA\u00c7\u00c3O MATEM\u00c1TICA \u2013\u00a02022\/1. Edital de Sele\u00e7\u00e3o &#8211; Aluno Regular 2022-1 Anexo I &#8211; do Edital de Sele\u00e7\u00e3o &#8211; Aluno Regular 2022\/1 Requerimento ou Formul\u00e1rio inscri\u00e7\u00e3o &#8211; 2022\/1 Modelo de Anteprojeto &#8211; 2022\/1 Modelo de Memorial Reflexivo &#8211; 2022\/1 Declara\u00e7\u00e3o de Etnia\u00a0 &#8211; 2022\/1 Autodeclara\u00e7\u00e3o de Identidade de [&hellip;]<\/p>\n","protected":false},"author":617,"featured_media":0,"parent":0,"menu_order":0,"comment_status":"closed","ping_status":"closed","template":"","meta":{"footnotes":""},"class_list":["post-2432","page","type-page","status-publish","hentry"],"_links":{"self":[{"href":"https:\/\/wp.ufpel.edu.br\/ppgemat\/wp-json\/wp\/v2\/pages\/2432","targetHints":{"allow":["GET"]}}],"collection":[{"href":"https:\/\/wp.ufpel.edu.br\/ppgemat\/wp-json\/wp\/v2\/pages"}],"about":[{"href":"https:\/\/wp.ufpel.edu.br\/ppgemat\/wp-json\/wp\/v2\/types\/page"}],"author":[{"embeddable":true,"href":"https:\/\/wp.ufpel.edu.br\/ppgemat\/wp-json\/wp\/v2\/users\/617"}],"replies":[{"embeddable":true,"href":"https:\/\/wp.ufpel.edu.br\/ppgemat\/wp-json\/wp\/v2\/comments?post=2432"}],"version-history":[{"count":16,"href":"https:\/\/wp.ufpel.edu.br\/ppgemat\/wp-json\/wp\/v2\/pages\/2432\/revisions"}],"predecessor-version":[{"id":2558,"href":"https:\/\/wp.ufpel.edu.br\/ppgemat\/wp-json\/wp\/v2\/pages\/2432\/revisions\/2558"}],"wp:attachment":[{"href":"https:\/\/wp.ufpel.edu.br\/ppgemat\/wp-json\/wp\/v2\/media?parent=2432"}],"curies":[{"name":"wp","href":"https:\/\/api.w.org\/{rel}","templated":true}]}}

Seleção 2022

<p><span style="color: #000000">SELEÇÃO PARA ALUNO REGULAR</span><br />
<span style="color: #000000">PROGRAMA DE PÓS-GRADUAÇÃO EM EDUCAÇÃO MATEMÁTICA – <strong>2022/1</strong>.</span></p>
<p><a href="https://wp.ufpel.edu.br/ppgemat/files/2021/10/SEI_UFPel-1461622-Edital-de-selecao-PRPPGI-Aluno-Regular-2022-1.pdf"><span style="color: #000000">Edital de Seleção &#8211; Aluno Regular 2022-1</span></a></p>
<p><span style="color: #000000"><a style="color: #000000" href="https://wp.ufpel.edu.br/ppgemat/files/2021/10/Anexo-I-Avaliacao-Curriculo.pdf">Anexo I &#8211; do Edital de Seleção &#8211; Aluno Regular 2022/1</a></span></p>
<p><span style="color: #000000"><a style="color: #000000" href="https://wp.ufpel.edu.br/ppgemat/files/2021/10/2022-1-formulario-inscricao.docx">Requerimento ou Formulário inscrição &#8211; 2022/1</a></span></p>
<p><span style="color: #000000"><a style="color: #000000" href="https://wp.ufpel.edu.br/ppgemat/files/2021/10/2022-1-modelo-Anteprojeto.docx">Modelo de Anteprojeto &#8211; 2022/1</a></span></p>
<p><span style="color: #000000"><a style="color: #000000" href="https://wp.ufpel.edu.br/ppgemat/files/2021/10/2022-1-modelo-Memorial-Reflexivo.docx">Modelo de Memorial Reflexivo &#8211; 2022/1</a></span></p>
<p><span style="color: #000000"><a style="color: #000000" href="https://wp.ufpel.edu.br/ppgemat/files/2021/10/2022-1-modelo-declaracao-etnia.docx">Declaração de Etnia  &#8211; 2022/1</a></span></p>
<p><span style="color: #000000"><a style="color: #000000" href="https://wp.ufpel.edu.br/ppgemat/files/2021/10/2022-1-modelo-Autodeclaracao-de-Identidade-de-Genero.docx">Autodeclaração de Identidade de Gênero &#8211; 2022/1</a></span></p>
<p><strong><span style="color: #ff0000">Observação:</span> </strong><span style="color: #ff0000">O Requerimento de inscrição é o próprio Formulário de Inscrição.</span></p>
<p><span style="color: #000000"><a style="color: #000000" href="https://wp.ufpel.edu.br/ppgemat/files/2021/11/2022-Lista-Inscricoes-HOMOLOGADAS.pdf">Lista de Inscrições Homologadas &#8211; 2022/1</a></span></p>
<p><span style="color: #000000"><a style="color: #000000" href="https://wp.ufpel.edu.br/ppgemat/files/2021/11/2022-Lista-Aprovados-ETAPA-1.pdf">Lista Aprovados ETAPA 1 &#8211; 2022/<span style="color: #000000">1</span></a></span></p>
<p><span style="color: #000000"><a style="color: #000000" href="https://wp.ufpel.edu.br/ppgemat/files/2021/11/2022-Horario-Entrevistas-ETAPA-2.pdf">Horário Entrevistas &#8211; ETAPA 2 &#8211; 2022/1</a></span></p>
<p><span style="color: #000000"><a style="color: #000000" href="https://wp.ufpel.edu.br/ppgemat/files/2021/12/2022-Lista-Aprovados-ETAPA-1-pos-recursos.pdf">Lista Aprovados ETAPA 1 &#8211; 2022/1 &#8211; após recursos</a></span></p>
<p><span style="color: #000000"><a style="color: #000000" href="https://wp.ufpel.edu.br/ppgemat/files/2021/12/2022-Horario-Entrevistas-ETAPA-2-Com-salas.pdf">Horário Entrevistas &#8211; ETAPA 2 &#8211; 2022/1 &#8211; C<span style="color: #000000">om salas</span></a> </span></p>
<p><span style="color: #000000"><a style="color: #000000" href="https://wp.ufpel.edu.br/ppgemat/files/2021/12/2022-Lista-Aprovados-ETAPA-2.pdf">Lista Aprovados ETAPA 2 &#8211; 2022/1</a></span></p>
<p><span style="color: #000000"><a style="color: #000000" href="https://wp.ufpel.edu.br/ppgemat/files/2021/12/2022-Lista-Aprovados-ETAPA-2-pos-recursos.pdf">Lista Aprovados ETAPA 2 &#8211; 2022/1 &#8211; após recursos</a></span></p>
<p><span style="color: #000000"><a style="color: #000000" href="https://wp.ufpel.edu.br/ppgemat/files/2021/12/2022-Lista-Aprovados-ETAPA-3.pdf">Lista Aprovados ETAPA 3 &#8211; 2022/1</a></span></p>
<p><span style="color: #000000"><a style="color: #000000" href="https://wp.ufpel.edu.br/ppgemat/files/2021/12/2022-Lista-Aprovados-FINAL-com-ORI.pdf">Lista Aprovados FINAL com Orientador &#8211; 2022/1</a></span></p>
<p>&nbsp;</p>
<p>&nbsp;</p>

<p>SELEÇÃO PARA ALUNO REGULAR PROGRAMA DE PÓS-GRADUAÇÃO EM EDUCAÇÃO MATEMÁTICA – 2022/1. Edital de Seleção &#8211; Aluno Regular 2022-1 Anexo I &#8211; do Edital de Seleção &#8211; Aluno Regular 2022/1 Requerimento ou Formulário inscrição &#8211; 2022/1 Modelo de Anteprojeto &#8211; 2022/1 Modelo de Memorial Reflexivo &#8211; 2022/1 Declaração de Etnia  &#8211; 2022/1 Autodeclaração de Identidade de [&hellip;]</p>
