{"id":1787,"date":"2020-08-20T21:11:18","date_gmt":"2020-08-21T00:11:18","guid":{"rendered":"https:\/\/wp.ufpel.edu.br\/ppgemat\/?page_id=1787"},"modified":"2024-02-29T13:47:22","modified_gmt":"2024-02-29T16:47:22","slug":"premios-e-destaques","status":"publish","type":"page","link":"https:\/\/wp.ufpel.edu.br\/ppgemat\/premios-e-destaques\/","title":{"rendered":"Pr\u00eamios e Destaques"},"content":{"rendered":"<p><span style=\"color: #000080; font-size: 18pt;\"><strong>Pr\u00eamios e Destaques recebidos por docentes e discentes do PPGEMAT<\/strong><\/span><\/p>\n<p><span style=\"font-size: 14pt; color: #000000;\"><strong>Evento<\/strong>: <strong>XXV ENP\u00d3S<\/strong> \u2013 Encontro de P\u00f3s-Gradua\u00e7\u00e3o da IX Semana Integrada de Inova\u00e7\u00e3o, Ensino, Pesquisa e Extens\u00e3o SIIEPE\/UFPel\/2023<\/span><\/p>\n<p><span style=\"color: #000000;\"><strong>Trabalho<\/strong>: Estudo de aula e desenvolvimento profissional\u00a0no ensino da Matem\u00e1tica: Um mapeamento na BDTD<\/span><\/p>\n<p><span style=\"color: #000000;\"><strong>Mestranda<\/strong>: Geiciele Raatz Hartwig<\/span><\/p>\n<p><span style=\"color: #000000;\"><strong>Orientadora<\/strong>: Profa. Dra. Marta Cristina Cezar Pozzobon<\/span><\/p>\n<p>&nbsp;<\/p>\n<p><span style=\"font-size: 14pt; color: #000000;\"><strong>Evento<\/strong>: <a style=\"color: #000000;\" href=\"https:\/\/www.festivalvideomat.com\/link-iv-festival\">IV Festival de V\u00eddeos Digitais e Educa\u00e7\u00e3o Matem\u00e1tica<\/a> da UNESP, Rio Claro, em parceria com a UFPel, em 2020.\u00a0<\/span><\/p>\n<p><span style=\"color: #000000;\"><strong>V\u00eddeo<\/strong>: <a style=\"color: #000000;\" href=\"https:\/\/www.youtube.com\/watch?v=KF-HWcKz5D0&amp;feature=youtu.be\">A Matem\u00e1tica do Cont\u00e1g<span style=\"color: #000000;\">io<\/span><\/a><\/span><\/p>\n<p><span style=\"color: #000000;\"><strong>Egressa<\/strong>:\u00a0<a style=\"color: #000000;\" href=\"http:\/\/lattes.cnpq.br\/8593320344925878\">Daniele Galv\u00e3o Mathias\u00a0<\/a><\/span><\/p>\n<p><span style=\"color: #000000;\"><strong>Mestranda<\/strong>: <a style=\"color: #000000;\" href=\"http:\/\/lattes.cnpq.br\/7438167440188304\">Taiane\u00a0Carrilho Rosa<\/a>\u00a0<\/span><\/p>\n<p>&nbsp;<\/p>\n<p><span style=\"font-size: 14pt; color: #000000;\"><strong>Evento<\/strong>: <a style=\"color: #000000;\" href=\"https:\/\/www.festivalvideomat.com\/ii-festival\">II Festival de V\u00eddeos Digitais e Educa\u00e7\u00e3o Matem\u00e1tica<\/a> da UNESP, Rio Claro, em 2018.<\/span><\/p>\n<p><span style=\"color: #000000;\"><strong>V\u00eddeo<\/strong>: <a style=\"color: #000000;\" href=\"https:\/\/www.youtube.com\/watch?v=Y3TAQGyq4P0&amp;list=PL9a8WG34PnC9F0xID5cpirXDwdeLM60kH&amp;index=4&amp;t=0s\">Regra de Sinais: Adi\u00e7\u00e3o e Subtra\u00e7\u00e3o<\/a><\/span><\/p>\n<p><span style=\"color: #000000;\"><strong>Mestranda<\/strong>: <a style=\"color: #000000;\" href=\"http:\/\/lattes.cnpq.br\/1082523375455035\">Marcia Estela Arg\u00fcelles Lupi<\/a><\/span><\/p>\n<p><span style=\"color: #000000;\"><strong>Orientadora<\/strong>: Profa. Dra. <a style=\"color: #000000;\" href=\"http:\/\/lattes.cnpq.br\/4433578915491616\">Rozane da Silveira Alves<\/a><\/span><\/p>\n<p>&nbsp;<\/p>\n<p><span style=\"font-size: 14pt; color: #000000;\"><strong>Evento<\/strong>: <a style=\"color: #000000;\" href=\"http:\/\/relme31.ulima.edu.pe\/\">31\u00aa Reuni\u00f3n LatinoAmericana de Matem\u00e1tica Educativa<\/a> (RELME), em 2017, no Peru.<\/span><\/p>\n<p><span style=\"color: #000000;\"><strong>V\u00eddeo<\/strong>: <a style=\"color: #000000;\" href=\"https:\/\/www.4shared.com\/video\/rv7MQuaeei\/Ponto_um_conceito_matematico.html\">Ponto, um conceito matem\u00e1tico\u00a0<\/a><\/span><\/p>\n<p><span style=\"color: #000000;\"><strong>Mestrando<\/strong>: <a style=\"color: #000000;\" href=\"http:\/\/lattes.cnpq.br\/6089777347078052\">Jo\u00e3o Carlos Roedel Hirdes<\/a><\/span><\/p>\n<p><span style=\"color: #000000;\"><strong>Orientadora do trabalho<\/strong>: Profa. Dra.\u00a0<a style=\"color: #000000;\" href=\"http:\/\/lattes.cnpq.br\/4433578915491616\">Rozane da Silveira Alves<\/a><\/span><\/p>\n","protected":false},"excerpt":{"rendered":"<p>Pr\u00eamios e Destaques recebidos por docentes e discentes do PPGEMAT Evento: XXV ENP\u00d3S \u2013 Encontro de P\u00f3s-Gradua\u00e7\u00e3o da IX Semana Integrada de Inova\u00e7\u00e3o, Ensino, Pesquisa e Extens\u00e3o SIIEPE\/UFPel\/2023 Trabalho: Estudo de aula e desenvolvimento profissional\u00a0no ensino da Matem\u00e1tica: Um mapeamento na BDTD Mestranda: Geiciele Raatz Hartwig Orientadora: Profa. Dra. Marta Cristina Cezar Pozzobon &nbsp; Evento: [&hellip;]<\/p>\n","protected":false},"author":617,"featured_media":0,"parent":0,"menu_order":0,"comment_status":"closed","ping_status":"closed","template":"","meta":{"footnotes":""},"class_list":["post-1787","page","type-page","status-publish","hentry"],"_links":{"self":[{"href":"https:\/\/wp.ufpel.edu.br\/ppgemat\/wp-json\/wp\/v2\/pages\/1787","targetHints":{"allow":["GET"]}}],"collection":[{"href":"https:\/\/wp.ufpel.edu.br\/ppgemat\/wp-json\/wp\/v2\/pages"}],"about":[{"href":"https:\/\/wp.ufpel.edu.br\/ppgemat\/wp-json\/wp\/v2\/types\/page"}],"author":[{"embeddable":true,"href":"https:\/\/wp.ufpel.edu.br\/ppgemat\/wp-json\/wp\/v2\/users\/617"}],"replies":[{"embeddable":true,"href":"https:\/\/wp.ufpel.edu.br\/ppgemat\/wp-json\/wp\/v2\/comments?post=1787"}],"version-history":[{"count":8,"href":"https:\/\/wp.ufpel.edu.br\/ppgemat\/wp-json\/wp\/v2\/pages\/1787\/revisions"}],"predecessor-version":[{"id":3012,"href":"https:\/\/wp.ufpel.edu.br\/ppgemat\/wp-json\/wp\/v2\/pages\/1787\/revisions\/3012"}],"wp:attachment":[{"href":"https:\/\/wp.ufpel.edu.br\/ppgemat\/wp-json\/wp\/v2\/media?parent=1787"}],"curies":[{"name":"wp","href":"https:\/\/api.w.org\/{rel}","templated":true}]}}