{"id":16,"date":"2016-05-11T02:07:18","date_gmt":"2016-05-11T05:07:18","guid":{"rendered":"https:\/\/wp.ufpel.edu.br\/ppgemat\/?page_id=16"},"modified":"2025-10-08T14:46:00","modified_gmt":"2025-10-08T17:46:00","slug":"docentes","status":"publish","type":"page","link":"https:\/\/wp.ufpel.edu.br\/ppgemat\/docentes\/","title":{"rendered":"Corpo Docente"},"content":{"rendered":"<h3><span style=\"color: #333399; font-size: 18pt;\"><strong>LINHA: Cultura, Sociedade e Educa\u00e7\u00e3o Matem\u00e1tica<\/strong><\/span><\/h3>\n<p>&nbsp;<\/p>\n<p><span style=\"color: #000000;\"><span style=\"color: #0000ff;\"><a style=\"color: #0000ff;\" href=\"http:\/\/lattes.cnpq.br\/7810711686517284\"><strong>Profa. Dra. Circe Mary Silva da Silva Dynnikov<\/strong><\/a><\/span> &#8211;\u00a0<a style=\"color: #000000;\" href=\"https:\/\/www.researchgate.net\/profile\/Circe_Dynnikov\">Research Gate<\/a>\u00a0<\/span><\/p>\n<p style=\"padding-left: 40px; text-align: justify;\"><span style=\"color: #000000;\"><strong>Interesses<\/strong>: Hist\u00f3ria da Matem\u00e1tica no ensino; Hist\u00f3ria da Educa\u00e7\u00e3o Matem\u00e1tica; An\u00e1lise de Livros did\u00e1ticos; Educa\u00e7\u00e3o ind\u00edgena.<\/span><\/p>\n<p>&nbsp;<\/p>\n<p><span style=\"color: #000000;\"><span style=\"color: #0000ff;\"><a style=\"color: #0000ff;\" href=\"http:\/\/lattes.cnpq.br\/2144446854611974\"><strong>Profa. Dra. Daniela Stevanin Hoffmann<\/strong><\/a><\/span> &#8211; <a style=\"color: #000000;\" href=\"https:\/\/orcid.org\/0000-0001-7476-1812\">ORC ID<\/a><\/span><\/p>\n<p style=\"padding-left: 40px; text-align: justify;\"><span style=\"color: #000000;\"><strong>Interesses<\/strong>: Psicologia da Educa\u00e7\u00e3o Matem\u00e1tica em di\u00e1logo com influ\u00eancias sociais, culturais e hist\u00f3ricas para ensinar e aprender Matem\u00e1tica. Legisla\u00e7\u00e3o, pol\u00edticas p\u00fablicas e curr\u00edculos em Educa\u00e7\u00e3o Matem\u00e1tica<\/span><\/p>\n<p>&nbsp;<\/p>\n<p><span style=\"color: #000000;\"><span style=\"color: #0000ff;\"><a style=\"color: #0000ff;\" href=\"http:\/\/lattes.cnpq.br\/4866864802999230\"><strong>Profa. Dra. Denise Nascimento Silveira<\/strong><\/a><\/span> &#8211; <a style=\"color: #000000;\" href=\"https:\/\/orcid.org\/0000-0001-9951-2302\">ORC ID<\/a><\/span><\/p>\n<p style=\"padding-left: 40px; text-align: justify;\"><span style=\"color: #000000;\"><strong>Interesses<\/strong>: Pesquisa na \u00e1rea de Matem\u00e1tica, com \u00eanfase em Educa\u00e7\u00e3o Matem\u00e1tica, atuando principalmente na forma\u00e7\u00e3o de professores, ensino de matem\u00e1tica, est\u00e1gios e educa\u00e7\u00e3o.\u00a0<\/span><\/p>\n<p>&nbsp;<\/p>\n<p><a href=\"http:\/\/lattes.cnpq.br\/4008578949922269\"><strong><span style=\"color: #000000;\"><span style=\"color: #0000ff;\">Prof. Dr. Fernando Cezar Ripe da Cruz<\/span><\/span><\/strong><\/a><\/p>\n<p style=\"padding-left: 40px; text-align: justify;\"><span style=\"color: #000000;\"><strong>Interesses<\/strong>: Hist\u00f3ria da Educa\u00e7\u00e3o (e) Matem\u00e1tica; Hist\u00f3ria da Cultura Escrita e Impressa; Estudos sobre suportes da cultura matem\u00e1tica escolar (cadernos, provas, exames, etc.) e de manuais pedag\u00f3gicos (cartilhas, livros did\u00e1ticos, etc.); Hist\u00f3ria de vida de docentes; Hist\u00f3ria das institui\u00e7\u00f5es escolares; Pr\u00e1ticas matematizadas n\u00e3o-escolarizadas; Hist\u00f3ria da forma\u00e7\u00e3o de professores que ensinam matem\u00e1tica; Destaque para investiga\u00e7\u00f5es que transitem por temporalidades mais afastadas, notadamente os s\u00e9culos XVII, XVIII e XIX. Perspectiva te\u00f3rica e metodol\u00f3gica subsidiada pela historiografia e filosofia culturalista.<\/span><\/p>\n<p>&nbsp;<\/p>\n<p><span style=\"color: #000000;\"><a href=\"http:\/\/lattes.cnpq.br\/0494683367350565\"><span style=\"color: #0000ff;\"><strong>Profa. Dra. Hardalla Santos do Valle<\/strong><\/span><\/a> &#8211; <a href=\"https:\/\/orcid.org\/0000-0002-7653-2834\">ORC ID<\/a><\/span><\/p>\n<p style=\"padding-left: 40px; text-align: justify;\"><span style=\"color: #000000;\"><strong>Interesses<\/strong>: Educa\u00e7\u00e3o Matem\u00e1tica com as inf\u00e2ncias, Pedagogia Hospitalar e a Educa\u00e7\u00e3o Matem\u00e1tica, estudo de pr\u00e1ticas e saberes docentes na Matem\u00e1tica, processos de ensino e aprendizagem inclusivos, desafios socioambientais da doc\u00eancia, diversidade (ra\u00e7a, g\u00eanero, etnia etc) em espa\u00e7os formais e n\u00e3o-formais e as suas conex\u00f5es com a Educa\u00e7\u00e3o Matem\u00e1tica.<\/span><\/p>\n<p>\u00a0 \u00a0 \u00a0 \u00a0 \u00a0 <a href=\"https:\/\/www.instagram.com\/gepi__ufpel?igsh=Y2l6Njg1OWtkZHQ5&amp;utm_source=qr\">Grupo de Estudos<\/a><\/p>\n<p>&nbsp;<\/p>\n<p><span style=\"color: #000000;\"><a href=\"https:\/\/lattes.cnpq.br\/6816883110811545\"><span style=\"color: #0000ff;\"><strong>Profa. Dra. Josimara Wikboldt Schwantz <\/strong><\/span><\/a>&#8211; <a href=\"https:\/\/orcid.org\/0000-0002-8298-0502\">ORC ID<\/a><\/span><\/p>\n<p style=\"padding-left: 40px; text-align: justify;\"><span style=\"color: #000000;\"><strong>Interesses<\/strong>: Filosofia e Psicologia da Educa\u00e7\u00e3o Matem\u00e1tica; Ensino-aprendizado da Matem\u00e1tica; Forma\u00e7\u00e3o Docente, seus processos de subjetiva\u00e7\u00e3o e a transcria\u00e7\u00e3o did\u00e1tico-pedag\u00f3gica.<\/span><\/p>\n<p>\u00a0 \u00a0 \u00a0 \u00a0 \u00a0<a href=\"https:\/\/www.instagram.com\/atelie_deestudos\/\"> Instagram<\/a><\/p>\n<p>&nbsp;<\/p>\n<p><span style=\"color: #0000ff;\"><strong>Profa. Dra.\u00a0<\/strong><\/span><span style=\"color: #000000;\"><span style=\"caret-color: #000000; color: #0000ff;\"><b>Let\u00edcia Maria Passos Corr\u00eaa<\/b><\/span>\u00a0&#8211; <a href=\"https:\/\/orcid.org\/0000-0003-0300-6099\">ORC ID<\/a><\/span><\/p>\n<p style=\"padding-left: 40px; text-align: justify;\"><span style=\"color: #000000;\"><strong>Interesses<\/strong>: Rela\u00e7\u00f5es, reflex\u00f5es e metodologias acerca da Educa\u00e7\u00e3o Matem\u00e1tica e da M\u00fasica ao longo dos tempos; Reflex\u00f5es rousseaunianas aplicadas \u00e0 Educa\u00e7\u00e3o Matem\u00e1tica; Rela\u00e7\u00f5es entre epistemologia e forma\u00e7\u00e3o humana no contexto da Educa\u00e7\u00e3o Matem\u00e1tica; Estudo da Educa\u00e7\u00e3o Matem\u00e1tica atrelada a projetos sociais democr\u00e1ticos e human\u00edsticos, em diferentes tempos hist\u00f3ricos; Interlocu\u00e7\u00f5es entre Filosofia, Educa\u00e7\u00e3o, Arte e Matem\u00e1tica, enquanto contributos no desenvolvimento da criticidade; Estudos acerca da Etnomatem\u00e1tica, incluindo a integra\u00e7\u00e3o de narrativas hist\u00f3ricas e filos\u00f3ficas no ensino de conceitos matem\u00e1ticos; Impacto das ideias filos\u00f3ficas sobre ci\u00eancia, l\u00f3gica e matem\u00e1tica nos sistemas educacionais.<\/span><\/p>\n<p>\u00a0 \u00a0 \u00a0 \u00a0 \u00a0 <a href=\"https:\/\/institucional.ufpel.edu.br\/servidores\/id\/32085\">P\u00e1gina Pessoal-Profissional<\/a><\/p>\n<p>&nbsp;<\/p>\n<p><span style=\"color: #000000;\"><span style=\"color: #0000ff;\"><a style=\"color: #0000ff;\" href=\"http:\/\/lattes.cnpq.br\/8190742787917024\"><strong>Prof. Dr. Rafael Montoito Teixeira<\/strong><\/a><\/span> &#8211;\u00a0<a style=\"color: #000000;\" href=\"https:\/\/orcid.org\/0000-0002-3294-3711\">ORC ID<\/a><\/span><\/p>\n<p style=\"padding-left: 40px; text-align: justify;\"><span style=\"color: #000000;\"><strong>Interesses<\/strong>: Estuda diferentes metodologias e pr\u00e1ticas atinentes ao ensino de Matem\u00e1tica, com destaque para as poss\u00edveis inter-rela\u00e7\u00f5es existentes entre arte e matem\u00e1tica.<\/span><\/p>\n<p>&nbsp;<\/p>\n<p><span style=\"color: #000000;\"><a href=\"http:\/\/lattes.cnpq.br\/7802968102184426\"><span style=\"color: #0000ff;\"><strong>Profa. Dra. Rich\u00e9le Timm dos Passos da Silva<\/strong><\/span><\/a>\u00a0&#8211; <a href=\"https:\/\/orcid.org\/0000-0002-6944-7228\">ORC ID<\/a><\/span><\/p>\n<p style=\"padding-left: 40px; text-align: justify;\"><span style=\"color: #000000;\"><strong>Interesses<\/strong>: Forma\u00e7\u00e3o de Professores e Educa\u00e7\u00e3o Matem\u00e1tica (fundamentos s\u00f3cio-hist\u00f3ricos e filos\u00f3ficos\/pol\u00edticas\/estruturas\/modelos formativos), Interculturalidade e Internacionaliza\u00e7\u00e3o na Educa\u00e7\u00e3o Matem\u00e1tica e no Ensino de Matem\u00e1tica.<\/span><\/p>\n<p style=\"padding-left: 40px; text-align: justify;\"><a href=\"https:\/\/institucional.ufpel.edu.br\/servidores\/id\/2120\">P\u00e1gina Perfil UFPel<\/a><\/p>\n<p>&nbsp;<\/p>\n<p>&nbsp;<\/p>\n<h3><span style=\"color: #333399; font-size: 18pt;\"><strong>LINHA: Pr\u00e1ticas Educativas e Formativas em Ed<\/strong><\/span><span style=\"color: #333399; font-size: 18pt;\"><strong>uca\u00e7\u00e3o Matem\u00e1tica\u00a0<\/strong><\/span><\/h3>\n<p>&nbsp;<\/p>\n<p><span style=\"color: #000000;\"><span style=\"color: #333399;\"><a style=\"color: #333399;\" href=\"http:\/\/lattes.cnpq.br\/0257799779736390\"><strong><span style=\"color: #0000ff;\">Prof. Dr.\u00a0Andre Luis Andrej<\/span>e<span style=\"color: #0000ff;\">w<\/span><\/strong><span style=\"color: #0000ff;\"> <strong>Ferreira<\/strong><\/span><\/a> <\/span>&#8211; <a style=\"color: #000000;\" href=\"https:\/\/orcid.org\/0000-0001-6353-4665\">ORC ID<\/a><\/span><\/p>\n<p style=\"padding-left: 40px; text-align: justify;\"><span style=\"color: #000000;\"><strong>Interesses<\/strong>: EaD; Tecnologias Digitais; V\u00eddeos Digitais para o ensino e aprendizagem de Matem\u00e1tica na Educa\u00e7\u00e3o B\u00e1sica e Superior; Pensamento Computacional<\/span><\/p>\n<p>&nbsp;<\/p>\n<p><span style=\"color: #000000;\"><a style=\"color: #000000;\" href=\"http:\/\/lattes.cnpq.br\/3704006449718179\"><strong><span style=\"color: #333399;\"><span style=\"color: #0000ff;\">Prof. Dr. Antonio Maur\u00edcio Mede<\/span><\/span><span style=\"color: #0000ff;\">iros Alves<\/span><\/strong><\/a> &#8211; <a style=\"color: #000000;\" href=\"https:\/\/orcid.org\/0000-0001-5857-4283\">ORC ID<\/a><\/span><\/p>\n<p style=\"padding-left: 40px; text-align: justify;\"><span style=\"color: #000000;\"><strong>Interesses<\/strong>: Forma\u00e7\u00e3o de professores que ensinam Matem\u00e1tica nos anos iniciais; ensino e aprendizagem de matem\u00e1tica nos anos iniciais; metodologias e materiais did\u00e1ticos para ensino de Matem\u00e1tica nos anos iniciais.<\/span><\/p>\n<p style=\"padding-left: 40px;\"><span style=\"color: #000000;\"><a style=\"color: #000000;\" href=\"https:\/\/wp.ufpel.edu.br\/antoniomauricio\/\">P\u00e1gina Pessoal-Profissional<\/a><\/span><\/p>\n<p style=\"padding-left: 40px;\"><span style=\"color: #000000;\"><a style=\"color: #000000;\" href=\"https:\/\/wp.ufpel.edu.br\/geemai\/\">GEEMAI<\/a><\/span><\/p>\n<p>&nbsp;<\/p>\n<p><strong><a href=\"http:\/\/lattes.cnpq.br\/8589016214620796\"><span style=\"color: #0000ff;\">Profa. Dra. Carla Denize Ott Felcher<\/span><\/a> &#8211; <\/strong><a href=\"https:\/\/orcid.org\/0000-0002-9733-9451\">ORCID ID<\/a><\/p>\n<p style=\"padding-left: 40px;\"><span style=\"color: #000000;\"><strong>Interesses<\/strong>: Tecnologias Digitais no Ensino de Matem\u00e1tica e na forma\u00e7\u00e3o de professores; Intelig\u00eancia Artificial; Educa\u00e7\u00e3o 5.0 e EaD no contexto da Educa\u00e7\u00e3o Matem\u00e1tica.<\/span><\/p>\n<p>&nbsp;<\/p>\n<p><span style=\"color: #000000;\"><a href=\"http:\/\/lattes.cnpq.br\/4909526156022838\"><span style=\"color: #0000ff;\"><strong>Prof. Dr. C\u00edcero Nachtigall<\/strong> <\/span><\/a>&#8211; <a href=\"https:\/\/orcid.org\/0000-0003-3869-0062\">ORC ID<\/a><\/span><\/p>\n<p style=\"padding-left: 40px; text-align: justify;\"><span style=\"color: #000000;\"><strong>Interesses<\/strong>: Forma\u00e7\u00e3o de professores de Matem\u00e1tica; Aprendizagem Autoregulada; Metodologias Ativas; Tecnologias Digitais; Intelig\u02c6\u00eancia Artificial.<\/span><\/p>\n<p>\u00a0\u00a0\u00a0\u00a0\u00a0\u00a0\u00a0\u00a0\u00a0\u00a0<a href=\"http:\/\/wp.ufpel.edu.br\/ciceronachtigall\/\">P\u00e1gina Pessoal-Profissional<\/a><\/p>\n<p>&nbsp;&nbsp;&nbsp;&nbsp;&nbsp;&nbsp;&nbsp;&nbsp;&nbsp;&nbsp;<a href=\"https:\/\/wp.ufpel.edu.br\/leiaa\/\">P\u00e1gina LEIIAA<\/a><\/p>\n<p>&nbsp;<\/p>\n<p><span style=\"color: #0000ff;\"><a style=\"color: #0000ff;\" href=\"http:\/\/lattes.cnpq.br\/9679635538989977\"><strong>Profa. Dra. Daiane Scopel Boff <\/strong><\/a>\u2013 <a href=\"https:\/\/orcid.org\/0000-0002-2860-686X\">ORC ID<\/a><\/span><\/p>\n<p style=\"padding-left: 40px; text-align: justify;\"><span style=\"color: #000000;\"><strong>Interesses<\/strong>: Pr\u00e1ticas e saberes docentes para o ensino e a aprendizagem em Matem\u00e1tica; Constitui\u00e7\u00e3o da doc\u00eancia e processos de forma\u00e7\u00e3o em Matem\u00e1tica; Dimens\u00f5es te\u00f3rica e pr\u00e1tica da Matem\u00e1tica.<\/span><\/p>\n<p>&nbsp;<\/p>\n<p><span style=\"color: #000000;\"><a style=\"color: #000000;\" href=\"http:\/\/lattes.cnpq.br\/9502904964107859\"><strong><span style=\"color: #0000ff;\">Profa. Dra. Marta Cristina Cezar Pozzobon<\/span><\/strong><\/a> &#8211; <a style=\"color: #000000;\" href=\"https:\/\/orcid.org\/0000-0003-3069-5627\">ORC ID<\/a><\/span><\/p>\n<p style=\"padding-left: 40px; text-align: justify;\"><span style=\"color: #000000;\"><strong>Interesses<\/strong>: Forma\u00e7\u00e3o e Doc\u00eancia(s) de professores que ensinam Matem\u00e1tica na Educa\u00e7\u00e3o B\u00e1sica. Pr\u00e1ticas Pedag\u00f3gicas e Formativas. Ensino e Aprendizagem de Matem\u00e1tica na Educa\u00e7\u00e3o Infantil e Ensino Fundamental. Curr\u00edculos e documentos curriculares. Estudo de Aula (<em>Lesson Study<\/em>) e Desenvolvimento Profissional Docente.<\/span><\/p>\n<p>&nbsp;<\/p>\n<p><span style=\"color: #000000;\"><a href=\"http:\/\/lattes.cnpq.br\/4861626888804809\"><strong><span style=\"color: #0000ff;\">Profa. Dra. Rita de Cassia de Souza Soares Ramos<\/span><\/strong><\/a>\u00a0&#8211; <a href=\"https:\/\/orcid.org\/0000-0002-7842-4300\">ORC ID<\/a><\/span><\/p>\n<p style=\"padding-left: 40px; text-align: justify;\"><span style=\"color: #000000;\"><strong>Interesses<\/strong>: Psicologia da Educa\u00e7\u00e3o Matem\u00e1tica; Processos Cognitivos em Ensino e Aprendizagem de Matem\u00e1tica; Did\u00e1tica da Matem\u00e1tica; Processos de Ensino e Aprendizagem de Matem\u00e1tica no Laborat\u00f3rio de Ensino de Matem\u00e1tica.<\/span><\/p>\n<p>\u00a0 \u00a0 \u00a0 \u00a0 \u00a0 <a href=\"http:\/\/wp.ufpel.edu.br\/lvm\">Laborat\u00f3rio Multilinguagens<\/a><\/p>\n<p>&nbsp;<\/p>\n<p><span style=\"color: #000000;\"><span style=\"color: #0000ff;\"><a style=\"color: #0000ff;\" href=\"http:\/\/lattes.cnpq.br\/4433578915491616\"><strong>Profa. Dra. Rozane da Silveira Alves<\/strong><\/a><\/span> &#8211; <a style=\"color: #000000;\" href=\"https:\/\/orcid.org\/0000-0001-9409-3495\">ORC ID<\/a><\/span><\/p>\n<p style=\"padding-left: 40px; text-align: justify;\"><span style=\"color: #000000;\"><strong>Interesses<\/strong>: Educa\u00e7\u00e3o Matem\u00e1tica e Tecnologias; Forma\u00e7\u00e3o de Professores; Educa\u00e7\u00e3o Matem\u00e1tica na Educa\u00e7\u00e3o B\u00e1sica; Educa\u00e7\u00e3o Matem\u00e1tica no Ensino Superior.<\/span><\/p>\n<p style=\"padding-left: 40px;\"><span style=\"color: #000000;\"><a style=\"color: #000000;\" href=\"https:\/\/wp.ufpel.edu.br\/redecolabora\/\">Rede Colabora<\/a><\/span><\/p>\n<p>&nbsp;<\/p>\n<p><span style=\"color: #000000;\"><span style=\"color: #0000ff;\"><strong>Profa. Dra. Sabrina Bobsin Salazar<\/strong><\/span> &#8211; <a href=\"https:\/\/orcid.org\/0000-0003-0832-3288\">ORC ID<\/a><\/span><\/p>\n<p style=\"padding-left: 40px; text-align: justify;\"><span style=\"color: #000000;\"><strong>Interesses<\/strong>: Pr\u00e1ticas docentes de matem\u00e1tica e suas rela\u00e7\u00f5es com a reprodu\u00e7\u00e3o e ruptura de institui\u00e7\u00f5es sociais nos diversos n\u00edveis de escolaridade. Como pr\u00e1ticas docentes de matem\u00e1tica podem ser aprendidas por docentes em forma\u00e7\u00e3o inicial e continuada.<\/span><\/p>\n<p>&nbsp;<\/p>\n<p><span style=\"color: #000000;\"><span style=\"color: #0000ff;\"><a style=\"color: #0000ff;\" href=\"http:\/\/lattes.cnpq.br\/5437896504110766\"><strong>Profa. Dra. Tha\u00eds Philipsen Gr\u00fctzmann<\/strong><\/a><\/span> &#8211; <a style=\"color: #000000;\" href=\"https:\/\/orcid.org\/0000-0001-6015-1546\">ORC ID<\/a> &#8211; <a style=\"color: #000000;\" href=\"https:\/\/www.researchgate.net\/profile\/Thais_Gruetzmann\">Research Gate<\/a><\/span><\/p>\n<p style=\"padding-left: 40px; text-align: justify;\"><span style=\"color: #000000;\"><strong>Interesses<\/strong>: Educa\u00e7\u00e3o Matem\u00e1tica Inclusiva com \u00eanfase na Educa\u00e7\u00e3o de Surdos e pessoas com Surdocegueira. Processos de Ensino e Aprendizagem na Educa\u00e7\u00e3o Matem\u00e1tica Inclusiva, no Laborat\u00f3rio de Ensino de Matem\u00e1tica, nos Anos Iniciais e\/ou na Forma\u00e7\u00e3o de Professores que ensinam Matem\u00e1tica.<\/span><\/p>\n<p style=\"padding-left: 40px;\"><span style=\"color: #000000;\"><a style=\"color: #000000;\" href=\"https:\/\/wp.ufpel.edu.br\/thaisgrutzmann\/\">P\u00e1gina Pessoal-Profissional<\/a><\/span><\/p>\n<p style=\"padding-left: 40px;\"><span style=\"color: #000000;\"><a style=\"color: #000000;\" href=\"https:\/\/wp.ufpel.edu.br\/mathlibras\/\">MathLibras<\/a><\/span><\/p>\n<p>&nbsp;<\/p>\n<p>&nbsp;<\/p>\n","protected":false},"excerpt":{"rendered":"<p>LINHA: Cultura, Sociedade e Educa\u00e7\u00e3o Matem\u00e1tica &nbsp; Profa. Dra. Circe Mary Silva da Silva Dynnikov &#8211;\u00a0Research Gate\u00a0 Interesses: Hist\u00f3ria da Matem\u00e1tica no ensino; Hist\u00f3ria da Educa\u00e7\u00e3o Matem\u00e1tica; An\u00e1lise de Livros did\u00e1ticos; Educa\u00e7\u00e3o ind\u00edgena. &nbsp; Profa. Dra. Daniela Stevanin Hoffmann &#8211; ORC ID Interesses: Psicologia da Educa\u00e7\u00e3o Matem\u00e1tica em di\u00e1logo com influ\u00eancias sociais, culturais e hist\u00f3ricas [&hellip;]<\/p>\n","protected":false},"author":617,"featured_media":0,"parent":0,"menu_order":0,"comment_status":"closed","ping_status":"closed","template":"","meta":{"footnotes":""},"class_list":["post-16","page","type-page","status-publish","hentry"],"_links":{"self":[{"href":"https:\/\/wp.ufpel.edu.br\/ppgemat\/wp-json\/wp\/v2\/pages\/16","targetHints":{"allow":["GET"]}}],"collection":[{"href":"https:\/\/wp.ufpel.edu.br\/ppgemat\/wp-json\/wp\/v2\/pages"}],"about":[{"href":"https:\/\/wp.ufpel.edu.br\/ppgemat\/wp-json\/wp\/v2\/types\/page"}],"author":[{"embeddable":true,"href":"https:\/\/wp.ufpel.edu.br\/ppgemat\/wp-json\/wp\/v2\/users\/617"}],"replies":[{"embeddable":true,"href":"https:\/\/wp.ufpel.edu.br\/ppgemat\/wp-json\/wp\/v2\/comments?post=16"}],"version-history":[{"count":4,"href":"https:\/\/wp.ufpel.edu.br\/ppgemat\/wp-json\/wp\/v2\/pages\/16\/revisions"}],"predecessor-version":[{"id":3646,"href":"https:\/\/wp.ufpel.edu.br\/ppgemat\/wp-json\/wp\/v2\/pages\/16\/revisions\/3646"}],"wp:attachment":[{"href":"https:\/\/wp.ufpel.edu.br\/ppgemat\/wp-json\/wp\/v2\/media?parent=16"}],"curies":[{"name":"wp","href":"https:\/\/api.w.org\/{rel}","templated":true}]}}