{"id":3207,"date":"2022-08-16T11:52:53","date_gmt":"2022-08-16T14:52:53","guid":{"rendered":"https:\/\/wp.ufpel.edu.br\/ppgef\/?page_id=3207"},"modified":"2022-08-16T12:09:49","modified_gmt":"2022-08-16T15:09:49","slug":"duvidas-frequentes","status":"publish","type":"page","link":"https:\/\/wp.ufpel.edu.br\/ppgef\/duvidas-frequentes\/","title":{"rendered":"D\u00favidas Frequentes"},"content":{"rendered":"<p>O Regimento do PPGEF 2019, que pode ser acessado atrav\u00e9s da aba &#8220;O Programa&#8221; &#8211; &#8220;Regimentos&#8221; \u00e9 a norma que rege o PPGEF.<\/p>\n<p>Todos os alunos do PPGEF devem ter conhecimento do regramento disposto no Regimento<\/p>\n<p><strong>Reunimos aqui algumas das d\u00favidas frequentes dos discentes que podem ser sanadas atrav\u00e9s do regimento.<\/strong><\/p>\n<p>&nbsp;<\/p>\n<p><strong>1 PERDI O PRAZO DA MATR\u00cdCULA, E AGORA?<\/strong><br \/>\nArtigo 31 \u2013 O(A) candidato(a)aprovado(a) \u00e9 o respons\u00e1vel por realizar sua matr\u00edcula,<br \/>\ncom a assinatura do respectivo orientador, durante o per\u00edodo agendado pela<br \/>\ncoordena\u00e7\u00e3o do PPG para a matr\u00edcula, sob pena de cancelamento de sua admiss\u00e3o.<\/p>\n<p>Art 32 Par\u00e1grafo \u00fanico: &#8230; A n\u00e3o solicita\u00e7\u00e3o de matr\u00edcula no prazo determinado pelo PPGEF, a<br \/>\nqual \u00e9 responsabilidade do(a) aluno(a), incorre no cancelamento de sua<br \/>\nperman\u00eancia no curso.<\/p>\n<p>Artigo 34\u00ba \u2013 Ao(A) aluno(a) que deixar de se matricular em um per\u00edodo letivo, n\u00e3o<br \/>\nser\u00e1 reconhecido nenhum direito de readmiss\u00e3o ou matr\u00edcula<\/p>\n<p>&nbsp;<\/p>\n<p><strong>2 POSSO SOLICITAR TRANCAMENTO DO SEMESTRE?<\/strong><\/p>\n<p>Artigo 33 \u2013 O(A) aluno(a) que, por motivo de for\u00e7a maior, necessitar interromper<br \/>\nseus estudos, poder\u00e1 solicitar ao Coordenador do Programa, por escrito, o<br \/>\ntrancamento de sua matr\u00edcula, devendo o pedido ser acompanhado do parecer<br \/>\ndo(a) orientador(a)<\/p>\n<p><strong>3 QUERO TRANCAR MAIS DE UM SEMESTRE, COMO PROCEDER?<\/strong><\/p>\n<p>Art 33.<\/p>\n<p>Par\u00e1grafo 1\u00ba \u2013 Se for o caso, o pedido de trancamento dever\u00e1 ser renovado a cada<br \/>\nper\u00edodo letivo.<br \/>\nPar\u00e1grafo 2\u00ba \u2013 O(A) aluno(a) poder\u00e1 trancar sua matr\u00edcula por um per\u00edodo m\u00e1ximo<br \/>\nde dois semestres letivos, consecutivos ou n\u00e3o.<\/p>\n","protected":false},"excerpt":{"rendered":"<p>O Regimento do PPGEF 2019, que pode ser acessado atrav\u00e9s da aba &#8220;O Programa&#8221; &#8211; &#8220;Regimentos&#8221; \u00e9 a norma que rege o PPGEF. Todos os alunos do PPGEF devem ter conhecimento do regramento disposto no Regimento Reunimos aqui algumas das d\u00favidas frequentes dos discentes que podem ser sanadas atrav\u00e9s do regimento. &nbsp; 1 PERDI O [&hellip;]<\/p>\n","protected":false},"author":592,"featured_media":0,"parent":0,"menu_order":0,"comment_status":"closed","ping_status":"closed","template":"","meta":{"footnotes":""},"class_list":["post-3207","page","type-page","status-publish","hentry"],"_links":{"self":[{"href":"https:\/\/wp.ufpel.edu.br\/ppgef\/wp-json\/wp\/v2\/pages\/3207","targetHints":{"allow":["GET"]}}],"collection":[{"href":"https:\/\/wp.ufpel.edu.br\/ppgef\/wp-json\/wp\/v2\/pages"}],"about":[{"href":"https:\/\/wp.ufpel.edu.br\/ppgef\/wp-json\/wp\/v2\/types\/page"}],"author":[{"embeddable":true,"href":"https:\/\/wp.ufpel.edu.br\/ppgef\/wp-json\/wp\/v2\/users\/592"}],"replies":[{"embeddable":true,"href":"https:\/\/wp.ufpel.edu.br\/ppgef\/wp-json\/wp\/v2\/comments?post=3207"}],"version-history":[{"count":4,"href":"https:\/\/wp.ufpel.edu.br\/ppgef\/wp-json\/wp\/v2\/pages\/3207\/revisions"}],"predecessor-version":[{"id":3212,"href":"https:\/\/wp.ufpel.edu.br\/ppgef\/wp-json\/wp\/v2\/pages\/3207\/revisions\/3212"}],"wp:attachment":[{"href":"https:\/\/wp.ufpel.edu.br\/ppgef\/wp-json\/wp\/v2\/media?parent=3207"}],"curies":[{"name":"wp","href":"https:\/\/api.w.org\/{rel}","templated":true}]}}

Dúvidas Frequentes

<p>O Regimento do PPGEF 2019, que pode ser acessado através da aba &#8220;O Programa&#8221; &#8211; &#8220;Regimentos&#8221; é a norma que rege o PPGEF.</p>
<p>Todos os alunos do PPGEF devem ter conhecimento do regramento disposto no Regimento</p>
<p><strong>Reunimos aqui algumas das dúvidas frequentes dos discentes que podem ser sanadas através do regimento.</strong></p>
<p>&nbsp;</p>
<p><strong>1 PERDI O PRAZO DA MATRÍCULA, E AGORA?</strong><br />
Artigo 31 – O(A) candidato(a)aprovado(a) é o responsável por realizar sua matrícula,<br />
com a assinatura do respectivo orientador, durante o período agendado pela<br />
coordenação do PPG para a matrícula, sob pena de cancelamento de sua admissão.</p>
<p>Art 32 Parágrafo único: &#8230; A não solicitação de matrícula no prazo determinado pelo PPGEF, a<br />
qual é responsabilidade do(a) aluno(a), incorre no cancelamento de sua<br />
permanência no curso.</p>
<p>Artigo 34º – Ao(A) aluno(a) que deixar de se matricular em um período letivo, não<br />
será reconhecido nenhum direito de readmissão ou matrícula</p>
<p>&nbsp;</p>
<p><strong>2 POSSO SOLICITAR TRANCAMENTO DO SEMESTRE?</strong></p>
<p>Artigo 33 – O(A) aluno(a) que, por motivo de força maior, necessitar interromper<br />
seus estudos, poderá solicitar ao Coordenador do Programa, por escrito, o<br />
trancamento de sua matrícula, devendo o pedido ser acompanhado do parecer<br />
do(a) orientador(a)</p>
<p><strong>3 QUERO TRANCAR MAIS DE UM SEMESTRE, COMO PROCEDER?</strong></p>
<p>Art 33.</p>
<p>Parágrafo 1º – Se for o caso, o pedido de trancamento deverá ser renovado a cada<br />
período letivo.<br />
Parágrafo 2º – O(A) aluno(a) poderá trancar sua matrícula por um período máximo<br />
de dois semestres letivos, consecutivos ou não.</p>

<p>O Regimento do PPGEF 2019, que pode ser acessado através da aba &#8220;O Programa&#8221; &#8211; &#8220;Regimentos&#8221; é a norma que rege o PPGEF. Todos os alunos do PPGEF devem ter conhecimento do regramento disposto no Regimento Reunimos aqui algumas das dúvidas frequentes dos discentes que podem ser sanadas através do regimento. &nbsp; 1 PERDI O [&hellip;]</p>
