{"id":31,"date":"2014-04-14T02:56:02","date_gmt":"2014-04-14T02:56:02","guid":{"rendered":"http:\/\/esef.ufpel.edu.br\/ppgef\/?page_id=31"},"modified":"2014-04-14T02:56:02","modified_gmt":"2014-04-14T02:56:02","slug":"bolsas","status":"publish","type":"page","link":"https:\/\/wp.ufpel.edu.br\/ppgef\/bolsas\/","title":{"rendered":"Bolsas"},"content":{"rendered":"<p>Durante o curso de mestrado n\u00e3o \u00e9 assegurado a todos os alunos o benef\u00edcio da bolsa de estudos. Aproximadamente 50% dos alunos regulares s\u00e3o beneficiados por bolsa de estudos durante o curso e a escolha dos bolsistas \u00e9 baseada num processo seletivo interno considerando as normas dos \u00f3rg\u00e3os de fomento e crit\u00e9rios de elegibilidade, bem como crit\u00e9rios individuais dos candidatos \u00e0 bolsa (perfil socioecon\u00f4mico e avalia\u00e7\u00e3o curricular).<\/p>\n","protected":false},"excerpt":{"rendered":"<p>Durante o curso de mestrado n\u00e3o \u00e9 assegurado a todos os alunos o benef\u00edcio da bolsa de estudos. Aproximadamente 50% dos alunos regulares s\u00e3o beneficiados por bolsa de estudos durante o curso e a escolha dos bolsistas \u00e9 baseada num processo seletivo interno considerando as normas dos \u00f3rg\u00e3os de fomento e crit\u00e9rios de elegibilidade, bem [&hellip;]<\/p>\n","protected":false},"author":592,"featured_media":0,"parent":0,"menu_order":0,"comment_status":"closed","ping_status":"closed","template":"","meta":{"footnotes":""},"class_list":["post-31","page","type-page","status-publish","hentry"],"_links":{"self":[{"href":"https:\/\/wp.ufpel.edu.br\/ppgef\/wp-json\/wp\/v2\/pages\/31","targetHints":{"allow":["GET"]}}],"collection":[{"href":"https:\/\/wp.ufpel.edu.br\/ppgef\/wp-json\/wp\/v2\/pages"}],"about":[{"href":"https:\/\/wp.ufpel.edu.br\/ppgef\/wp-json\/wp\/v2\/types\/page"}],"author":[{"embeddable":true,"href":"https:\/\/wp.ufpel.edu.br\/ppgef\/wp-json\/wp\/v2\/users\/592"}],"replies":[{"embeddable":true,"href":"https:\/\/wp.ufpel.edu.br\/ppgef\/wp-json\/wp\/v2\/comments?post=31"}],"version-history":[{"count":0,"href":"https:\/\/wp.ufpel.edu.br\/ppgef\/wp-json\/wp\/v2\/pages\/31\/revisions"}],"wp:attachment":[{"href":"https:\/\/wp.ufpel.edu.br\/ppgef\/wp-json\/wp\/v2\/media?parent=31"}],"curies":[{"name":"wp","href":"https:\/\/api.w.org\/{rel}","templated":true}]}}