{"id":2802,"date":"2021-07-21T14:48:38","date_gmt":"2021-07-21T17:48:38","guid":{"rendered":"https:\/\/wp.ufpel.edu.br\/ppgef\/?page_id=2802"},"modified":"2021-07-21T14:52:32","modified_gmt":"2021-07-21T17:52:32","slug":"selecao-especial-2021","status":"publish","type":"page","link":"https:\/\/wp.ufpel.edu.br\/ppgef\/selecao-especial-2021\/","title":{"rendered":"sele\u00e7\u00e3o especial 2021"},"content":{"rendered":"<p>N\u00e3o foi realizada sele\u00e7\u00e3o de Aluno Especial para o primeiro semestre de 2021, devido as adapta\u00e7\u00f5es impostas pela pandemia.<\/p>\n<p>&nbsp;<\/p>\n<p><a href=\"https:\/\/wp.ufpel.edu.br\/ppgef\/files\/2021\/07\/SEI_UFPel-1364150-Edital-Aluno-Espcial-2021.02.pdf\">Edital Sele\u00e7\u00e3o Aluno Especial &#8211; 2\u00ba sem. 2021<\/a><\/p>\n","protected":false},"excerpt":{"rendered":"<p>N\u00e3o foi realizada sele\u00e7\u00e3o de Aluno Especial para o primeiro semestre de 2021, devido as adapta\u00e7\u00f5es impostas pela pandemia. &nbsp; Edital Sele\u00e7\u00e3o Aluno Especial &#8211; 2\u00ba sem. 2021<\/p>\n","protected":false},"author":592,"featured_media":0,"parent":0,"menu_order":0,"comment_status":"closed","ping_status":"closed","template":"","meta":{"footnotes":""},"class_list":["post-2802","page","type-page","status-publish","hentry"],"_links":{"self":[{"href":"https:\/\/wp.ufpel.edu.br\/ppgef\/wp-json\/wp\/v2\/pages\/2802","targetHints":{"allow":["GET"]}}],"collection":[{"href":"https:\/\/wp.ufpel.edu.br\/ppgef\/wp-json\/wp\/v2\/pages"}],"about":[{"href":"https:\/\/wp.ufpel.edu.br\/ppgef\/wp-json\/wp\/v2\/types\/page"}],"author":[{"embeddable":true,"href":"https:\/\/wp.ufpel.edu.br\/ppgef\/wp-json\/wp\/v2\/users\/592"}],"replies":[{"embeddable":true,"href":"https:\/\/wp.ufpel.edu.br\/ppgef\/wp-json\/wp\/v2\/comments?post=2802"}],"version-history":[{"count":3,"href":"https:\/\/wp.ufpel.edu.br\/ppgef\/wp-json\/wp\/v2\/pages\/2802\/revisions"}],"predecessor-version":[{"id":2806,"href":"https:\/\/wp.ufpel.edu.br\/ppgef\/wp-json\/wp\/v2\/pages\/2802\/revisions\/2806"}],"wp:attachment":[{"href":"https:\/\/wp.ufpel.edu.br\/ppgef\/wp-json\/wp\/v2\/media?parent=2802"}],"curies":[{"name":"wp","href":"https:\/\/api.w.org\/{rel}","templated":true}]}}