{"id":2331,"date":"2020-11-13T12:05:18","date_gmt":"2020-11-13T15:05:18","guid":{"rendered":"https:\/\/wp.ufpel.edu.br\/ppgef\/?page_id=2331"},"modified":"2020-11-13T12:17:30","modified_gmt":"2020-11-13T15:17:30","slug":"selecao-pos-doutorado","status":"publish","type":"page","link":"https:\/\/wp.ufpel.edu.br\/ppgef\/selecao-pos-doutorado\/","title":{"rendered":"sele\u00e7\u00e3o pos doutorado"},"content":{"rendered":"<p>O Programa conta atualmente com uma cota de bolsa do Programa Nacional de P\u00f3s-Doutorado (PNPD-CAPES), e a sele\u00e7\u00e3o de bolsista ocorre de acordo com a disponibilidade da bolsa.<\/p>\n<p>O \u00faltimo processo de sele\u00e7\u00e3o ocorreu no ano de 2018, e aprovou o Prof. Dr. Eduardo Lucia Caputo.<\/p>\n<p>&nbsp;<\/p>\n<h2>2018<\/h2>\n<p><a href=\"https:\/\/wp.ufpel.edu.br\/ppgef\/files\/2020\/11\/Edital-POSDOC2018.pdf\">EDITAL DE SELE\u00c7\u00c3O 2018 DE BOLSISTA PNPD-CAPES<\/a><\/p>\n<p><a href=\"https:\/\/wp.ufpel.edu.br\/ppgef\/files\/2020\/11\/classificacao-final-pos-doc.pdf\">Resultado Final Sele\u00e7\u00e3o 2018 Bolsista PNPD-CAPES<\/a><\/p>\n<p>&nbsp;<\/p>\n<h2>2017<\/h2>\n<p><a href=\"https:\/\/wp.ufpel.edu.br\/ppgef\/files\/2020\/11\/Edital-POSDOC2017.pdf\">EDITAL DE SELE\u00c7\u00c3O 2017 DE BOLSISTA PNPD-CAPES<\/a><\/p>\n<p><a href=\"https:\/\/wp.ufpel.edu.br\/ppgef\/files\/2020\/11\/classificacao-final-pos-doc-2017.pdf\">Resultado Final Sele\u00e7\u00e3o 2017 Bolsista PNPD-CAPES<\/a><\/p>\n","protected":false},"excerpt":{"rendered":"<p>O Programa conta atualmente com uma cota de bolsa do Programa Nacional de P\u00f3s-Doutorado (PNPD-CAPES), e a sele\u00e7\u00e3o de bolsista ocorre de acordo com a disponibilidade da bolsa. O \u00faltimo processo de sele\u00e7\u00e3o ocorreu no ano de 2018, e aprovou o Prof. Dr. Eduardo Lucia Caputo. &nbsp; 2018 EDITAL DE SELE\u00c7\u00c3O 2018 DE BOLSISTA PNPD-CAPES [&hellip;]<\/p>\n","protected":false},"author":592,"featured_media":0,"parent":0,"menu_order":0,"comment_status":"closed","ping_status":"closed","template":"","meta":{"footnotes":""},"class_list":["post-2331","page","type-page","status-publish","hentry"],"_links":{"self":[{"href":"https:\/\/wp.ufpel.edu.br\/ppgef\/wp-json\/wp\/v2\/pages\/2331","targetHints":{"allow":["GET"]}}],"collection":[{"href":"https:\/\/wp.ufpel.edu.br\/ppgef\/wp-json\/wp\/v2\/pages"}],"about":[{"href":"https:\/\/wp.ufpel.edu.br\/ppgef\/wp-json\/wp\/v2\/types\/page"}],"author":[{"embeddable":true,"href":"https:\/\/wp.ufpel.edu.br\/ppgef\/wp-json\/wp\/v2\/users\/592"}],"replies":[{"embeddable":true,"href":"https:\/\/wp.ufpel.edu.br\/ppgef\/wp-json\/wp\/v2\/comments?post=2331"}],"version-history":[{"count":1,"href":"https:\/\/wp.ufpel.edu.br\/ppgef\/wp-json\/wp\/v2\/pages\/2331\/revisions"}],"predecessor-version":[{"id":2332,"href":"https:\/\/wp.ufpel.edu.br\/ppgef\/wp-json\/wp\/v2\/pages\/2331\/revisions\/2332"}],"wp:attachment":[{"href":"https:\/\/wp.ufpel.edu.br\/ppgef\/wp-json\/wp\/v2\/media?parent=2331"}],"curies":[{"name":"wp","href":"https:\/\/api.w.org\/{rel}","templated":true}]}}