{"id":22,"date":"2014-04-14T02:55:18","date_gmt":"2014-04-14T02:55:18","guid":{"rendered":"http:\/\/esef.ufpel.edu.br\/ppgef\/?page_id=22"},"modified":"2025-03-24T20:53:37","modified_gmt":"2025-03-24T23:53:37","slug":"noticias","status":"publish","type":"page","link":"https:\/\/wp.ufpel.edu.br\/ppgef\/noticias\/","title":{"rendered":"Not\u00edcias"},"content":{"rendered":"<p><strong>Visita \u00e0 Harvard<\/strong><\/p>\n<p>No m\u00eas de fevereiro de 2025 o coordenador do PPG, professor Marlos Domingues, realizou uma visita t\u00e9cnica \u00e0 regi\u00e3o de Boston (Massachussetts\/USA) para troca de informa\u00e7\u00f5es com pesquisadores e grupos de pesquisa da \u00e1rea de atividade f\u00edsica e sa\u00fade e da \u00e1rea de sa\u00fade materno-infantil.<\/p>\n<p>A viagem foi realizada atrav\u00e9s do programa de internacionaliza\u00e7\u00e3o Capes Print, vinculada ao projeto \u201cObservat\u00f3rio Global de Atividade F\u00edsica\u201d.<\/p>\n<p>Durante a estadia foram visitadas as Universidades de Harvard (Harvard Pilgrim Health Care Institute e Harvard TH Chan School of Public Health), Boston University, Berkelee College of Music e o Instituto de Tecnologia de Massachusetts (M.I.T.), em suas instala\u00e7\u00f5es espalhadas pelas cidades de Cambridge, Boston e Framingham.<\/p>\n<p><a href=\"https:\/\/wp.ufpel.edu.br\/ppgef\/files\/2025\/03\/IMG_1009-scaled.jpg\"><img class=\"alignleft size-medium wp-image-4525\" src=\"https:\/\/wp.ufpel.edu.br\/ppgef\/files\/2025\/03\/IMG_1009-400x400.jpg\" alt=\"\" width=\"400\" height=\"400\" srcset=\"https:\/\/wp.ufpel.edu.br\/ppgef\/files\/2025\/03\/IMG_1009-400x400.jpg 400w, https:\/\/wp.ufpel.edu.br\/ppgef\/files\/2025\/03\/IMG_1009-1024x1024.jpg 1024w, https:\/\/wp.ufpel.edu.br\/ppgef\/files\/2025\/03\/IMG_1009-200x200.jpg 200w, https:\/\/wp.ufpel.edu.br\/ppgef\/files\/2025\/03\/IMG_1009-768x768.jpg 768w, https:\/\/wp.ufpel.edu.br\/ppgef\/files\/2025\/03\/IMG_1009-1536x1536.jpg 1536w, https:\/\/wp.ufpel.edu.br\/ppgef\/files\/2025\/03\/IMG_1009-2048x2048.jpg 2048w\" sizes=\"(max-width: 400px) 100vw, 400px\" \/><\/a><\/p>\n<p>Um dos projetos visitados foi o Viva, coordenado atualmente pela professora Emily Oken. Trata-se de um projeto longitudinal, iniciado em 1999 que acompanha desde a gesta\u00e7\u00e3o mais de 2 mil m\u00e3es e seus filhos, com foco principalmente no estilo de vida (nutri\u00e7\u00e3o e atividade f\u00edsica) e os impactos que estes comportamentos possam ter sobre a sa\u00fade da m\u00e3e (agora se aproximando da velhice) e das crian\u00e7as (j\u00e1 adultos hoje em dia).<\/p>\n<p>O ponto alto da viagem foi a ida \u00e0 cidade de Framingham (1h de Boston), onde est\u00e1 sediado o projeto \u201cFramingham Heart Study\u201d, considerado o mais importante estudo de coorte na \u00e1rea de cardiologia. O estudo longitudinal iniciou em 1948, e acompanha 3 gera\u00e7\u00f5es (aproximadamente 15 mil pais, filhos e netos) sendo respons\u00e1vel por uma infinidade de conceitos em sa\u00fade tidos como \u2018regras\u2019 hoje em dia, mas que nem eram discutidos na d\u00e9cada de 1950. Este estudo por exemplo foi pioneiro em criar o termo \u201cfator de risco\u201d e discutir os impactos que a dieta e exerc\u00edcio, bem como fumo, press\u00e3o alta, obesidade e colesterol alto teriam sobre a sa\u00fade cardiovascular. A pesquisadora Nicole Spartano foi a anfitri\u00e3 nas instala\u00e7\u00f5es da Boston University em Framingham. Ela atualmente foca sua pesquisa no monitoramento da glicemia e como fatores nutricionais e de exerc\u00edcio f\u00edsico atuam neste par\u00e2metro.<\/p>\n<p style=\"text-align: right;\"><a href=\"https:\/\/wp.ufpel.edu.br\/ppgef\/files\/2025\/03\/IMG_1238.jpg\"><img class=\"alignleft size-medium wp-image-4526\" src=\"https:\/\/wp.ufpel.edu.br\/ppgef\/files\/2025\/03\/IMG_1238-400x400.jpg\" alt=\"\" width=\"400\" height=\"400\" srcset=\"https:\/\/wp.ufpel.edu.br\/ppgef\/files\/2025\/03\/IMG_1238-400x400.jpg 400w, https:\/\/wp.ufpel.edu.br\/ppgef\/files\/2025\/03\/IMG_1238-1024x1024.jpg 1024w, https:\/\/wp.ufpel.edu.br\/ppgef\/files\/2025\/03\/IMG_1238-200x200.jpg 200w, https:\/\/wp.ufpel.edu.br\/ppgef\/files\/2025\/03\/IMG_1238-768x768.jpg 768w, https:\/\/wp.ufpel.edu.br\/ppgef\/files\/2025\/03\/IMG_1238-1536x1536.jpg 1536w, https:\/\/wp.ufpel.edu.br\/ppgef\/files\/2025\/03\/IMG_1238-2048x2048.jpg 2048w\" sizes=\"(max-width: 400px) 100vw, 400px\" \/><\/a><\/p>\n<p>Al\u00e9m das visitas aos centros de pesquisa e projetos espec\u00edficos, foi tamb\u00e9m realizada uma reuni\u00e3o com a professora I-Min Lee, uma das mais importantes pesquisadoras do mundo na \u00e1rea de epidemiologia da atividade f\u00edsica e a principal investigadora do Women\u2019s Health Study (uma pesquisa na \u00e1rea de sa\u00fade da mulher, envolvendo mais de 160 mil americanas de todo pa\u00eds). Na ocasi\u00e3o foram discutidos os status atuais dos projetos sendo realizados pela professora Lee e colocadas algumas quest\u00f5es metodol\u00f3gicas e estrat\u00e9gicas que possam ser \u00fateis nas investiga\u00e7\u00f5es com as quais o professor est\u00e1 envolvido, como as Coortes de nascimentos de Pelotas, al\u00e9m de inova\u00e7\u00f5es na \u00e1rea de pesquisa da epidemiologia da atividade f\u00edsica e do exerc\u00edcio f\u00edsico.<\/p>\n","protected":false},"excerpt":{"rendered":"<p>Visita \u00e0 Harvard No m\u00eas de fevereiro de 2025 o coordenador do PPG, professor Marlos Domingues, realizou uma visita t\u00e9cnica \u00e0 regi\u00e3o de Boston (Massachussetts\/USA) para troca de informa\u00e7\u00f5es com pesquisadores e grupos de pesquisa da \u00e1rea de atividade f\u00edsica e sa\u00fade e da \u00e1rea de sa\u00fade materno-infantil. A viagem foi realizada atrav\u00e9s do programa [&hellip;]<\/p>\n","protected":false},"author":592,"featured_media":0,"parent":0,"menu_order":0,"comment_status":"closed","ping_status":"closed","template":"","meta":{"footnotes":""},"class_list":["post-22","page","type-page","status-publish","hentry"],"_links":{"self":[{"href":"https:\/\/wp.ufpel.edu.br\/ppgef\/wp-json\/wp\/v2\/pages\/22","targetHints":{"allow":["GET"]}}],"collection":[{"href":"https:\/\/wp.ufpel.edu.br\/ppgef\/wp-json\/wp\/v2\/pages"}],"about":[{"href":"https:\/\/wp.ufpel.edu.br\/ppgef\/wp-json\/wp\/v2\/types\/page"}],"author":[{"embeddable":true,"href":"https:\/\/wp.ufpel.edu.br\/ppgef\/wp-json\/wp\/v2\/users\/592"}],"replies":[{"embeddable":true,"href":"https:\/\/wp.ufpel.edu.br\/ppgef\/wp-json\/wp\/v2\/comments?post=22"}],"version-history":[{"count":2,"href":"https:\/\/wp.ufpel.edu.br\/ppgef\/wp-json\/wp\/v2\/pages\/22\/revisions"}],"predecessor-version":[{"id":4528,"href":"https:\/\/wp.ufpel.edu.br\/ppgef\/wp-json\/wp\/v2\/pages\/22\/revisions\/4528"}],"wp:attachment":[{"href":"https:\/\/wp.ufpel.edu.br\/ppgef\/wp-json\/wp\/v2\/media?parent=22"}],"curies":[{"name":"wp","href":"https:\/\/api.w.org\/{rel}","templated":true}]}}