{"id":2022,"date":"2020-11-03T11:56:54","date_gmt":"2020-11-03T14:56:54","guid":{"rendered":"https:\/\/wp.ufpel.edu.br\/ppgef\/?page_id=2022"},"modified":"2020-11-03T11:56:54","modified_gmt":"2020-11-03T14:56:54","slug":"aluno-especial","status":"publish","type":"page","link":"https:\/\/wp.ufpel.edu.br\/ppgef\/aluno-especial\/","title":{"rendered":"Aluno Especial"},"content":{"rendered":"<p style=\"text-align: justify\">A sele\u00e7\u00e3o para Aluno Especial \u00e9 feita semestralmente, no m\u00eas anterior ao in\u00edcio das aulas, e voc\u00ea poder\u00e1 cursar at\u00e9 duas disciplinas no semestre. Essa modalidade \u00e9 interessante para aqueles alunos que desejam apenas cursar algumas disciplinas no programa, sem necessidade de ingresso como aluno regular.<\/p>\n<p style=\"text-align: justify\"><strong>Ficou interessado em cursar disciplinas como Aluno Especial no nosso Programa?<\/strong><\/p>\n<p style=\"text-align: justify\">Veja os editais j\u00e1 publicados, separados a cada ano. Acesse\u00a0<strong>PROCESSO SELETIVO &gt; ALUNO ESPECIAL &gt; CLIQUE NO ANO DESEJADO (para visualizar os documentos de sele\u00e7\u00e3o do referido ano)<\/strong><\/p>\n","protected":false},"excerpt":{"rendered":"<p>A sele\u00e7\u00e3o para Aluno Especial \u00e9 feita semestralmente, no m\u00eas anterior ao in\u00edcio das aulas, e voc\u00ea poder\u00e1 cursar at\u00e9 duas disciplinas no semestre. Essa modalidade \u00e9 interessante para aqueles alunos que desejam apenas cursar algumas disciplinas no programa, sem necessidade de ingresso como aluno regular. Ficou interessado em cursar disciplinas como Aluno Especial no [&hellip;]<\/p>\n","protected":false},"author":592,"featured_media":0,"parent":0,"menu_order":0,"comment_status":"closed","ping_status":"closed","template":"","meta":{"footnotes":""},"class_list":["post-2022","page","type-page","status-publish","hentry"],"_links":{"self":[{"href":"https:\/\/wp.ufpel.edu.br\/ppgef\/wp-json\/wp\/v2\/pages\/2022","targetHints":{"allow":["GET"]}}],"collection":[{"href":"https:\/\/wp.ufpel.edu.br\/ppgef\/wp-json\/wp\/v2\/pages"}],"about":[{"href":"https:\/\/wp.ufpel.edu.br\/ppgef\/wp-json\/wp\/v2\/types\/page"}],"author":[{"embeddable":true,"href":"https:\/\/wp.ufpel.edu.br\/ppgef\/wp-json\/wp\/v2\/users\/592"}],"replies":[{"embeddable":true,"href":"https:\/\/wp.ufpel.edu.br\/ppgef\/wp-json\/wp\/v2\/comments?post=2022"}],"version-history":[{"count":1,"href":"https:\/\/wp.ufpel.edu.br\/ppgef\/wp-json\/wp\/v2\/pages\/2022\/revisions"}],"predecessor-version":[{"id":2023,"href":"https:\/\/wp.ufpel.edu.br\/ppgef\/wp-json\/wp\/v2\/pages\/2022\/revisions\/2023"}],"wp:attachment":[{"href":"https:\/\/wp.ufpel.edu.br\/ppgef\/wp-json\/wp\/v2\/media?parent=2022"}],"curies":[{"name":"wp","href":"https:\/\/api.w.org\/{rel}","templated":true}]}}