{"id":2008,"date":"2020-11-03T11:47:58","date_gmt":"2020-11-03T14:47:58","guid":{"rendered":"https:\/\/wp.ufpel.edu.br\/ppgef\/?page_id=2008"},"modified":"2020-11-11T14:34:33","modified_gmt":"2020-11-11T17:34:33","slug":"pos-doutorado","status":"publish","type":"page","link":"https:\/\/wp.ufpel.edu.br\/ppgef\/pos-doutorado\/","title":{"rendered":"P\u00f3s-Doutorado"},"content":{"rendered":"<p>O Programa conta com uma bolsa de P\u00f3s Doutorado, atualmente concedida ao Prof. Dr. Eduardo Lucia Caputo, aprovado no \u00faltimo processo de sele\u00e7\u00e3o realizado no ano de 2018.<\/p>\n<p>O processo de sele\u00e7\u00e3o para ingresso \u00e9 realizado conforme a disponibilidade da bolsa vigente.<\/p>\n<p>O \u00faltimo Edital de Sele\u00e7\u00e3o para Aluno de P\u00f3s-Doutorado pode ser acessado .<\/p>\n<p>J\u00e1 foram alunos de P\u00f3s Doutorado os(as) doutores(as) descritos abaixo:<\/p>\n<p>&nbsp;<\/p>\n","protected":false},"excerpt":{"rendered":"<p>O Programa conta com uma bolsa de P\u00f3s Doutorado, atualmente concedida ao Prof. Dr. Eduardo Lucia Caputo, aprovado no \u00faltimo processo de sele\u00e7\u00e3o realizado no ano de 2018. O processo de sele\u00e7\u00e3o para ingresso \u00e9 realizado conforme a disponibilidade da bolsa vigente. O \u00faltimo Edital de Sele\u00e7\u00e3o para Aluno de P\u00f3s-Doutorado pode ser acessado . [&hellip;]<\/p>\n","protected":false},"author":592,"featured_media":0,"parent":0,"menu_order":0,"comment_status":"closed","ping_status":"closed","template":"","meta":{"footnotes":""},"class_list":["post-2008","page","type-page","status-publish","hentry"],"_links":{"self":[{"href":"https:\/\/wp.ufpel.edu.br\/ppgef\/wp-json\/wp\/v2\/pages\/2008","targetHints":{"allow":["GET"]}}],"collection":[{"href":"https:\/\/wp.ufpel.edu.br\/ppgef\/wp-json\/wp\/v2\/pages"}],"about":[{"href":"https:\/\/wp.ufpel.edu.br\/ppgef\/wp-json\/wp\/v2\/types\/page"}],"author":[{"embeddable":true,"href":"https:\/\/wp.ufpel.edu.br\/ppgef\/wp-json\/wp\/v2\/users\/592"}],"replies":[{"embeddable":true,"href":"https:\/\/wp.ufpel.edu.br\/ppgef\/wp-json\/wp\/v2\/comments?post=2008"}],"version-history":[{"count":3,"href":"https:\/\/wp.ufpel.edu.br\/ppgef\/wp-json\/wp\/v2\/pages\/2008\/revisions"}],"predecessor-version":[{"id":2234,"href":"https:\/\/wp.ufpel.edu.br\/ppgef\/wp-json\/wp\/v2\/pages\/2008\/revisions\/2234"}],"wp:attachment":[{"href":"https:\/\/wp.ufpel.edu.br\/ppgef\/wp-json\/wp\/v2\/media?parent=2008"}],"curies":[{"name":"wp","href":"https:\/\/api.w.org\/{rel}","templated":true}]}}