{"id":723,"date":"2016-08-18T11:59:14","date_gmt":"2016-08-18T14:59:14","guid":{"rendered":"https:\/\/wp.ufpel.edu.br\/ppgecm\/?page_id=723"},"modified":"2016-08-18T12:57:05","modified_gmt":"2016-08-18T15:57:05","slug":"logos","status":"publish","type":"page","link":"https:\/\/wp.ufpel.edu.br\/ppgecm\/logos\/","title":{"rendered":"Logos"},"content":{"rendered":"<p>O Programa de P\u00f3s-Gradua\u00e7\u00e3o em Ensino de Ci\u00eancias e Matem\u00e1tica &#8211; Mestrado Profissional da Universidade Federal de Pelotas \u00e9 um Curso Interunidades, que est\u00e1 sob jurisdi\u00e7\u00e3o administrativa da <a href=\"https:\/\/wp.ufpel.edu.br\/fae\/\" target=\"_blank\">Faculdade de Educa\u00e7\u00e3o<\/a>, mas tamb\u00e9m re\u00fane docentes e utiliza espa\u00e7os f\u00edsicos do <a href=\"http:\/\/ccqfaquimica.wixsite.com\/ufpel\" target=\"_blank\">CCQFA<\/a> (Centro de Ci\u00eancias Qu\u00edmicas, Farmac\u00eauticas e de Alimentos), do <a href=\"https:\/\/wp.ufpel.edu.br\/ib\/\" target=\"_blank\">IB<\/a> (Instituto de Biologia) e do <a href=\"https:\/\/wp.ufpel.edu.br\/ifm\/\" target=\"_blank\">IFM<\/a> (Instituto de F\u00edsica e Matem\u00e1tica).<\/p>\n<p><a href=\"https:\/\/wp.ufpel.edu.br\/ppgecm\/files\/2016\/08\/logos.png\"><img class=\"aligncenter wp-image-739 size-full\" src=\"https:\/\/wp.ufpel.edu.br\/ppgecm\/files\/2016\/08\/logos.png\" alt=\"logos\" width=\"1774\" height=\"340\" srcset=\"https:\/\/wp.ufpel.edu.br\/ppgecm\/files\/2016\/08\/logos.png 1774w, https:\/\/wp.ufpel.edu.br\/ppgecm\/files\/2016\/08\/logos-212x41.png 212w, https:\/\/wp.ufpel.edu.br\/ppgecm\/files\/2016\/08\/logos-424x81.png 424w, https:\/\/wp.ufpel.edu.br\/ppgecm\/files\/2016\/08\/logos-768x147.png 768w\" sizes=\"(max-width: 1774px) 100vw, 1774px\" \/><\/a><\/p>\n","protected":false},"excerpt":{"rendered":"<p>O Programa de P\u00f3s-Gradua\u00e7\u00e3o em Ensino de Ci\u00eancias e Matem\u00e1tica &#8211; Mestrado Profissional da Universidade Federal de Pelotas \u00e9 um Curso Interunidades, que est\u00e1 sob jurisdi\u00e7\u00e3o administrativa da Faculdade de Educa\u00e7\u00e3o, mas tamb\u00e9m re\u00fane docentes e utiliza espa\u00e7os f\u00edsicos do CCQFA (Centro de Ci\u00eancias Qu\u00edmicas, Farmac\u00eauticas e de Alimentos), do IB (Instituto de Biologia) e [&hellip;]<\/p>\n","protected":false},"author":112,"featured_media":0,"parent":0,"menu_order":0,"comment_status":"closed","ping_status":"closed","template":"","meta":{"footnotes":""},"class_list":["post-723","page","type-page","status-publish","hentry"],"yoast_head":"<!-- This site is optimized with the Yoast SEO plugin v26.7 - https:\/\/yoast.com\/wordpress\/plugins\/seo\/ -->\n<title>Logos - Programa de P\u00f3s Gradua\u00e7\u00e3o em Ensino de Ci\u00eancias e Matem\u00e1tica - Mestrado Profissional<\/title>\n<meta name=\"robots\" content=\"index, follow, max-snippet:-1, max-image-preview:large, max-video-preview:-1\" \/>\n<link rel=\"canonical\" href=\"https:\/\/wp.ufpel.edu.br\/ppgecm\/logos\/\" \/>\n<meta property=\"og:locale\" content=\"pt_BR\" \/>\n<meta property=\"og:type\" content=\"article\" \/>\n<meta property=\"og:title\" content=\"Logos - Programa de P\u00f3s Gradua\u00e7\u00e3o em Ensino de Ci\u00eancias e Matem\u00e1tica - Mestrado Profissional\" \/>\n<meta property=\"og:description\" content=\"O Programa de P\u00f3s-Gradua\u00e7\u00e3o em Ensino de Ci\u00eancias e Matem\u00e1tica &#8211; Mestrado Profissional da Universidade Federal de Pelotas \u00e9 um Curso Interunidades, que est\u00e1 sob jurisdi\u00e7\u00e3o administrativa da Faculdade de Educa\u00e7\u00e3o, mas tamb\u00e9m re\u00fane docentes e utiliza espa\u00e7os f\u00edsicos do CCQFA (Centro de Ci\u00eancias Qu\u00edmicas, Farmac\u00eauticas e de Alimentos), do IB (Instituto de Biologia) e [&hellip;]\" \/>\n<meta property=\"og:url\" content=\"https:\/\/wp.ufpel.edu.br\/ppgecm\/logos\/\" \/>\n<meta property=\"og:site_name\" content=\"Programa de P\u00f3s Gradua\u00e7\u00e3o em Ensino de Ci\u00eancias e Matem\u00e1tica - Mestrado Profissional\" \/>\n<meta property=\"article:modified_time\" content=\"2016-08-18T15:57:05+00:00\" \/>\n<meta property=\"og:image\" content=\"https:\/\/wp.ufpel.edu.br\/ppgecm\/files\/2016\/08\/logos.png\" \/>\n<meta name=\"twitter:card\" content=\"summary_large_image\" \/>\n<script type=\"application\/ld+json\" class=\"yoast-schema-graph\">{\"@context\":\"https:\/\/schema.org\",\"@graph\":[{\"@type\":\"WebPage\",\"@id\":\"https:\/\/wp.ufpel.edu.br\/ppgecm\/logos\/\",\"url\":\"https:\/\/wp.ufpel.edu.br\/ppgecm\/logos\/\",\"name\":\"Logos - Programa de P\u00f3s Gradua\u00e7\u00e3o em Ensino de Ci\u00eancias e Matem\u00e1tica - Mestrado Profissional\",\"isPartOf\":{\"@id\":\"https:\/\/wp.ufpel.edu.br\/ppgecm\/#website\"},\"primaryImageOfPage\":{\"@id\":\"https:\/\/wp.ufpel.edu.br\/ppgecm\/logos\/#primaryimage\"},\"image\":{\"@id\":\"https:\/\/wp.ufpel.edu.br\/ppgecm\/logos\/#primaryimage\"},\"thumbnailUrl\":\"https:\/\/wp.ufpel.edu.br\/ppgecm\/files\/2016\/08\/logos.png\",\"datePublished\":\"2016-08-18T14:59:14+00:00\",\"dateModified\":\"2016-08-18T15:57:05+00:00\",\"breadcrumb\":{\"@id\":\"https:\/\/wp.ufpel.edu.br\/ppgecm\/logos\/#breadcrumb\"},\"inLanguage\":\"pt-BR\",\"potentialAction\":[{\"@type\":\"ReadAction\",\"target\":[\"https:\/\/wp.ufpel.edu.br\/ppgecm\/logos\/\"]}]},{\"@type\":\"ImageObject\",\"inLanguage\":\"pt-BR\",\"@id\":\"https:\/\/wp.ufpel.edu.br\/ppgecm\/logos\/#primaryimage\",\"url\":\"https:\/\/wp.ufpel.edu.br\/ppgecm\/files\/2016\/08\/logos.png\",\"contentUrl\":\"https:\/\/wp.ufpel.edu.br\/ppgecm\/files\/2016\/08\/logos.png\",\"width\":1774,\"height\":340},{\"@type\":\"BreadcrumbList\",\"@id\":\"https:\/\/wp.ufpel.edu.br\/ppgecm\/logos\/#breadcrumb\",\"itemListElement\":[{\"@type\":\"ListItem\",\"position\":1,\"name\":\"In\u00edcio\",\"item\":\"https:\/\/wp.ufpel.edu.br\/ppgecm\/\"},{\"@type\":\"ListItem\",\"position\":2,\"name\":\"Logos\"}]},{\"@type\":\"WebSite\",\"@id\":\"https:\/\/wp.ufpel.edu.br\/ppgecm\/#website\",\"url\":\"https:\/\/wp.ufpel.edu.br\/ppgecm\/\",\"name\":\"Programa de P\u00f3s Gradua\u00e7\u00e3o em Ensino de Ci\u00eancias e Matem\u00e1tica - Mestrado Profissional\",\"description\":\"Universidade Federal de Pelotas\",\"potentialAction\":[{\"@type\":\"SearchAction\",\"target\":{\"@type\":\"EntryPoint\",\"urlTemplate\":\"https:\/\/wp.ufpel.edu.br\/ppgecm\/?s={search_term_string}\"},\"query-input\":{\"@type\":\"PropertyValueSpecification\",\"valueRequired\":true,\"valueName\":\"search_term_string\"}}],\"inLanguage\":\"pt-BR\"}]}<\/script>\n<!-- \/ Yoast SEO plugin. -->","yoast_head_json":{"title":"Logos - Programa de P\u00f3s Gradua\u00e7\u00e3o em Ensino de Ci\u00eancias e Matem\u00e1tica - Mestrado Profissional","robots":{"index":"index","follow":"follow","max-snippet":"max-snippet:-1","max-image-preview":"max-image-preview:large","max-video-preview":"max-video-preview:-1"},"canonical":"https:\/\/wp.ufpel.edu.br\/ppgecm\/logos\/","og_locale":"pt_BR","og_type":"article","og_title":"Logos - Programa de P\u00f3s Gradua\u00e7\u00e3o em Ensino de Ci\u00eancias e Matem\u00e1tica - Mestrado Profissional","og_description":"O Programa de P\u00f3s-Gradua\u00e7\u00e3o em Ensino de Ci\u00eancias e Matem\u00e1tica &#8211; Mestrado Profissional da Universidade Federal de Pelotas \u00e9 um Curso Interunidades, que est\u00e1 sob jurisdi\u00e7\u00e3o administrativa da Faculdade de Educa\u00e7\u00e3o, mas tamb\u00e9m re\u00fane docentes e utiliza espa\u00e7os f\u00edsicos do CCQFA (Centro de Ci\u00eancias Qu\u00edmicas, Farmac\u00eauticas e de Alimentos), do IB (Instituto de Biologia) e [&hellip;]","og_url":"https:\/\/wp.ufpel.edu.br\/ppgecm\/logos\/","og_site_name":"Programa de P\u00f3s Gradua\u00e7\u00e3o em Ensino de Ci\u00eancias e Matem\u00e1tica - Mestrado Profissional","article_modified_time":"2016-08-18T15:57:05+00:00","og_image":[{"url":"https:\/\/wp.ufpel.edu.br\/ppgecm\/files\/2016\/08\/logos.png","type":"","width":"","height":""}],"twitter_card":"summary_large_image","schema":{"@context":"https:\/\/schema.org","@graph":[{"@type":"WebPage","@id":"https:\/\/wp.ufpel.edu.br\/ppgecm\/logos\/","url":"https:\/\/wp.ufpel.edu.br\/ppgecm\/logos\/","name":"Logos - Programa de P\u00f3s Gradua\u00e7\u00e3o em Ensino de Ci\u00eancias e Matem\u00e1tica - Mestrado Profissional","isPartOf":{"@id":"https:\/\/wp.ufpel.edu.br\/ppgecm\/#website"},"primaryImageOfPage":{"@id":"https:\/\/wp.ufpel.edu.br\/ppgecm\/logos\/#primaryimage"},"image":{"@id":"https:\/\/wp.ufpel.edu.br\/ppgecm\/logos\/#primaryimage"},"thumbnailUrl":"https:\/\/wp.ufpel.edu.br\/ppgecm\/files\/2016\/08\/logos.png","datePublished":"2016-08-18T14:59:14+00:00","dateModified":"2016-08-18T15:57:05+00:00","breadcrumb":{"@id":"https:\/\/wp.ufpel.edu.br\/ppgecm\/logos\/#breadcrumb"},"inLanguage":"pt-BR","potentialAction":[{"@type":"ReadAction","target":["https:\/\/wp.ufpel.edu.br\/ppgecm\/logos\/"]}]},{"@type":"ImageObject","inLanguage":"pt-BR","@id":"https:\/\/wp.ufpel.edu.br\/ppgecm\/logos\/#primaryimage","url":"https:\/\/wp.ufpel.edu.br\/ppgecm\/files\/2016\/08\/logos.png","contentUrl":"https:\/\/wp.ufpel.edu.br\/ppgecm\/files\/2016\/08\/logos.png","width":1774,"height":340},{"@type":"BreadcrumbList","@id":"https:\/\/wp.ufpel.edu.br\/ppgecm\/logos\/#breadcrumb","itemListElement":[{"@type":"ListItem","position":1,"name":"In\u00edcio","item":"https:\/\/wp.ufpel.edu.br\/ppgecm\/"},{"@type":"ListItem","position":2,"name":"Logos"}]},{"@type":"WebSite","@id":"https:\/\/wp.ufpel.edu.br\/ppgecm\/#website","url":"https:\/\/wp.ufpel.edu.br\/ppgecm\/","name":"Programa de P\u00f3s Gradua\u00e7\u00e3o em Ensino de Ci\u00eancias e Matem\u00e1tica - Mestrado Profissional","description":"Universidade Federal de Pelotas","potentialAction":[{"@type":"SearchAction","target":{"@type":"EntryPoint","urlTemplate":"https:\/\/wp.ufpel.edu.br\/ppgecm\/?s={search_term_string}"},"query-input":{"@type":"PropertyValueSpecification","valueRequired":true,"valueName":"search_term_string"}}],"inLanguage":"pt-BR"}]}},"_links":{"self":[{"href":"https:\/\/wp.ufpel.edu.br\/ppgecm\/wp-json\/wp\/v2\/pages\/723","targetHints":{"allow":["GET"]}}],"collection":[{"href":"https:\/\/wp.ufpel.edu.br\/ppgecm\/wp-json\/wp\/v2\/pages"}],"about":[{"href":"https:\/\/wp.ufpel.edu.br\/ppgecm\/wp-json\/wp\/v2\/types\/page"}],"author":[{"embeddable":true,"href":"https:\/\/wp.ufpel.edu.br\/ppgecm\/wp-json\/wp\/v2\/users\/112"}],"replies":[{"embeddable":true,"href":"https:\/\/wp.ufpel.edu.br\/ppgecm\/wp-json\/wp\/v2\/comments?post=723"}],"version-history":[{"count":10,"href":"https:\/\/wp.ufpel.edu.br\/ppgecm\/wp-json\/wp\/v2\/pages\/723\/revisions"}],"predecessor-version":[{"id":741,"href":"https:\/\/wp.ufpel.edu.br\/ppgecm\/wp-json\/wp\/v2\/pages\/723\/revisions\/741"}],"wp:attachment":[{"href":"https:\/\/wp.ufpel.edu.br\/ppgecm\/wp-json\/wp\/v2\/media?parent=723"}],"curies":[{"name":"wp","href":"https:\/\/api.w.org\/{rel}","templated":true}]}}

<p>O Programa de Pós-Graduação em Ensino de Ciências e Matemática &#8211; Mestrado Profissional da Universidade Federal de Pelotas é um Curso Interunidades, que está sob jurisdição administrativa da <a href="https://wp.ufpel.edu.br/fae/" target="_blank">Faculdade de Educação</a>, mas também reúne docentes e utiliza espaços físicos do <a href="http://ccqfaquimica.wixsite.com/ufpel" target="_blank">CCQFA</a> (Centro de Ciências Químicas, Farmacêuticas e de Alimentos), do <a href="https://wp.ufpel.edu.br/ib/" target="_blank">IB</a> (Instituto de Biologia) e do <a href="https://wp.ufpel.edu.br/ifm/" target="_blank">IFM</a> (Instituto de Física e Matemática).</p>
<p><a href="https://wp.ufpel.edu.br/ppgecm/files/2016/08/logos.png"><img class="aligncenter wp-image-739 size-full" src="https://wp.ufpel.edu.br/ppgecm/files/2016/08/logos.png" alt="logos" width="1774" height="340" srcset="https://wp.ufpel.edu.br/ppgecm/files/2016/08/logos.png 1774w, https://wp.ufpel.edu.br/ppgecm/files/2016/08/logos-212x41.png 212w, https://wp.ufpel.edu.br/ppgecm/files/2016/08/logos-424x81.png 424w, https://wp.ufpel.edu.br/ppgecm/files/2016/08/logos-768x147.png 768w" sizes="(max-width: 1774px) 100vw, 1774px" /></a></p>

<p>O Programa de Pós-Graduação em Ensino de Ciências e Matemática &#8211; Mestrado Profissional da Universidade Federal de Pelotas é um Curso Interunidades, que está sob jurisdição administrativa da Faculdade de Educação, mas também reúne docentes e utiliza espaços físicos do CCQFA (Centro de Ciências Químicas, Farmacêuticas e de Alimentos), do IB (Instituto de Biologia) e [&hellip;]</p>

<!-- This site is optimized with the Yoast SEO plugin v26.7 - https://yoast.com/wordpress/plugins/seo/ -->
<title>Logos - Programa de Pós Graduação em Ensino de Ciências e Matemática - Mestrado Profissional</title>
<meta name="robots" content="index, follow, max-snippet:-1, max-image-preview:large, max-video-preview:-1" />
<link rel="canonical" href="https://wp.ufpel.edu.br/ppgecm/logos/" />
<meta property="og:locale" content="pt_BR" />
<meta property="og:type" content="article" />
<meta property="og:title" content="Logos - Programa de Pós Graduação em Ensino de Ciências e Matemática - Mestrado Profissional" />
<meta property="og:description" content="O Programa de Pós-Graduação em Ensino de Ciências e Matemática &#8211; Mestrado Profissional da Universidade Federal de Pelotas é um Curso Interunidades, que está sob jurisdição administrativa da Faculdade de Educação, mas também reúne docentes e utiliza espaços físicos do CCQFA (Centro de Ciências Químicas, Farmacêuticas e de Alimentos), do IB (Instituto de Biologia) e [&hellip;]" />
<meta property="og:url" content="https://wp.ufpel.edu.br/ppgecm/logos/" />
<meta property="og:site_name" content="Programa de Pós Graduação em Ensino de Ciências e Matemática - Mestrado Profissional" />
<meta property="article:modified_time" content="2016-08-18T15:57:05+00:00" />
<meta property="og:image" content="https://wp.ufpel.edu.br/ppgecm/files/2016/08/logos.png" />
<meta name="twitter:card" content="summary_large_image" />
<script type="application/ld+json" class="yoast-schema-graph">{"@context":"https://schema.org","@graph":[{"@type":"WebPage","@id":"https://wp.ufpel.edu.br/ppgecm/logos/","url":"https://wp.ufpel.edu.br/ppgecm/logos/","name":"Logos - Programa de Pós Graduação em Ensino de Ciências e Matemática - Mestrado Profissional","isPartOf":{"@id":"https://wp.ufpel.edu.br/ppgecm/#website"},"primaryImageOfPage":{"@id":"https://wp.ufpel.edu.br/ppgecm/logos/#primaryimage"},"image":{"@id":"https://wp.ufpel.edu.br/ppgecm/logos/#primaryimage"},"thumbnailUrl":"https://wp.ufpel.edu.br/ppgecm/files/2016/08/logos.png","datePublished":"2016-08-18T14:59:14+00:00","dateModified":"2016-08-18T15:57:05+00:00","breadcrumb":{"@id":"https://wp.ufpel.edu.br/ppgecm/logos/#breadcrumb"},"inLanguage":"pt-BR","potentialAction":[{"@type":"ReadAction","target":["https://wp.ufpel.edu.br/ppgecm/logos/"]}]},{"@type":"ImageObject","inLanguage":"pt-BR","@id":"https://wp.ufpel.edu.br/ppgecm/logos/#primaryimage","url":"https://wp.ufpel.edu.br/ppgecm/files/2016/08/logos.png","contentUrl":"https://wp.ufpel.edu.br/ppgecm/files/2016/08/logos.png","width":1774,"height":340},{"@type":"BreadcrumbList","@id":"https://wp.ufpel.edu.br/ppgecm/logos/#breadcrumb","itemListElement":[{"@type":"ListItem","position":1,"name":"Início","item":"https://wp.ufpel.edu.br/ppgecm/"},{"@type":"ListItem","position":2,"name":"Logos"}]},{"@type":"WebSite","@id":"https://wp.ufpel.edu.br/ppgecm/#website","url":"https://wp.ufpel.edu.br/ppgecm/","name":"Programa de Pós Graduação em Ensino de Ciências e Matemática - Mestrado Profissional","description":"Universidade Federal de Pelotas","potentialAction":[{"@type":"SearchAction","target":{"@type":"EntryPoint","urlTemplate":"https://wp.ufpel.edu.br/ppgecm/?s={search_term_string}"},"query-input":{"@type":"PropertyValueSpecification","valueRequired":true,"valueName":"search_term_string"}}],"inLanguage":"pt-BR"}]}</script>
<!-- / Yoast SEO plugin. -->

Logos - Programa de Pós Graduação em Ensino de Ciências e Matemática - Mestrado Profissional

O Programa de Pós-Graduação em Ensino de Ciências e Matemática &#8211; Mestrado Profissional da Universidade Federal de Pelotas é um Curso Interunidades, que está sob jurisdição administrativa da Faculdade de Educação, mas também reúne docentes e utiliza espaços físicos do CCQFA (Centro de Ciências Químicas, Farmacêuticas e de Alimentos), do IB (Instituto de Biologia) e [&hellip;]

Programa de Pós Graduação em Ensino de Ciências e Matemática - Mestrado Profissional

Início
