{"id":2608,"date":"2022-10-17T11:11:16","date_gmt":"2022-10-17T14:11:16","guid":{"rendered":"https:\/\/wp.ufpel.edu.br\/ppgecm\/?page_id=2608"},"modified":"2025-09-26T16:44:28","modified_gmt":"2025-09-26T19:44:28","slug":"defesas-2022","status":"publish","type":"page","link":"https:\/\/wp.ufpel.edu.br\/ppgecm\/dissertacoes-e-produtos\/defesas-2022\/","title":{"rendered":"Defesas 2022"},"content":{"rendered":"<table style=\"height: 299px; background-color: #ffffff;\" border=\"0\" cellspacing=\"8\" cellpadding=\"0\">\n<tbody>\n<tr>\n<td style=\"background-color: #c4bdc9; text-align: justify; width: 721px;\"><span class=\"text12\"><strong>122. Adriana Mello Almeida Martins<\/strong> &#8211; Defendeu em 08\/12\/2022<br \/>\n<em><strong>Uma Pr\u00e1tica Docente Antirracista<\/strong>. <\/em><span style=\"font-family: inherit; font-size: inherit;\">P<\/span><span style=\"font-family: inherit; font-size: inherit;\">alavras-chave: Forma\u00e7\u00e3o de Professores; Pr\u00e1tica Pedag\u00f3gica; Antirracismo.<\/span><br \/>\nOrienta\u00e7\u00e3o: Prof.\u00aa Dr.\u00aa Maria Simone Debacco<br \/>\n<a href=\"https:\/\/guaiaca.ufpel.edu.br\/handle\/prefix\/9557\" target=\"_blank\" rel=\"noopener\">Reposit\u00f3rio Institucional da UFPel (Disserta\u00e7\u00e3o e Produto)<\/a><\/span><\/td>\n<\/tr>\n<tr>\n<td style=\"background-color: #ffffff; text-align: justify; width: 721px; height: 120px;\"><span class=\"text12\"><strong>121. D\u00e9bora Mar\u00edlia Hauenstein<\/strong> &#8211; Defendeu em 23\/08\/2022<strong><br \/>\n<strong style=\"font-family: inherit; font-size: inherit;\"><em>Ensino de geometria anal\u00edtica auxiliado pela geometria computacional : uma sequ\u00eancia did\u00e1tica desenvolvida com o uso do geogebra. <\/em><\/strong><\/strong><span style=\"font-family: inherit; font-size: inherit;\">P<\/span><span style=\"font-family: inherit; font-size: inherit;\">alavras-chave: Forma\u00e7\u00e3o inicial de professores; Dimens\u00e3o interdisciplinar; Est\u00e1gio supervisionado.<\/span><br \/>\nOrienta\u00e7\u00e3o: Prof. Dr. Andr\u00e9 Luis Andrejew Ferreira<br \/>\n<a href=\"http:\/\/guaiaca.ufpel.edu.br\/handle\/prefix\/8699\" target=\"_blank\" rel=\"noopener\">Reposit\u00f3rio Institucional da UFPel (Disserta\u00e7\u00e3o e Produto)<\/a><\/span><\/td>\n<\/tr>\n<tr>\n<td style=\"background-color: #c4bdc9; text-align: justify; width: 721px; height: 120px;\"><span class=\"text12\"><strong>120. Jo\u00e9lcio Rosa da Silva J\u00fanior <\/strong>&#8211; Defendeu em 13\/06\/2022<strong><br \/>\n<strong style=\"font-family: inherit; font-size: inherit;\"><em>A Interdisciplinaridade no processo de Forma\u00e7\u00e3o de Professores em Cursos de Licenciatura em Qu\u00edmica e em Ci\u00eancias Biol\u00f3gicas da Universidade Federal de Pelotas. <\/em><\/strong><\/strong><span style=\"font-family: inherit; font-size: inherit;\">Palavras-chave: Forma\u00e7\u00e3o inicial de professores. Dimens\u00e3o interdisciplinar. Est\u00e1gio supervisionado.<\/span><br \/>\nOrienta\u00e7\u00e3o: Prof\u00aa. Dr\u00aa. Maira Ferreira<\/span><span class=\"text12\"><br \/>\n<a href=\"http:\/\/guaiaca.ufpel.edu.br\/handle\/prefix\/8700\" target=\"_blank\" rel=\"noopener\">Reposit\u00f3rio Institucional da UFPel (Disserta\u00e7\u00e3o e Produto)<\/a><\/span><\/td>\n<\/tr>\n<tr>\n<td style=\"background-color: #ffffff; text-align: justify; width: 721px; height: 120px;\"><span class=\"text12\"><strong>119. M\u00e1rcia Helena de Oliveira Tarouco <\/strong>&#8211; Defendeu em 31\/05\/2022<strong><br \/>\n<strong style=\"font-family: inherit; font-size: inherit;\"><em>Contribui\u00e7\u00f5es de um Curso na modalidade EAD no processo de Forma\u00e7\u00e3o Continuada de professores que ensinam Matem\u00e1tica nos Anos Iniciais. <\/em><\/strong><\/strong><span style=\"font-family: inherit; font-size: inherit;\">Palavras-chave: Matem\u00e1tica; Anos Iniciais; Forma\u00e7\u00e3o Continuada; Ensino remoto.<\/span><br \/>\nOrienta\u00e7\u00e3o: Prof. Dr. Ant\u00f4nio Maur\u00edcio Medeiros Alves<br \/>\n<a href=\"http:\/\/guaiaca.ufpel.edu.br\/handle\/prefix\/8702\" target=\"_blank\" rel=\"noopener\">Reposit\u00f3rio Institucional da UFPel (Disserta\u00e7\u00e3o e Produto)<\/a><\/span><\/td>\n<\/tr>\n<tr>\n<td style=\"background-color: #c4bdc9; text-align: justify; width: 721px; height: 120px;\"><span class=\"text12\"><strong>118. Katia Rosane Machado<\/strong> &#8211; Defendeu em 24\/05\/2022<strong><br \/>\n<strong style=\"font-family: inherit; font-size: inherit;\"><em>A Media\u00e7\u00e3o das Tecnologias Digitais (TD) no Ensino Remoto para a Aprendizagem Significativa em Educa\u00e7\u00e3o Matem\u00e1tica. <\/em><\/strong><\/strong><span style=\"font-family: inherit; font-size: inherit;\">Palavras-chave: TD no ensino de Porcentagem; Educa\u00e7\u00e3o Financeira no ensino fundamental; Aprendizagem Significativa da Porcentagem e conceitos<br \/>\nsubsun\u00e7ores; Tipos de Aprendizagem Significativa.<\/span><br \/>\nOrienta\u00e7\u00e3o: Prof. Dr. Andr\u00e9 Luis Andrejew Ferreira<br \/>\n<a href=\"http:\/\/guaiaca.ufpel.edu.br\/handle\/prefix\/8701\" target=\"_blank\" rel=\"noopener\">Reposit\u00f3rio Institucional da UFPel (Disserta\u00e7\u00e3o e Produto)<\/a><\/span><\/td>\n<\/tr>\n<tr>\n<td style=\"background-color: #ffffff; text-align: justify; width: 721px; height: 120px;\"><span class=\"text12\"><strong>117. Janaina Vieira De Lara<\/strong><strong>\u00a0<\/strong> &#8211; Defendeu em 06\/05\/2022<\/span><br \/>\n<span class=\"text12\"><strong style=\"font-family: inherit; font-size: inherit;\"><em><strong>Ensino de Ci\u00eancias: Estrat\u00e9gias metodol\u00f3gicas voltadas para alunos com Transtorno Do Espectro Autista em tempos de pandemia.<\/strong> <\/em><\/strong><span style=\"font-family: inherit; font-size: inherit;\">Palavras-chave: ensino de ci\u00eancias; transtorno do espectro autista; estrat\u00e9gias metodol\u00f3gicas; educa\u00e7\u00e3o inclusiva.<\/span><br \/>\n<\/span><span class=\"text12\">Orienta\u00e7\u00e3o: Prof\u00aa. Dr\u00aa. Rita de C\u00e1ssia Morem C\u00f3ssio Rodriguez<br \/>\n<a href=\"http:\/\/guaiaca.ufpel.edu.br\/handle\/prefix\/8496\" target=\"_blank\" rel=\"noopener\">Reposit\u00f3rio Institucional da UFPel (Disserta\u00e7\u00e3o e Produto)<\/a>\u00a0<\/span><\/td>\n<\/tr>\n<tr>\n<td style=\"background-color: #c4bdc9; text-align: justify; width: 721px; height: 120px;\"><strong>116. Ver\u00f4nica Porto Gayer<\/strong>\u00a0<strong>&#8211; <\/strong>Defendeu em 30\/03\/2022<br \/>\n<em><strong><b>A Concep\u00e7\u00e3o de Ci\u00eancia dos Egressos do Curso de Ci\u00eancias Biol\u00f3gicas Licenciatura da Universidade Federal de Pelotas: rupturas e tensionamentos . <\/b><\/strong><\/em>Palavras-chave: Concep\u00e7\u00e3o de Ci\u00eancia; Ruptura Paradigm\u00e1tica; Forma\u00e7\u00e3o Inicial; Ensino de Ci\u00eancias.<br \/>\nOrienta\u00e7\u00e3o: Prof. Dr. Lui N\u00f6rnberg<br \/>\n<a href=\"http:\/\/guaiaca.ufpel.edu.br\/handle\/prefix\/8574\" target=\"_blank\" rel=\"noopener\"><span class=\"text12\">Reposit\u00f3rio Institucional da UFPel (Disserta\u00e7\u00e3o e Produto)<\/span><\/a><\/td>\n<\/tr>\n<tr>\n<td style=\"background-color: #ffffff; width: 721px; height: 120px;\"><span class=\"text12\"><strong>115. Daniele Ritta Menezes<\/strong> &#8211; Defendeu em 30\/03\/2022<strong><br \/>\n<em>Aprendizagem Baseada em Projeto: aprender geometria a partir da prepara\u00e7\u00e3o de<br \/>\numa horta. <\/em><\/strong>Palavras-chave: Aprendizagem Baseada em Projetos; Metodologia Ativa;<br \/>\nMatem\u00e1tica; Teoria S\u00f3cio-Hist\u00f3rico-Cultural.<\/span><br \/>\n<span class=\"text12\">Orienta\u00e7\u00e3o: Prof\u00aa. Dr\u00aa. Maria Simone Debacco<\/span><br \/>\n<a href=\"http:\/\/guaiaca.ufpel.edu.br\/handle\/prefix\/8575\" target=\"_blank\" rel=\"noopener\"><span class=\"text12\">Reposit\u00f3rio Institucional da UFPel (Disserta\u00e7\u00e3o e Produto)<\/span><\/a><\/td>\n<\/tr>\n<tr>\n<td style=\"background-color: #c4bdc9; width: 721px;\"><span class=\"text12\"><strong>114. Evanir Erdmann &#8211; <\/strong>Defendeu em 11\/03\/2022<strong><br \/>\n<em><b>Da aritm\u00e9tica \u00e0 geometria: a educa\u00e7\u00e3o do olhar entre aprendizagens l\u00fadicas e fotogr\u00e1ficas. <\/b><\/em><\/strong>Palavras-chave: Metodologia Ativa; Aprendizagem Criativa; Geometria; Fotografia;<br \/>\nEduca\u00e7\u00e3o do olhar.<br \/>\nOrienta\u00e7\u00e3o: Prof\u00aa. Dr\u00aa. Ros\u00e1ria Ilgenfritz Sperotto<br \/>\n<a href=\"http:\/\/guaiaca.ufpel.edu.br\/handle\/prefix\/8801\" target=\"_blank\" rel=\"noopener\">Reposit\u00f3rio Institucional da UFPel (Disserta\u00e7\u00e3o e Produto)<\/a><\/span><span class=\"text12\"><strong><br \/>\n<\/strong><\/span><\/td>\n<\/tr>\n<tr>\n<td style=\"background-color: #ffffff; width: 721px;\"><span class=\"text12\"><strong>113. Thaiane Silveira Carrasco <\/strong>&#8211; Defendeu em 04\/03\/2022<strong><br \/>\n<em> Percep\u00e7\u00f5es sobre a utiliza\u00e7\u00e3o de v\u00eddeos de atividades experimentais no ensino remoto de qu\u00edmica para o ensino m\u00e9dio. <\/em><\/strong>Palavras-chave: V\u00eddeos; Atividade Experimental; Ensino de Qu\u00edmica; Metodologias de Ensino; ERE.<strong><br \/>\n<\/strong>Orienta\u00e7\u00e3o: Prof\u00aa. Dr\u00aa. Alzira Yamasaki<br \/>\n<a href=\"http:\/\/guaiaca.ufpel.edu.br\/handle\/prefix\/8336\" target=\"_blank\" rel=\"noopener\">Reposit\u00f3rio Institucional da UFPel (Disserta\u00e7\u00e3o e Produto)<\/a><\/span><\/td>\n<\/tr>\n<tr>\n<td style=\"background-color: #c4bdc9; width: 721px; height: 120px;\"><span class=\"text12\"><strong>112. <\/strong><strong>Andreia de F\u00e1tima Netto Barcellos<\/strong> &#8211; Defendeu em 24\/02\/2022<br \/>\n<em><strong>Kahoot!: Uma Interven\u00e7\u00e3o Pedag\u00f3gica para o Ensino de Matem\u00e1tica nos Anos Finais do Ensino Fundamental.<\/strong> <\/em>Palavras-chave: Forma\u00e7\u00e3o; Kahoot!; Matem\u00e1tica; Tecnologia.<br \/>\nOrienta\u00e7\u00e3o: Prof\u00aa. Dr\u00aa. Ros\u00e1ria Ilgenfritz Sperotto<\/span><br \/>\n<span class=\"text12\">Co-orienta\u00e7\u00e3o: Prof\u00aa. Dr\u00aa. Rozane da Silveira Alves<br \/>\n<a href=\"http:\/\/guaiaca.ufpel.edu.br\/handle\/prefix\/8497\" target=\"_blank\" rel=\"noopener\">Reposit\u00f3rio Institucional da UFPel (Disserta\u00e7\u00e3o e Produto)<\/a><\/span><\/td>\n<\/tr>\n<\/tbody>\n<\/table>\n<p>&nbsp;<\/p>\n","protected":false},"excerpt":{"rendered":"<p>122. Adriana Mello Almeida Martins &#8211; Defendeu em 08\/12\/2022 Uma Pr\u00e1tica Docente Antirracista. Palavras-chave: Forma\u00e7\u00e3o de Professores; Pr\u00e1tica Pedag\u00f3gica; Antirracismo. Orienta\u00e7\u00e3o: Prof.\u00aa Dr.\u00aa Maria Simone Debacco Reposit\u00f3rio Institucional da UFPel (Disserta\u00e7\u00e3o e Produto) 121. D\u00e9bora Mar\u00edlia Hauenstein &#8211; Defendeu em 23\/08\/2022 Ensino de geometria anal\u00edtica auxiliado pela geometria computacional : uma sequ\u00eancia did\u00e1tica desenvolvida com [&hellip;]<\/p>\n","protected":false},"author":112,"featured_media":0,"parent":461,"menu_order":0,"comment_status":"closed","ping_status":"closed","template":"","meta":{"footnotes":""},"class_list":["post-2608","page","type-page","status-publish","hentry"],"yoast_head":"<!-- This site is optimized with the Yoast SEO plugin v26.7 - https:\/\/yoast.com\/wordpress\/plugins\/seo\/ -->\n<title>Defesas 2022 - Programa de P\u00f3s Gradua\u00e7\u00e3o em Ensino de Ci\u00eancias e Matem\u00e1tica - Mestrado Profissional<\/title>\n<meta name=\"robots\" content=\"index, follow, max-snippet:-1, max-image-preview:large, max-video-preview:-1\" \/>\n<link rel=\"canonical\" href=\"https:\/\/wp.ufpel.edu.br\/ppgecm\/dissertacoes-e-produtos\/defesas-2022\/\" \/>\n<meta property=\"og:locale\" content=\"pt_BR\" \/>\n<meta property=\"og:type\" content=\"article\" \/>\n<meta property=\"og:title\" content=\"Defesas 2022 - Programa de P\u00f3s Gradua\u00e7\u00e3o em Ensino de Ci\u00eancias e Matem\u00e1tica - Mestrado Profissional\" \/>\n<meta property=\"og:description\" content=\"122. Adriana Mello Almeida Martins &#8211; Defendeu em 08\/12\/2022 Uma Pr\u00e1tica Docente Antirracista. Palavras-chave: Forma\u00e7\u00e3o de Professores; Pr\u00e1tica Pedag\u00f3gica; Antirracismo. Orienta\u00e7\u00e3o: Prof.\u00aa Dr.\u00aa Maria Simone Debacco Reposit\u00f3rio Institucional da UFPel (Disserta\u00e7\u00e3o e Produto) 121. D\u00e9bora Mar\u00edlia Hauenstein &#8211; Defendeu em 23\/08\/2022 Ensino de geometria anal\u00edtica auxiliado pela geometria computacional : uma sequ\u00eancia did\u00e1tica desenvolvida com [&hellip;]\" \/>\n<meta property=\"og:url\" content=\"https:\/\/wp.ufpel.edu.br\/ppgecm\/dissertacoes-e-produtos\/defesas-2022\/\" \/>\n<meta property=\"og:site_name\" content=\"Programa de P\u00f3s Gradua\u00e7\u00e3o em Ensino de Ci\u00eancias e Matem\u00e1tica - Mestrado Profissional\" \/>\n<meta property=\"article:modified_time\" content=\"2025-09-26T19:44:28+00:00\" \/>\n<meta name=\"twitter:card\" content=\"summary_large_image\" \/>\n<meta name=\"twitter:label1\" content=\"Est. tempo de leitura\" \/>\n\t<meta name=\"twitter:data1\" content=\"3 minutos\" \/>\n<script type=\"application\/ld+json\" class=\"yoast-schema-graph\">{\"@context\":\"https:\/\/schema.org\",\"@graph\":[{\"@type\":\"WebPage\",\"@id\":\"https:\/\/wp.ufpel.edu.br\/ppgecm\/dissertacoes-e-produtos\/defesas-2022\/\",\"url\":\"https:\/\/wp.ufpel.edu.br\/ppgecm\/dissertacoes-e-produtos\/defesas-2022\/\",\"name\":\"Defesas 2022 - Programa de P\u00f3s Gradua\u00e7\u00e3o em Ensino de Ci\u00eancias e Matem\u00e1tica - Mestrado Profissional\",\"isPartOf\":{\"@id\":\"https:\/\/wp.ufpel.edu.br\/ppgecm\/#website\"},\"datePublished\":\"2022-10-17T14:11:16+00:00\",\"dateModified\":\"2025-09-26T19:44:28+00:00\",\"breadcrumb\":{\"@id\":\"https:\/\/wp.ufpel.edu.br\/ppgecm\/dissertacoes-e-produtos\/defesas-2022\/#breadcrumb\"},\"inLanguage\":\"pt-BR\",\"potentialAction\":[{\"@type\":\"ReadAction\",\"target\":[\"https:\/\/wp.ufpel.edu.br\/ppgecm\/dissertacoes-e-produtos\/defesas-2022\/\"]}]},{\"@type\":\"BreadcrumbList\",\"@id\":\"https:\/\/wp.ufpel.edu.br\/ppgecm\/dissertacoes-e-produtos\/defesas-2022\/#breadcrumb\",\"itemListElement\":[{\"@type\":\"ListItem\",\"position\":1,\"name\":\"In\u00edcio\",\"item\":\"https:\/\/wp.ufpel.edu.br\/ppgecm\/\"},{\"@type\":\"ListItem\",\"position\":2,\"name\":\"Disserta\u00e7\u00f5es e Produtos Educacionais\",\"item\":\"https:\/\/wp.ufpel.edu.br\/ppgecm\/dissertacoes-e-produtos\/\"},{\"@type\":\"ListItem\",\"position\":3,\"name\":\"Defesas 2022\"}]},{\"@type\":\"WebSite\",\"@id\":\"https:\/\/wp.ufpel.edu.br\/ppgecm\/#website\",\"url\":\"https:\/\/wp.ufpel.edu.br\/ppgecm\/\",\"name\":\"Programa de P\u00f3s Gradua\u00e7\u00e3o em Ensino de Ci\u00eancias e Matem\u00e1tica - Mestrado Profissional\",\"description\":\"Universidade Federal de Pelotas\",\"potentialAction\":[{\"@type\":\"SearchAction\",\"target\":{\"@type\":\"EntryPoint\",\"urlTemplate\":\"https:\/\/wp.ufpel.edu.br\/ppgecm\/?s={search_term_string}\"},\"query-input\":{\"@type\":\"PropertyValueSpecification\",\"valueRequired\":true,\"valueName\":\"search_term_string\"}}],\"inLanguage\":\"pt-BR\"}]}<\/script>\n<!-- \/ Yoast SEO plugin. -->","yoast_head_json":{"title":"Defesas 2022 - Programa de P\u00f3s Gradua\u00e7\u00e3o em Ensino de Ci\u00eancias e Matem\u00e1tica - Mestrado Profissional","robots":{"index":"index","follow":"follow","max-snippet":"max-snippet:-1","max-image-preview":"max-image-preview:large","max-video-preview":"max-video-preview:-1"},"canonical":"https:\/\/wp.ufpel.edu.br\/ppgecm\/dissertacoes-e-produtos\/defesas-2022\/","og_locale":"pt_BR","og_type":"article","og_title":"Defesas 2022 - Programa de P\u00f3s Gradua\u00e7\u00e3o em Ensino de Ci\u00eancias e Matem\u00e1tica - Mestrado Profissional","og_description":"122. Adriana Mello Almeida Martins &#8211; Defendeu em 08\/12\/2022 Uma Pr\u00e1tica Docente Antirracista. Palavras-chave: Forma\u00e7\u00e3o de Professores; Pr\u00e1tica Pedag\u00f3gica; Antirracismo. Orienta\u00e7\u00e3o: Prof.\u00aa Dr.\u00aa Maria Simone Debacco Reposit\u00f3rio Institucional da UFPel (Disserta\u00e7\u00e3o e Produto) 121. D\u00e9bora Mar\u00edlia Hauenstein &#8211; Defendeu em 23\/08\/2022 Ensino de geometria anal\u00edtica auxiliado pela geometria computacional : uma sequ\u00eancia did\u00e1tica desenvolvida com [&hellip;]","og_url":"https:\/\/wp.ufpel.edu.br\/ppgecm\/dissertacoes-e-produtos\/defesas-2022\/","og_site_name":"Programa de P\u00f3s Gradua\u00e7\u00e3o em Ensino de Ci\u00eancias e Matem\u00e1tica - Mestrado Profissional","article_modified_time":"2025-09-26T19:44:28+00:00","twitter_card":"summary_large_image","twitter_misc":{"Est. tempo de leitura":"3 minutos"},"schema":{"@context":"https:\/\/schema.org","@graph":[{"@type":"WebPage","@id":"https:\/\/wp.ufpel.edu.br\/ppgecm\/dissertacoes-e-produtos\/defesas-2022\/","url":"https:\/\/wp.ufpel.edu.br\/ppgecm\/dissertacoes-e-produtos\/defesas-2022\/","name":"Defesas 2022 - Programa de P\u00f3s Gradua\u00e7\u00e3o em Ensino de Ci\u00eancias e Matem\u00e1tica - Mestrado Profissional","isPartOf":{"@id":"https:\/\/wp.ufpel.edu.br\/ppgecm\/#website"},"datePublished":"2022-10-17T14:11:16+00:00","dateModified":"2025-09-26T19:44:28+00:00","breadcrumb":{"@id":"https:\/\/wp.ufpel.edu.br\/ppgecm\/dissertacoes-e-produtos\/defesas-2022\/#breadcrumb"},"inLanguage":"pt-BR","potentialAction":[{"@type":"ReadAction","target":["https:\/\/wp.ufpel.edu.br\/ppgecm\/dissertacoes-e-produtos\/defesas-2022\/"]}]},{"@type":"BreadcrumbList","@id":"https:\/\/wp.ufpel.edu.br\/ppgecm\/dissertacoes-e-produtos\/defesas-2022\/#breadcrumb","itemListElement":[{"@type":"ListItem","position":1,"name":"In\u00edcio","item":"https:\/\/wp.ufpel.edu.br\/ppgecm\/"},{"@type":"ListItem","position":2,"name":"Disserta\u00e7\u00f5es e Produtos Educacionais","item":"https:\/\/wp.ufpel.edu.br\/ppgecm\/dissertacoes-e-produtos\/"},{"@type":"ListItem","position":3,"name":"Defesas 2022"}]},{"@type":"WebSite","@id":"https:\/\/wp.ufpel.edu.br\/ppgecm\/#website","url":"https:\/\/wp.ufpel.edu.br\/ppgecm\/","name":"Programa de P\u00f3s Gradua\u00e7\u00e3o em Ensino de Ci\u00eancias e Matem\u00e1tica - Mestrado Profissional","description":"Universidade Federal de Pelotas","potentialAction":[{"@type":"SearchAction","target":{"@type":"EntryPoint","urlTemplate":"https:\/\/wp.ufpel.edu.br\/ppgecm\/?s={search_term_string}"},"query-input":{"@type":"PropertyValueSpecification","valueRequired":true,"valueName":"search_term_string"}}],"inLanguage":"pt-BR"}]}},"_links":{"self":[{"href":"https:\/\/wp.ufpel.edu.br\/ppgecm\/wp-json\/wp\/v2\/pages\/2608","targetHints":{"allow":["GET"]}}],"collection":[{"href":"https:\/\/wp.ufpel.edu.br\/ppgecm\/wp-json\/wp\/v2\/pages"}],"about":[{"href":"https:\/\/wp.ufpel.edu.br\/ppgecm\/wp-json\/wp\/v2\/types\/page"}],"author":[{"embeddable":true,"href":"https:\/\/wp.ufpel.edu.br\/ppgecm\/wp-json\/wp\/v2\/users\/112"}],"replies":[{"embeddable":true,"href":"https:\/\/wp.ufpel.edu.br\/ppgecm\/wp-json\/wp\/v2\/comments?post=2608"}],"version-history":[{"count":3,"href":"https:\/\/wp.ufpel.edu.br\/ppgecm\/wp-json\/wp\/v2\/pages\/2608\/revisions"}],"predecessor-version":[{"id":3200,"href":"https:\/\/wp.ufpel.edu.br\/ppgecm\/wp-json\/wp\/v2\/pages\/2608\/revisions\/3200"}],"up":[{"embeddable":true,"href":"https:\/\/wp.ufpel.edu.br\/ppgecm\/wp-json\/wp\/v2\/pages\/461"}],"wp:attachment":[{"href":"https:\/\/wp.ufpel.edu.br\/ppgecm\/wp-json\/wp\/v2\/media?parent=2608"}],"curies":[{"name":"wp","href":"https:\/\/api.w.org\/{rel}","templated":true}]}}