{"id":1516,"date":"2018-10-02T15:31:08","date_gmt":"2018-10-02T18:31:08","guid":{"rendered":"https:\/\/wp.ufpel.edu.br\/ppgecm\/?page_id=1516"},"modified":"2025-09-26T16:33:24","modified_gmt":"2025-09-26T19:33:24","slug":"defesas-2018","status":"publish","type":"page","link":"https:\/\/wp.ufpel.edu.br\/ppgecm\/dissertacoes-e-produtos\/defesas-2018\/","title":{"rendered":"Defesas 2018"},"content":{"rendered":"<table style=\"height: 299px; background-color: #ffffff;\" border=\"0\" width=\"739\" cellspacing=\"8\" cellpadding=\"0\">\n<tbody>\n<tr style=\"background-color: #ffffff;\">\n<td style=\"background-color: #ffffff; text-align: justify; width: 721px;\"><span class=\"text12\"><strong>75. Cristiane Wroblewski<\/strong>&#8211; Defendeu em 30\/11\/2018<strong><br \/>\n<em>Os Jogos de Linguagem Matem\u00e1ticos de Artes\u00e3s Redeiras da Col\u00f4nia de Pescadores Z3 de Pelotas\/RS.\u00a0<\/em><\/strong>Palavras-chave:\u00a0Etnomatem\u00e1tica, Jogos de Linguagem, Pensamento alg\u00e9brico,<br \/>\nArtesania.<br \/>\nOrienta\u00e7\u00e3o: Prof\u00aa. Dr\u00aa.\u00a0M\u00e1rcia Souza da Fonseca<br \/>\n<a href=\"http:\/\/guaiaca.ufpel.edu.br\/handle\/prefix\/4441\" target=\"_blank\" rel=\"noopener noreferrer\">Reposit\u00f3rio Institucional da UFPel (Disserta\u00e7\u00e3o e Produto)<\/a><\/span><\/td>\n<\/tr>\n<tr>\n<td style=\"background-color: #c4bdc9; text-align: justify; width: 721px;\"><span class=\"text12\"><strong>75. Bianca Medeiros Marques<\/strong> &#8211; Defendeu em 19\/10\/2018<strong><br \/>\n<em>A\u00a0Mobiliza\u00e7\u00e3o do Pensamento Alg\u00e9brico Atrav\u00e9s da Resolu\u00e7\u00e3o de Problemas Enxadr\u00edsticos.\u00a0<\/em><\/strong>Palavras-chave:\u00a0Jogo de Xadrez; Resolu\u00e7\u00e3o de Problemas; Pensamento Alg\u00e9brico;<br \/>\nEtnomatem\u00e1tica; Jogos de Linguagem.<br \/>\nOrienta\u00e7\u00e3o: Prof\u00aa. Dr\u00aa.\u00a0M\u00e1rcia Souza da Fonseca<br \/>\n<a href=\"http:\/\/guaiaca.ufpel.edu.br\/handle\/prefix\/4440\" target=\"_blank\" rel=\"noopener noreferrer\">Reposit\u00f3rio Institucional da UFPel (Disserta\u00e7\u00e3o e Produto)<\/a><\/span><\/td>\n<\/tr>\n<tr style=\"background-color: #ffffff;\">\n<td style=\"background-color: #ffffff; text-align: justify; width: 721px;\"><span class=\"text12\"><strong>74. Milene Soares Dias<\/strong> &#8211; Defendeu em 11\/09\/2018<strong><br \/>\n<em>Alunos Surdos: uma investiga\u00e7\u00e3o na disciplina de Ci\u00eancias.\u00a0<\/em><\/strong>Palavras-chave:\u00a0inclus\u00e3o escolar; diferen\u00e7a lingu\u00edstica; trabalho colaborativo; pr\u00e1tica pedag\u00f3gica; ensino fundamental.<br \/>\nOrienta\u00e7\u00e3o: Prof\u00aa. Dr\u00aa.\u00a0Francele de Abreu Carlan<\/span><span class=\"text12\"><br \/>\n<a href=\"http:\/\/guaiaca.ufpel.edu.br\/handle\/prefix\/4460\" target=\"_blank\" rel=\"noopener noreferrer\">Reposit\u00f3rio Institucional da UFPel (Disserta\u00e7\u00e3o e Produto)<\/a><\/span><\/td>\n<\/tr>\n<tr style=\"background-color: #ffffff;\">\n<td style=\"background-color: #c4bdc9; text-align: justify; width: 721px;\"><span class=\"text12\"><strong>73. Ana Rutz Devantier Reinke\u00a0<\/strong>&#8211; Defendeu em 29\/08\/2018<strong><br \/>\n<em>O Ensino de Ci\u00eancias e a Inicia\u00e7\u00e3o \u00e0 Ci\u00eancia Qu\u00edmica no Ensino Fundamental \u2013 Situa\u00e7\u00e3o de Estudo \u2018\u00c1gua e o Estu\u00e1rio Laguna dos Patos\u2019.\u00a0<\/em><\/strong>Palavras-chave:<br \/>\nOrienta\u00e7\u00e3o: Prof. Dr.\u00a0F\u00e1bio Andr\u00e9 Sangiogo<br \/>\n<a href=\"http:\/\/guaiaca.ufpel.edu.br\/handle\/prefix\/4436\" target=\"_blank\" rel=\"noopener noreferrer\">Reposit\u00f3rio Institucional da UFPel (Disserta\u00e7\u00e3o e Produto)<\/a><br \/>\n<\/span><\/td>\n<\/tr>\n<tr style=\"background-color: #ffffff;\">\n<td style=\"background-color: #ffffff; text-align: justify; width: 721px;\"><span class=\"text12\"><strong>72. Rosemeri Cavalheiro Penteado\u00a0<\/strong>&#8211; Defendeu em\u00a003\/07\/2018<strong><br \/>\n<em>A supervaloriza\u00e7\u00e3o da pr\u00e1tica como enunciado da doc\u00eancia na Educa\u00e7\u00e3o Infantil.\u00a0<\/em><\/strong>Palavras-chave: educa\u00e7\u00e3o infantil; forma\u00e7\u00e3o e identidade docente; discursos.<br \/>\nOrienta\u00e7\u00e3o: Prof\u00aa. Dr\u00aa.\u00a0Maira Ferreira<br \/>\n<a href=\"http:\/\/guaiaca.ufpel.edu.br\/handle\/prefix\/4456\" target=\"_blank\" rel=\"noopener noreferrer\">Reposit\u00f3rio Institucional da UFPel (Disserta\u00e7\u00e3o e Produto)\u00a0<\/a><br \/>\n<\/span><\/td>\n<\/tr>\n<tr style=\"background-color: #ffffff;\">\n<td style=\"background-color: #c4bdc9; text-align: justify; width: 721px;\"><span class=\"text12\"><span class=\"text12\"><strong>71. Jaiane Ostemberg Dummer\u00a0\u00a0<\/strong>&#8211; Defendeu em\u00a009\/05\/2018<strong><br \/>\n<em>Pesquisa na Escola: uma experi\u00eancia de forma\u00e7\u00e3o continuada de professores em um curso on-line<\/em><\/strong><\/span><\/span><span class=\"text12\"><strong><em>.<\/em><\/strong><em>\u00a0<\/em>Palavras-chave: educa\u00e7\u00e3o a dist\u00e2ncia, educar pela pesquisa, forma\u00e7\u00e3o dentro da<br \/>\nprofiss\u00e3o.<br \/>\nOrienta\u00e7\u00e3o: Prof\u00aa. Dr\u00aa.\u00a0<\/span><span class=\"text12\">Rita de C\u00e1ssia Morem C\u00f3ssio Rodriguez<br \/>\n<a href=\"http:\/\/guaiaca.ufpel.edu.br\/handle\/prefix\/4450\" target=\"_blank\" rel=\"noopener noreferrer\">Reposit\u00f3rio Institucional da UFPel (Disserta\u00e7\u00e3o e Produto)<\/a><br \/>\n<\/span><\/td>\n<\/tr>\n<tr style=\"background-color: #ffffff;\">\n<td style=\"background-color: #ffffff; text-align: justify; width: 721px;\"><span class=\"text12\"><strong>70. Lidiane Bilhalva Rodrigues<\/strong> &#8211; Defendeu em\u00a010\/04\/2018<strong><br \/>\n<em>Defici\u00eancia Visual e o Ensino de Ci\u00eancias Biol\u00f3gicas: uma investiga\u00e7\u00e3o da Educa\u00e7\u00e3o B\u00e1sica ao Ensino Superior<\/em>.\u00a0<\/strong>Palavras-chave:\u00a0Estudantes com Defici\u00eancia Visual; ensino de ci\u00eancias biol\u00f3gicas; Ensino Superior; educa\u00e7\u00e3o inclusiva.<br \/>\nOrienta\u00e7\u00e3o: Prof\u00aa. Dr\u00aa.\u00a0Rita de C\u00e1ssia Morem C\u00f3ssio Rodriguez<br \/>\n<a href=\"http:\/\/guaiaca.ufpel.edu.br\/handle\/prefix\/4452\" target=\"_blank\" rel=\"noopener noreferrer\">Reposit\u00f3rio Institucional da UFPel (Disserta\u00e7\u00e3o e Produto)<\/a><br \/>\n<\/span><\/td>\n<\/tr>\n<tr style=\"background-color: #ffffff;\">\n<td style=\"background-color: #c4bdc9; text-align: justify; width: 721px;\"><span class=\"text12\"><span class=\"text12\"><strong>69. Maria Joseane Rusch da Silva\u00a0<\/strong>&#8211; Defendeu em\u00a009\/03\/2018<strong><br \/>\n<em>An\u00e1lise da Aplica\u00e7\u00e3o de Projeto de Ensino de F\u00edsica com Enfoque Curricular CTS e Metodologia de Ensino-Aprendizagem PBL na Modalidade de Educa\u00e7\u00e3o de Jovens e Adultos.\u00a0<\/em><\/strong><\/span><\/span><span class=\"text12\">Palavras-chave:\u00a0Projeto de ensino de f\u00edsica; modalidade EJA; enfoque<br \/>\ncurricular CTS; metodologia de ensino-aprendizagem PBL.<br \/>\nOrienta\u00e7\u00e3o: Prof. Dr.\u00a0Verno Kr\u00fcger<\/span><br \/>\n<span class=\"text12\"><a href=\"http:\/\/guaiaca.ufpel.edu.br\/handle\/prefix\/4454\" target=\"_blank\" rel=\"noopener noreferrer\">Reposit\u00f3rio Institucional da UFPel (Disserta\u00e7\u00e3o e Produto)<\/a><\/span><\/td>\n<\/tr>\n<tr style=\"background-color: #ffffff;\">\n<td style=\"background-color: #ffffff; text-align: justify; width: 721px;\"><span class=\"text12\"><strong>68. Melissa Lopes Meyer\u00a0<\/strong>&#8211; Defendeu em\u00a023\/02\/2018<strong><br \/>\n<em>Educa\u00e7\u00e3o Ambiental a partir da identidade ecol\u00f3gica: um estudo de caso. <\/em><\/strong>Palavras-chave: Educa\u00e7\u00e3o Ambiental cr\u00edtica-reflexiva, saberes ambientais, identidade ecol\u00f3gica e temas geradores.<\/span><br \/>\n<span class=\"text12\">Orienta\u00e7\u00e3o: Prof. Dr.\u00a0Robledo Lima Gil<br \/>\n<a href=\"http:\/\/guaiaca.ufpel.edu.br\/handle\/prefix\/4455\" target=\"_blank\" rel=\"noopener noreferrer\">Reposit\u00f3rio Institucional da UFPel (Disserta\u00e7\u00e3o e Produto)<\/a><br \/>\n<\/span><\/td>\n<\/tr>\n<tr style=\"background-color: #ffffff;\">\n<td style=\"background-color: #c4bdc9; text-align: justify; width: 721px;\"><span class=\"text12\"><span class=\"text12\"><strong>67. <\/strong><strong>Marco Ant\u00f4nio Medronha da Silva Filho<\/strong>\u00a0&#8211; Defendeu em\u00a023\/02\/2018<\/span><\/span><br \/>\n<span class=\"text12\"><span class=\"text12\"><strong style=\"font-family: inherit; font-size: inherit;\"><em>&#8220;Celular Sim! Toda Hora N\u00e3o!&#8221;: pr\u00e1ticas discursivas sobre o uso de dispositivos m\u00f3veis na escola.\u00a0<\/em><\/strong><span style=\"font-family: inherit; font-size: inherit;\">Palavras-chave: cultura juvenil; dispositivos m\u00f3veis; qr code; pr\u00e1ticas discursivas; forma\u00e7\u00e3o de professores.<\/span><br \/>\n<\/span><\/span><span class=\"text12\">Orienta\u00e7\u00e3o: Prof\u00aa. Dr\u00aa.\u00a0Ros\u00e1ria Ilgenfritz Sperotto<br \/>\n<a href=\"http:\/\/guaiaca.ufpel.edu.br\/handle\/prefix\/4453\" target=\"_blank\" rel=\"noopener noreferrer\">Reposit\u00f3rio Institucional da UFPel (Disserta\u00e7\u00e3o e Produto)<\/a><\/span><\/td>\n<\/tr>\n<tr style=\"background-color: #c4bdc9;\">\n<td style=\"background-color: #ffffff; text-align: justify; width: 721px;\"><strong>66. K\u00e1tia Martins Rocha<\/strong>\u00a0<strong>&#8211; <\/strong>Defendeu em\u00a023\/02\/2018<br \/>\n<em><em><strong><b>A Representa\u00e7\u00e3o Surda no Discurso da Legisla\u00e7\u00e3o Nacional e no Discurso Pedag\u00f3gico de um Escola Especial de Pelotas\/RS, com Aten\u00e7\u00e3o \u00e0 Matem\u00e1tica Escolar.\u00a0<\/b><\/strong><\/em><\/em>Palavras-chave: Cultura Surda; Representa\u00e7\u00e3o; Discurso; Educa\u00e7\u00e3o Matem\u00e1tica.<br \/>\nOrienta\u00e7\u00e3o: Prof\u00aa. Dr\u00aa. M\u00e1rcia Souza da Fonseca<br \/>\n<span class=\"text12\"><a href=\"http:\/\/guaiaca.ufpel.edu.br\/handle\/prefix\/4451\" target=\"_blank\" rel=\"noopener noreferrer\">Reposit\u00f3rio Institucional da UFPel (Disserta\u00e7\u00e3o e Produto)<\/a><\/span><\/td>\n<\/tr>\n<tr style=\"background-color: #ffffff;\">\n<td style=\"background-color: #c4bdc9; width: 721px;\"><span class=\"text12\"><strong>65. Daniel Duarte Silveira\u00a0<\/strong>\u00a0&#8211; Defendeu em\u00a023\/02\/2018<strong><br \/>\n<em>O que os surdos contam sobre a matem\u00e1tica nas suas trajet\u00f3rias escolares: a produ\u00e7\u00e3o de fontes orais em Libras a partir da Hist\u00f3ria Oral. <\/em><\/strong>Palavras-chave: Hist\u00f3ria Oral e L\u00edngua de Sinais; Educa\u00e7\u00e3o Matem\u00e1tica; Surdos; Libras.<br \/>\nOrienta\u00e7\u00e3o: Prof. Dr.\u00a0Diogo Franco Rios<\/span><br \/>\n<span class=\"text12\"><a href=\"http:\/\/guaiaca.ufpel.edu.br\/handle\/prefix\/4449\" target=\"_blank\" rel=\"noopener noreferrer\">Reposit\u00f3rio Institucional da UFPel (Disserta\u00e7\u00e3o e Produto)<\/a><\/span><\/td>\n<\/tr>\n<tr style=\"background-color: #c4bdc9;\">\n<td style=\"background-color: #ffffff; width: 721px;\"><span class=\"text12\"><strong>64. <\/strong><strong>Ana Cristina Medina Pinto<\/strong>\u00a0&#8211; Defendeu em\u00a019\/02\/2018<br \/>\n<em><strong>Constitui\u00e7\u00e3o da Doc\u00eancia no Curso de Licenciatura em Matem\u00e1tica \u00e0 Dist\u00e2ncia da Universidade Aberta do Brasil (UAB): um itiner\u00e1rio formativo.<\/strong> <\/em>Palavras-chave: Forma\u00e7\u00e3o de Professores, Licenciatura em Matem\u00e1tica a Dist\u00e2ncia, Professoralidade, Eixo Geometrias: Espa\u00e7o e Forma.<br \/>\nOrienta\u00e7\u00e3o: Prof\u00aa. Dr\u00aa.\u00a0Denise Nascimento Silveira<\/span><span class=\"text12\"><br \/>\n<a href=\"http:\/\/guaiaca.ufpel.edu.br\/handle\/prefix\/4435\" target=\"_blank\" rel=\"noopener noreferrer\">Reposit\u00f3rio Institucional da UFPel (Disserta\u00e7\u00e3o e Produto)<\/a><br \/>\n<\/span><\/td>\n<\/tr>\n<\/tbody>\n<\/table>\n<p>&nbsp;<\/p>\n","protected":false},"excerpt":{"rendered":"<p>75. Cristiane Wroblewski&#8211; Defendeu em 30\/11\/2018 Os Jogos de Linguagem Matem\u00e1ticos de Artes\u00e3s Redeiras da Col\u00f4nia de Pescadores Z3 de Pelotas\/RS.\u00a0Palavras-chave:\u00a0Etnomatem\u00e1tica, Jogos de Linguagem, Pensamento alg\u00e9brico, Artesania. Orienta\u00e7\u00e3o: Prof\u00aa. Dr\u00aa.\u00a0M\u00e1rcia Souza da Fonseca Reposit\u00f3rio Institucional da UFPel (Disserta\u00e7\u00e3o e Produto) 75. Bianca Medeiros Marques &#8211; Defendeu em 19\/10\/2018 A\u00a0Mobiliza\u00e7\u00e3o do Pensamento Alg\u00e9brico Atrav\u00e9s da Resolu\u00e7\u00e3o [&hellip;]<\/p>\n","protected":false},"author":112,"featured_media":0,"parent":461,"menu_order":0,"comment_status":"closed","ping_status":"closed","template":"","meta":{"footnotes":""},"class_list":["post-1516","page","type-page","status-publish","hentry"],"yoast_head":"<!-- This site is optimized with the Yoast SEO plugin v26.7 - https:\/\/yoast.com\/wordpress\/plugins\/seo\/ -->\n<title>Defesas 2018 - Programa de P\u00f3s Gradua\u00e7\u00e3o em Ensino de Ci\u00eancias e Matem\u00e1tica - Mestrado Profissional<\/title>\n<meta name=\"robots\" content=\"index, follow, max-snippet:-1, max-image-preview:large, max-video-preview:-1\" \/>\n<link rel=\"canonical\" href=\"https:\/\/wp.ufpel.edu.br\/ppgecm\/dissertacoes-e-produtos\/defesas-2018\/\" \/>\n<meta property=\"og:locale\" content=\"pt_BR\" \/>\n<meta property=\"og:type\" content=\"article\" \/>\n<meta property=\"og:title\" content=\"Defesas 2018 - Programa de P\u00f3s Gradua\u00e7\u00e3o em Ensino de Ci\u00eancias e Matem\u00e1tica - Mestrado Profissional\" \/>\n<meta property=\"og:description\" content=\"75. Cristiane Wroblewski&#8211; Defendeu em 30\/11\/2018 Os Jogos de Linguagem Matem\u00e1ticos de Artes\u00e3s Redeiras da Col\u00f4nia de Pescadores Z3 de Pelotas\/RS.\u00a0Palavras-chave:\u00a0Etnomatem\u00e1tica, Jogos de Linguagem, Pensamento alg\u00e9brico, Artesania. Orienta\u00e7\u00e3o: Prof\u00aa. Dr\u00aa.\u00a0M\u00e1rcia Souza da Fonseca Reposit\u00f3rio Institucional da UFPel (Disserta\u00e7\u00e3o e Produto) 75. Bianca Medeiros Marques &#8211; Defendeu em 19\/10\/2018 A\u00a0Mobiliza\u00e7\u00e3o do Pensamento Alg\u00e9brico Atrav\u00e9s da Resolu\u00e7\u00e3o [&hellip;]\" \/>\n<meta property=\"og:url\" content=\"https:\/\/wp.ufpel.edu.br\/ppgecm\/dissertacoes-e-produtos\/defesas-2018\/\" \/>\n<meta property=\"og:site_name\" content=\"Programa de P\u00f3s Gradua\u00e7\u00e3o em Ensino de Ci\u00eancias e Matem\u00e1tica - Mestrado Profissional\" \/>\n<meta property=\"article:modified_time\" content=\"2025-09-26T19:33:24+00:00\" \/>\n<meta name=\"twitter:card\" content=\"summary_large_image\" \/>\n<meta name=\"twitter:label1\" content=\"Est. tempo de leitura\" \/>\n\t<meta name=\"twitter:data1\" content=\"4 minutos\" \/>\n<script type=\"application\/ld+json\" class=\"yoast-schema-graph\">{\"@context\":\"https:\/\/schema.org\",\"@graph\":[{\"@type\":\"WebPage\",\"@id\":\"https:\/\/wp.ufpel.edu.br\/ppgecm\/dissertacoes-e-produtos\/defesas-2018\/\",\"url\":\"https:\/\/wp.ufpel.edu.br\/ppgecm\/dissertacoes-e-produtos\/defesas-2018\/\",\"name\":\"Defesas 2018 - Programa de P\u00f3s Gradua\u00e7\u00e3o em Ensino de Ci\u00eancias e Matem\u00e1tica - Mestrado Profissional\",\"isPartOf\":{\"@id\":\"https:\/\/wp.ufpel.edu.br\/ppgecm\/#website\"},\"datePublished\":\"2018-10-02T18:31:08+00:00\",\"dateModified\":\"2025-09-26T19:33:24+00:00\",\"breadcrumb\":{\"@id\":\"https:\/\/wp.ufpel.edu.br\/ppgecm\/dissertacoes-e-produtos\/defesas-2018\/#breadcrumb\"},\"inLanguage\":\"pt-BR\",\"potentialAction\":[{\"@type\":\"ReadAction\",\"target\":[\"https:\/\/wp.ufpel.edu.br\/ppgecm\/dissertacoes-e-produtos\/defesas-2018\/\"]}]},{\"@type\":\"BreadcrumbList\",\"@id\":\"https:\/\/wp.ufpel.edu.br\/ppgecm\/dissertacoes-e-produtos\/defesas-2018\/#breadcrumb\",\"itemListElement\":[{\"@type\":\"ListItem\",\"position\":1,\"name\":\"In\u00edcio\",\"item\":\"https:\/\/wp.ufpel.edu.br\/ppgecm\/\"},{\"@type\":\"ListItem\",\"position\":2,\"name\":\"Disserta\u00e7\u00f5es e Produtos Educacionais\",\"item\":\"https:\/\/wp.ufpel.edu.br\/ppgecm\/dissertacoes-e-produtos\/\"},{\"@type\":\"ListItem\",\"position\":3,\"name\":\"Defesas 2018\"}]},{\"@type\":\"WebSite\",\"@id\":\"https:\/\/wp.ufpel.edu.br\/ppgecm\/#website\",\"url\":\"https:\/\/wp.ufpel.edu.br\/ppgecm\/\",\"name\":\"Programa de P\u00f3s Gradua\u00e7\u00e3o em Ensino de Ci\u00eancias e Matem\u00e1tica - Mestrado Profissional\",\"description\":\"Universidade Federal de Pelotas\",\"potentialAction\":[{\"@type\":\"SearchAction\",\"target\":{\"@type\":\"EntryPoint\",\"urlTemplate\":\"https:\/\/wp.ufpel.edu.br\/ppgecm\/?s={search_term_string}\"},\"query-input\":{\"@type\":\"PropertyValueSpecification\",\"valueRequired\":true,\"valueName\":\"search_term_string\"}}],\"inLanguage\":\"pt-BR\"}]}<\/script>\n<!-- \/ Yoast SEO plugin. -->","yoast_head_json":{"title":"Defesas 2018 - Programa de P\u00f3s Gradua\u00e7\u00e3o em Ensino de Ci\u00eancias e Matem\u00e1tica - Mestrado Profissional","robots":{"index":"index","follow":"follow","max-snippet":"max-snippet:-1","max-image-preview":"max-image-preview:large","max-video-preview":"max-video-preview:-1"},"canonical":"https:\/\/wp.ufpel.edu.br\/ppgecm\/dissertacoes-e-produtos\/defesas-2018\/","og_locale":"pt_BR","og_type":"article","og_title":"Defesas 2018 - Programa de P\u00f3s Gradua\u00e7\u00e3o em Ensino de Ci\u00eancias e Matem\u00e1tica - Mestrado Profissional","og_description":"75. Cristiane Wroblewski&#8211; Defendeu em 30\/11\/2018 Os Jogos de Linguagem Matem\u00e1ticos de Artes\u00e3s Redeiras da Col\u00f4nia de Pescadores Z3 de Pelotas\/RS.\u00a0Palavras-chave:\u00a0Etnomatem\u00e1tica, Jogos de Linguagem, Pensamento alg\u00e9brico, Artesania. Orienta\u00e7\u00e3o: Prof\u00aa. Dr\u00aa.\u00a0M\u00e1rcia Souza da Fonseca Reposit\u00f3rio Institucional da UFPel (Disserta\u00e7\u00e3o e Produto) 75. Bianca Medeiros Marques &#8211; Defendeu em 19\/10\/2018 A\u00a0Mobiliza\u00e7\u00e3o do Pensamento Alg\u00e9brico Atrav\u00e9s da Resolu\u00e7\u00e3o [&hellip;]","og_url":"https:\/\/wp.ufpel.edu.br\/ppgecm\/dissertacoes-e-produtos\/defesas-2018\/","og_site_name":"Programa de P\u00f3s Gradua\u00e7\u00e3o em Ensino de Ci\u00eancias e Matem\u00e1tica - Mestrado Profissional","article_modified_time":"2025-09-26T19:33:24+00:00","twitter_card":"summary_large_image","twitter_misc":{"Est. tempo de leitura":"4 minutos"},"schema":{"@context":"https:\/\/schema.org","@graph":[{"@type":"WebPage","@id":"https:\/\/wp.ufpel.edu.br\/ppgecm\/dissertacoes-e-produtos\/defesas-2018\/","url":"https:\/\/wp.ufpel.edu.br\/ppgecm\/dissertacoes-e-produtos\/defesas-2018\/","name":"Defesas 2018 - Programa de P\u00f3s Gradua\u00e7\u00e3o em Ensino de Ci\u00eancias e Matem\u00e1tica - Mestrado Profissional","isPartOf":{"@id":"https:\/\/wp.ufpel.edu.br\/ppgecm\/#website"},"datePublished":"2018-10-02T18:31:08+00:00","dateModified":"2025-09-26T19:33:24+00:00","breadcrumb":{"@id":"https:\/\/wp.ufpel.edu.br\/ppgecm\/dissertacoes-e-produtos\/defesas-2018\/#breadcrumb"},"inLanguage":"pt-BR","potentialAction":[{"@type":"ReadAction","target":["https:\/\/wp.ufpel.edu.br\/ppgecm\/dissertacoes-e-produtos\/defesas-2018\/"]}]},{"@type":"BreadcrumbList","@id":"https:\/\/wp.ufpel.edu.br\/ppgecm\/dissertacoes-e-produtos\/defesas-2018\/#breadcrumb","itemListElement":[{"@type":"ListItem","position":1,"name":"In\u00edcio","item":"https:\/\/wp.ufpel.edu.br\/ppgecm\/"},{"@type":"ListItem","position":2,"name":"Disserta\u00e7\u00f5es e Produtos Educacionais","item":"https:\/\/wp.ufpel.edu.br\/ppgecm\/dissertacoes-e-produtos\/"},{"@type":"ListItem","position":3,"name":"Defesas 2018"}]},{"@type":"WebSite","@id":"https:\/\/wp.ufpel.edu.br\/ppgecm\/#website","url":"https:\/\/wp.ufpel.edu.br\/ppgecm\/","name":"Programa de P\u00f3s Gradua\u00e7\u00e3o em Ensino de Ci\u00eancias e Matem\u00e1tica - Mestrado Profissional","description":"Universidade Federal de Pelotas","potentialAction":[{"@type":"SearchAction","target":{"@type":"EntryPoint","urlTemplate":"https:\/\/wp.ufpel.edu.br\/ppgecm\/?s={search_term_string}"},"query-input":{"@type":"PropertyValueSpecification","valueRequired":true,"valueName":"search_term_string"}}],"inLanguage":"pt-BR"}]}},"_links":{"self":[{"href":"https:\/\/wp.ufpel.edu.br\/ppgecm\/wp-json\/wp\/v2\/pages\/1516","targetHints":{"allow":["GET"]}}],"collection":[{"href":"https:\/\/wp.ufpel.edu.br\/ppgecm\/wp-json\/wp\/v2\/pages"}],"about":[{"href":"https:\/\/wp.ufpel.edu.br\/ppgecm\/wp-json\/wp\/v2\/types\/page"}],"author":[{"embeddable":true,"href":"https:\/\/wp.ufpel.edu.br\/ppgecm\/wp-json\/wp\/v2\/users\/112"}],"replies":[{"embeddable":true,"href":"https:\/\/wp.ufpel.edu.br\/ppgecm\/wp-json\/wp\/v2\/comments?post=1516"}],"version-history":[{"count":4,"href":"https:\/\/wp.ufpel.edu.br\/ppgecm\/wp-json\/wp\/v2\/pages\/1516\/revisions"}],"predecessor-version":[{"id":3197,"href":"https:\/\/wp.ufpel.edu.br\/ppgecm\/wp-json\/wp\/v2\/pages\/1516\/revisions\/3197"}],"up":[{"embeddable":true,"href":"https:\/\/wp.ufpel.edu.br\/ppgecm\/wp-json\/wp\/v2\/pages\/461"}],"wp:attachment":[{"href":"https:\/\/wp.ufpel.edu.br\/ppgecm\/wp-json\/wp\/v2\/media?parent=1516"}],"curies":[{"name":"wp","href":"https:\/\/api.w.org\/{rel}","templated":true}]}}